{"id":21223,"date":"2015-11-13T01:00:00","date_gmt":"2015-11-13T00:00:00","guid":{"rendered":"https:\/\/pax.forenteforlag.no\/produkt\/spionbasen\/"},"modified":"2025-08-27T07:36:19","modified_gmt":"2025-08-27T05:36:19","slug":"spionbasen","status":"publish","type":"product","link":"https:\/\/staging.forenteforlag.no\/pax\/produkt\/spionbasen\/","title":{"rendered":"Spionbasen"},"content":{"rendered":"<p>Norge er en dr\u00f8mmepartner og en av de to viktigste partnerne for USA n\u00e5r det gjelder teknisk etterretning. Det forteller National Security Agency, NSA, i et dokument fra 2013 som varsleren Edward Snowden har gjort offentlig. Hvorfor er Norge s\u00e5 viktig?  <\/p>\n<p>Den norske milit\u00e6re etterretningstjenesten har i  over 60 \u00e5r hatt et formelt direkte samarbeid med  NSA og CIA, utenom NATO, og med  offentligheten holdt p\u00e5 god avstand. Denne boka er den f\u00f8rste uavhengige gjennomgangen av dette hemmelige samarbeidet, som blant annet har resultert i store lyttestasjoner og radaranlegg i Nord-Norge, s\u00e6rlig n\u00e6r grensen<br \/>\nmot Russland.   <\/p>\n<p>Hvor verdifulle er de milit\u00e6re installasjonene for \u00e5 forsvare Norge? I hvor stor grad tjener virksomheten norske og amerikanske interesser, og i hvor stor grad er den under demokratisk, norsk kontroll?   <\/p>\n<p>Denne boka forteller historiene om etterretningsstasjonene, om mer eller mindre vellykket hemmelighold, om den milit\u00e6re nytten av installasjonene og om lokalsamfunnene som lever rundt dem. En rekke tidligere tjenestemenn i den norske milit\u00e6re etteretningstjenesten st\u00e5r fram med sin historie. Slik f\u00e5r vi for eksempel for f\u00f8rste gang innblikk i livet p\u00e5 innsiden av satellittstasjonen p\u00e5 Fauske.   <\/p>\n<p>Det er en spektakul\u00e6r del av den n\u00e6re norske historien som avdekkes, og en side av dagens Norge som de f\u00e6rreste kjenner.<\/p>\n","protected":false},"excerpt":{"rendered":"<p>Norge er en dr\u00f8mmepartner og en av de to viktigste partnerne for USA n\u00e5r det gjelder teknisk etterretning. Det forteller National Security Agency, NSA, i et dokument fra 2013 som varsleren Edward Snowden har gjort offentlig. Hvorfor er Norge s\u00e5 viktig? Den norske milit\u00e6re etterretningstjenesten har i over 60 \u00e5r hatt et formelt direkte samarbeid [&hellip;]<\/p>\n","protected":false},"featured_media":27849,"template":"","meta":{"_acf_changed":false,"inline_featured_image":false},"product_brand":[],"product_cat":[23,32],"product_tag":[802,362,555,573,439],"class_list":{"0":"post-21223","1":"product","2":"type-product","3":"status-publish","4":"has-post-thumbnail","6":"product_cat-historie","7":"product_cat-samfunn-og-politikk","8":"product_tag-cia","9":"product_tag-faglitteratur","10":"product_tag-internasjonal-politikk","11":"product_tag-militaerforsvar","12":"product_tag-nord-norge","13":"pa_format-innbundet","15":"first","16":"outofstock","17":"shipping-taxable","18":"purchasable","19":"product-type-simple"},"acf":{"anmeldelse":null},"yoast_head":"<!-- This site is optimized with the Yoast SEO plugin v26.6 - https:\/\/yoast.com\/wordpress\/plugins\/seo\/ -->\n<title>Spionbasen - Pax<\/title>\n<meta name=\"robots\" content=\"noindex, follow, max-snippet:-1, max-image-preview:large, max-video-preview:-1\" \/>\n<meta property=\"og:locale\" content=\"nb_NO\" \/>\n<meta property=\"og:type\" content=\"article\" \/>\n<meta property=\"og:title\" content=\"Spionbasen - Pax\" \/>\n<meta property=\"og:description\" content=\"Norge er en dr\u00f8mmepartner og en av de to viktigste partnerne for USA n\u00e5r det gjelder teknisk etterretning. Det forteller National Security Agency, NSA, i et dokument fra 2013 som varsleren Edward Snowden har gjort offentlig. Hvorfor er Norge s\u00e5 viktig? Den norske milit\u00e6re etterretningstjenesten har i over 60 \u00e5r hatt et formelt direkte samarbeid [&hellip;]\" \/>\n<meta property=\"og:url\" content=\"https:\/\/staging.forenteforlag.no\/pax\/produkt\/spionbasen\/\" \/>\n<meta property=\"og:site_name\" content=\"Pax\" \/>\n<meta property=\"article:modified_time\" content=\"2025-08-27T05:36:19+00:00\" \/>\n<meta property=\"og:image\" content=\"https:\/\/staging.forenteforlag.no\/pax\/wp-content\/uploads\/sites\/5\/2025\/08\/jpg-5246.jpg\" \/>\n\t<meta property=\"og:image:width\" content=\"1269\" \/>\n\t<meta property=\"og:image:height\" content=\"1851\" \/>\n\t<meta property=\"og:image:type\" content=\"image\/jpeg\" \/>\n<meta name=\"twitter:card\" content=\"summary_large_image\" \/>\n<meta name=\"twitter:label1\" content=\"Ansl. lesetid\" \/>\n\t<meta name=\"twitter:data1\" content=\"1 minutt\" \/>\n<script type=\"application\/ld+json\" class=\"yoast-schema-graph\">{\"@context\":\"https:\/\/schema.org\",\"@graph\":[{\"@type\":\"WebPage\",\"@id\":\"https:\/\/staging.forenteforlag.no\/pax\/produkt\/spionbasen\/\",\"url\":\"https:\/\/staging.forenteforlag.no\/pax\/produkt\/spionbasen\/\",\"name\":\"Spionbasen - Pax\",\"isPartOf\":{\"@id\":\"https:\/\/staging.forenteforlag.no\/pax\/#website\"},\"primaryImageOfPage\":{\"@id\":\"https:\/\/staging.forenteforlag.no\/pax\/produkt\/spionbasen\/#primaryimage\"},\"image\":{\"@id\":\"https:\/\/staging.forenteforlag.no\/pax\/produkt\/spionbasen\/#primaryimage\"},\"thumbnailUrl\":\"https:\/\/staging.forenteforlag.no\/pax\/wp-content\/uploads\/sites\/5\/2025\/08\/jpg-5246.jpg\",\"datePublished\":\"2015-11-13T00:00:00+00:00\",\"dateModified\":\"2025-08-27T05:36:19+00:00\",\"breadcrumb\":{\"@id\":\"https:\/\/staging.forenteforlag.no\/pax\/produkt\/spionbasen\/#breadcrumb\"},\"inLanguage\":\"nb-NO\",\"potentialAction\":[{\"@type\":\"ReadAction\",\"target\":[\"https:\/\/staging.forenteforlag.no\/pax\/produkt\/spionbasen\/\"]}]},{\"@type\":\"ImageObject\",\"inLanguage\":\"nb-NO\",\"@id\":\"https:\/\/staging.forenteforlag.no\/pax\/produkt\/spionbasen\/#primaryimage\",\"url\":\"https:\/\/staging.forenteforlag.no\/pax\/wp-content\/uploads\/sites\/5\/2025\/08\/jpg-5246.jpg\",\"contentUrl\":\"https:\/\/staging.forenteforlag.no\/pax\/wp-content\/uploads\/sites\/5\/2025\/08\/jpg-5246.jpg\",\"width\":1269,\"height\":1851},{\"@type\":\"BreadcrumbList\",\"@id\":\"https:\/\/staging.forenteforlag.no\/pax\/produkt\/spionbasen\/#breadcrumb\",\"itemListElement\":[{\"@type\":\"ListItem\",\"position\":1,\"name\":\"Hjem\",\"item\":\"https:\/\/staging.forenteforlag.no\/pax\/\"},{\"@type\":\"ListItem\",\"position\":2,\"name\":\"Alle b\u00f8ker\",\"item\":\"https:\/\/staging.forenteforlag.no\/pax\/butikk\/\"},{\"@type\":\"ListItem\",\"position\":3,\"name\":\"Spionbasen\"}]},{\"@type\":\"WebSite\",\"@id\":\"https:\/\/staging.forenteforlag.no\/pax\/#website\",\"url\":\"https:\/\/staging.forenteforlag.no\/pax\/\",\"name\":\"Pax\",\"description\":\"\",\"potentialAction\":[{\"@type\":\"SearchAction\",\"target\":{\"@type\":\"EntryPoint\",\"urlTemplate\":\"https:\/\/staging.forenteforlag.no\/pax\/?s={search_term_string}\"},\"query-input\":{\"@type\":\"PropertyValueSpecification\",\"valueRequired\":true,\"valueName\":\"search_term_string\"}}],\"inLanguage\":\"nb-NO\"}]}<\/script>\n<!-- \/ Yoast SEO plugin. -->","yoast_head_json":{"title":"Spionbasen - Pax","robots":{"index":"noindex","follow":"follow","max-snippet":"max-snippet:-1","max-image-preview":"max-image-preview:large","max-video-preview":"max-video-preview:-1"},"og_locale":"nb_NO","og_type":"article","og_title":"Spionbasen - Pax","og_description":"Norge er en dr\u00f8mmepartner og en av de to viktigste partnerne for USA n\u00e5r det gjelder teknisk etterretning. Det forteller National Security Agency, NSA, i et dokument fra 2013 som varsleren Edward Snowden har gjort offentlig. Hvorfor er Norge s\u00e5 viktig? Den norske milit\u00e6re etterretningstjenesten har i over 60 \u00e5r hatt et formelt direkte samarbeid [&hellip;]","og_url":"https:\/\/staging.forenteforlag.no\/pax\/produkt\/spionbasen\/","og_site_name":"Pax","article_modified_time":"2025-08-27T05:36:19+00:00","og_image":[{"width":1269,"height":1851,"url":"https:\/\/staging.forenteforlag.no\/pax\/wp-content\/uploads\/sites\/5\/2025\/08\/jpg-5246.jpg","type":"image\/jpeg"}],"twitter_card":"summary_large_image","twitter_misc":{"Ansl. lesetid":"1 minutt"},"schema":{"@context":"https:\/\/schema.org","@graph":[{"@type":"WebPage","@id":"https:\/\/staging.forenteforlag.no\/pax\/produkt\/spionbasen\/","url":"https:\/\/staging.forenteforlag.no\/pax\/produkt\/spionbasen\/","name":"Spionbasen - Pax","isPartOf":{"@id":"https:\/\/staging.forenteforlag.no\/pax\/#website"},"primaryImageOfPage":{"@id":"https:\/\/staging.forenteforlag.no\/pax\/produkt\/spionbasen\/#primaryimage"},"image":{"@id":"https:\/\/staging.forenteforlag.no\/pax\/produkt\/spionbasen\/#primaryimage"},"thumbnailUrl":"https:\/\/staging.forenteforlag.no\/pax\/wp-content\/uploads\/sites\/5\/2025\/08\/jpg-5246.jpg","datePublished":"2015-11-13T00:00:00+00:00","dateModified":"2025-08-27T05:36:19+00:00","breadcrumb":{"@id":"https:\/\/staging.forenteforlag.no\/pax\/produkt\/spionbasen\/#breadcrumb"},"inLanguage":"nb-NO","potentialAction":[{"@type":"ReadAction","target":["https:\/\/staging.forenteforlag.no\/pax\/produkt\/spionbasen\/"]}]},{"@type":"ImageObject","inLanguage":"nb-NO","@id":"https:\/\/staging.forenteforlag.no\/pax\/produkt\/spionbasen\/#primaryimage","url":"https:\/\/staging.forenteforlag.no\/pax\/wp-content\/uploads\/sites\/5\/2025\/08\/jpg-5246.jpg","contentUrl":"https:\/\/staging.forenteforlag.no\/pax\/wp-content\/uploads\/sites\/5\/2025\/08\/jpg-5246.jpg","width":1269,"height":1851},{"@type":"BreadcrumbList","@id":"https:\/\/staging.forenteforlag.no\/pax\/produkt\/spionbasen\/#breadcrumb","itemListElement":[{"@type":"ListItem","position":1,"name":"Hjem","item":"https:\/\/staging.forenteforlag.no\/pax\/"},{"@type":"ListItem","position":2,"name":"Alle b\u00f8ker","item":"https:\/\/staging.forenteforlag.no\/pax\/butikk\/"},{"@type":"ListItem","position":3,"name":"Spionbasen"}]},{"@type":"WebSite","@id":"https:\/\/staging.forenteforlag.no\/pax\/#website","url":"https:\/\/staging.forenteforlag.no\/pax\/","name":"Pax","description":"","potentialAction":[{"@type":"SearchAction","target":{"@type":"EntryPoint","urlTemplate":"https:\/\/staging.forenteforlag.no\/pax\/?s={search_term_string}"},"query-input":{"@type":"PropertyValueSpecification","valueRequired":true,"valueName":"search_term_string"}}],"inLanguage":"nb-NO"}]}},"_links":{"self":[{"href":"https:\/\/staging.forenteforlag.no\/pax\/wp-json\/wp\/v2\/product\/21223","targetHints":{"allow":["GET"]}}],"collection":[{"href":"https:\/\/staging.forenteforlag.no\/pax\/wp-json\/wp\/v2\/product"}],"about":[{"href":"https:\/\/staging.forenteforlag.no\/pax\/wp-json\/wp\/v2\/types\/product"}],"wp:featuredmedia":[{"embeddable":true,"href":"https:\/\/staging.forenteforlag.no\/pax\/wp-json\/wp\/v2\/media\/27849"}],"wp:attachment":[{"href":"https:\/\/staging.forenteforlag.no\/pax\/wp-json\/wp\/v2\/media?parent=21223"}],"wp:term":[{"taxonomy":"product_brand","embeddable":true,"href":"https:\/\/staging.forenteforlag.no\/pax\/wp-json\/wp\/v2\/product_brand?post=21223"},{"taxonomy":"product_cat","embeddable":true,"href":"https:\/\/staging.forenteforlag.no\/pax\/wp-json\/wp\/v2\/product_cat?post=21223"},{"taxonomy":"product_tag","embeddable":true,"href":"https:\/\/staging.forenteforlag.no\/pax\/wp-json\/wp\/v2\/product_tag?post=21223"}],"curies":[{"name":"wp","href":"https:\/\/api.w.org\/{rel}","templated":true}]}}