{"id":21122,"date":"2024-12-10T22:50:35","date_gmt":"2024-12-10T21:50:35","guid":{"rendered":"https:\/\/pax.forenteforlag.no\/produkt\/i-sinnssykehusets-vold\/"},"modified":"2026-03-04T17:44:41","modified_gmt":"2026-03-04T16:44:41","slug":"i-sinnssykehusets-vold","status":"publish","type":"product","link":"https:\/\/staging.forenteforlag.no\/pax\/produkt\/i-sinnssykehusets-vold\/","title":{"rendered":"I sinnssykehusets vold"},"content":{"rendered":"<p>Boka tar utgangspunkt i forfatterens gjennomgang av 174 journaler av innlagte ved Gaustad sykehus, som ble lobotomert i perioden 1941-52. Tran\u00f8y g\u00e5r n\u00e6rmere inn p\u00e5 skjebnen til en gruppe innlagte som gjorde motstand mot sykehusets behandling. De r\u00f8mte og skrev brev med b\u00f8nn om hjelp, men til ingen nytte. I stedet ble denne gruppen raskere lobotomert enn andre, og flere ble relobotomert.<\/p>\n","protected":false},"excerpt":{"rendered":"<p>Boka tar utgangspunkt i forfatterens gjennomgang av 174 journaler av innlagte ved Gaustad sykehus, som ble lobotomert i perioden 1941-52. Tran\u00f8y g\u00e5r n\u00e6rmere inn p\u00e5 skjebnen til en gruppe innlagte som gjorde motstand mot sykehusets behandling. De r\u00f8mte og skrev brev med b\u00f8nn om hjelp, men til ingen nytte. I stedet ble denne gruppen raskere [&hellip;]<\/p>\n","protected":false},"featured_media":0,"template":"","meta":{"_acf_changed":false,"inline_featured_image":false},"product_brand":[],"product_cat":[1782],"product_tag":[1225,362,1404,1052,842],"class_list":{"0":"post-21122","1":"product","2":"type-product","3":"status-publish","5":"product_cat-fripris","6":"product_tag-barnepsykiatri","7":"product_tag-faglitteratur","8":"product_tag-kirurgi","9":"product_tag-pasienter","10":"product_tag-sykehus","12":"first","13":"outofstock","14":"taxable","15":"shipping-taxable","16":"purchasable","17":"product-type-simple"},"acf":{"anmeldelse":null},"yoast_head":"<!-- This site is optimized with the Yoast SEO plugin v26.6 - https:\/\/yoast.com\/wordpress\/plugins\/seo\/ -->\n<title>I sinnssykehusets vold - Pax<\/title>\n<meta name=\"robots\" content=\"noindex, follow, max-snippet:-1, max-image-preview:large, max-video-preview:-1\" \/>\n<meta property=\"og:locale\" content=\"nb_NO\" \/>\n<meta property=\"og:type\" content=\"article\" \/>\n<meta property=\"og:title\" content=\"I sinnssykehusets vold - Pax\" \/>\n<meta property=\"og:description\" content=\"Boka tar utgangspunkt i forfatterens gjennomgang av 174 journaler av innlagte ved Gaustad sykehus, som ble lobotomert i perioden 1941-52. Tran\u00f8y g\u00e5r n\u00e6rmere inn p\u00e5 skjebnen til en gruppe innlagte som gjorde motstand mot sykehusets behandling. De r\u00f8mte og skrev brev med b\u00f8nn om hjelp, men til ingen nytte. I stedet ble denne gruppen raskere [&hellip;]\" \/>\n<meta property=\"og:url\" content=\"https:\/\/staging.forenteforlag.no\/pax\/produkt\/i-sinnssykehusets-vold\/\" \/>\n<meta property=\"og:site_name\" content=\"Pax\" \/>\n<meta property=\"article:modified_time\" content=\"2026-03-04T16:44:41+00:00\" \/>\n<meta property=\"og:image\" content=\"https:\/\/staging.forenteforlag.no\/pax\/wp-content\/uploads\/sites\/5\/2025\/02\/pax-hvit.jpg\" \/>\n\t<meta property=\"og:image:width\" content=\"1200\" \/>\n\t<meta property=\"og:image:height\" content=\"800\" \/>\n\t<meta property=\"og:image:type\" content=\"image\/jpeg\" \/>\n<meta name=\"twitter:card\" content=\"summary_large_image\" \/>\n<script type=\"application\/ld+json\" class=\"yoast-schema-graph\">{\"@context\":\"https:\/\/schema.org\",\"@graph\":[{\"@type\":\"WebPage\",\"@id\":\"https:\/\/staging.forenteforlag.no\/pax\/produkt\/i-sinnssykehusets-vold\/\",\"url\":\"https:\/\/staging.forenteforlag.no\/pax\/produkt\/i-sinnssykehusets-vold\/\",\"name\":\"I sinnssykehusets vold - Pax\",\"isPartOf\":{\"@id\":\"https:\/\/staging.forenteforlag.no\/pax\/#website\"},\"datePublished\":\"2024-12-10T21:50:35+00:00\",\"dateModified\":\"2026-03-04T16:44:41+00:00\",\"breadcrumb\":{\"@id\":\"https:\/\/staging.forenteforlag.no\/pax\/produkt\/i-sinnssykehusets-vold\/#breadcrumb\"},\"inLanguage\":\"nb-NO\",\"potentialAction\":[{\"@type\":\"ReadAction\",\"target\":[\"https:\/\/staging.forenteforlag.no\/pax\/produkt\/i-sinnssykehusets-vold\/\"]}]},{\"@type\":\"BreadcrumbList\",\"@id\":\"https:\/\/staging.forenteforlag.no\/pax\/produkt\/i-sinnssykehusets-vold\/#breadcrumb\",\"itemListElement\":[{\"@type\":\"ListItem\",\"position\":1,\"name\":\"Hjem\",\"item\":\"https:\/\/staging.forenteforlag.no\/pax\/\"},{\"@type\":\"ListItem\",\"position\":2,\"name\":\"Alle b\u00f8ker\",\"item\":\"https:\/\/staging.forenteforlag.no\/pax\/butikk\/\"},{\"@type\":\"ListItem\",\"position\":3,\"name\":\"I sinnssykehusets vold\"}]},{\"@type\":\"WebSite\",\"@id\":\"https:\/\/staging.forenteforlag.no\/pax\/#website\",\"url\":\"https:\/\/staging.forenteforlag.no\/pax\/\",\"name\":\"Pax\",\"description\":\"\",\"potentialAction\":[{\"@type\":\"SearchAction\",\"target\":{\"@type\":\"EntryPoint\",\"urlTemplate\":\"https:\/\/staging.forenteforlag.no\/pax\/?s={search_term_string}\"},\"query-input\":{\"@type\":\"PropertyValueSpecification\",\"valueRequired\":true,\"valueName\":\"search_term_string\"}}],\"inLanguage\":\"nb-NO\"}]}<\/script>\n<!-- \/ Yoast SEO plugin. -->","yoast_head_json":{"title":"I sinnssykehusets vold - Pax","robots":{"index":"noindex","follow":"follow","max-snippet":"max-snippet:-1","max-image-preview":"max-image-preview:large","max-video-preview":"max-video-preview:-1"},"og_locale":"nb_NO","og_type":"article","og_title":"I sinnssykehusets vold - Pax","og_description":"Boka tar utgangspunkt i forfatterens gjennomgang av 174 journaler av innlagte ved Gaustad sykehus, som ble lobotomert i perioden 1941-52. Tran\u00f8y g\u00e5r n\u00e6rmere inn p\u00e5 skjebnen til en gruppe innlagte som gjorde motstand mot sykehusets behandling. De r\u00f8mte og skrev brev med b\u00f8nn om hjelp, men til ingen nytte. I stedet ble denne gruppen raskere [&hellip;]","og_url":"https:\/\/staging.forenteforlag.no\/pax\/produkt\/i-sinnssykehusets-vold\/","og_site_name":"Pax","article_modified_time":"2026-03-04T16:44:41+00:00","og_image":[{"width":1200,"height":800,"url":"https:\/\/staging.forenteforlag.no\/pax\/wp-content\/uploads\/sites\/5\/2025\/02\/pax-hvit.jpg","type":"image\/jpeg"}],"twitter_card":"summary_large_image","schema":{"@context":"https:\/\/schema.org","@graph":[{"@type":"WebPage","@id":"https:\/\/staging.forenteforlag.no\/pax\/produkt\/i-sinnssykehusets-vold\/","url":"https:\/\/staging.forenteforlag.no\/pax\/produkt\/i-sinnssykehusets-vold\/","name":"I sinnssykehusets vold - Pax","isPartOf":{"@id":"https:\/\/staging.forenteforlag.no\/pax\/#website"},"datePublished":"2024-12-10T21:50:35+00:00","dateModified":"2026-03-04T16:44:41+00:00","breadcrumb":{"@id":"https:\/\/staging.forenteforlag.no\/pax\/produkt\/i-sinnssykehusets-vold\/#breadcrumb"},"inLanguage":"nb-NO","potentialAction":[{"@type":"ReadAction","target":["https:\/\/staging.forenteforlag.no\/pax\/produkt\/i-sinnssykehusets-vold\/"]}]},{"@type":"BreadcrumbList","@id":"https:\/\/staging.forenteforlag.no\/pax\/produkt\/i-sinnssykehusets-vold\/#breadcrumb","itemListElement":[{"@type":"ListItem","position":1,"name":"Hjem","item":"https:\/\/staging.forenteforlag.no\/pax\/"},{"@type":"ListItem","position":2,"name":"Alle b\u00f8ker","item":"https:\/\/staging.forenteforlag.no\/pax\/butikk\/"},{"@type":"ListItem","position":3,"name":"I sinnssykehusets vold"}]},{"@type":"WebSite","@id":"https:\/\/staging.forenteforlag.no\/pax\/#website","url":"https:\/\/staging.forenteforlag.no\/pax\/","name":"Pax","description":"","potentialAction":[{"@type":"SearchAction","target":{"@type":"EntryPoint","urlTemplate":"https:\/\/staging.forenteforlag.no\/pax\/?s={search_term_string}"},"query-input":{"@type":"PropertyValueSpecification","valueRequired":true,"valueName":"search_term_string"}}],"inLanguage":"nb-NO"}]}},"_links":{"self":[{"href":"https:\/\/staging.forenteforlag.no\/pax\/wp-json\/wp\/v2\/product\/21122","targetHints":{"allow":["GET"]}}],"collection":[{"href":"https:\/\/staging.forenteforlag.no\/pax\/wp-json\/wp\/v2\/product"}],"about":[{"href":"https:\/\/staging.forenteforlag.no\/pax\/wp-json\/wp\/v2\/types\/product"}],"wp:attachment":[{"href":"https:\/\/staging.forenteforlag.no\/pax\/wp-json\/wp\/v2\/media?parent=21122"}],"wp:term":[{"taxonomy":"product_brand","embeddable":true,"href":"https:\/\/staging.forenteforlag.no\/pax\/wp-json\/wp\/v2\/product_brand?post=21122"},{"taxonomy":"product_cat","embeddable":true,"href":"https:\/\/staging.forenteforlag.no\/pax\/wp-json\/wp\/v2\/product_cat?post=21122"},{"taxonomy":"product_tag","embeddable":true,"href":"https:\/\/staging.forenteforlag.no\/pax\/wp-json\/wp\/v2\/product_tag?post=21122"}],"curies":[{"name":"wp","href":"https:\/\/api.w.org\/{rel}","templated":true}]}}