{"id":21106,"date":"2017-09-12T02:00:00","date_gmt":"2017-09-12T00:00:00","guid":{"rendered":"https:\/\/pax.forenteforlag.no\/produkt\/selvbilder\/"},"modified":"2026-03-03T22:48:22","modified_gmt":"2026-03-03T21:48:22","slug":"selvbilder","status":"publish","type":"product","link":"https:\/\/staging.forenteforlag.no\/pax\/produkt\/selvbilder\/","title":{"rendered":"Selvbilder"},"content":{"rendered":"<p>Guttorm Guttormsgaard har i mange \u00e5r tegnet og skrevet dagbok. S\u00e5 \u00e5 si hver dag gjennom ca. femti \u00e5r har han lagd skisser og notert kommentarer og betraktninger. I Selvbilder presenterer han et utvalg skisser og tekster fra dagb\u00f8kene. Boken inneholder flere enn 200 selvportretter, men ogs\u00e5 h\u00e5ndskrevne refleksjoner.  <br \/>N\u00e5r Guttormsgaard utgir sine \u00abselvbilder\u00bb og dagboksnotater, blir resultatet kunsthistorie. Men med denne utgivelsen kommenterer han ogs\u00e5 v\u00e5r tids opptatthet av \u00abselfier\u00bb. Vi lever i en tid med intens bruk av bilder. I \u00abselfie\u00bb-kulturen \u00f8nsker vi ikke bare \u00e5 speile oss selv; vi vil dele bilder med andre. Slik er vi selvopptatte hver for oss &#8211; og sammen. Selvbilder er en original \u00abArtist&#8217;s Book\u00bb og tankevekkende kulturkritikk i bokform.  <\/p>\n<p>Etterord av Espen S\u00f8bye<\/p>\n","protected":false},"excerpt":{"rendered":"<p>Guttorm Guttormsgaard har i mange \u00e5r tegnet og skrevet dagbok. S\u00e5 \u00e5 si hver dag gjennom ca. femti \u00e5r har han lagd skisser og notert kommentarer og betraktninger. I Selvbilder presenterer han et utvalg skisser og tekster fra dagb\u00f8kene. Boken inneholder flere enn 200 selvportretter, men ogs\u00e5 h\u00e5ndskrevne refleksjoner. N\u00e5r Guttormsgaard utgir sine \u00abselvbilder\u00bb og [&hellip;]<\/p>\n","protected":false},"featured_media":29339,"template":"","meta":{"_acf_changed":false,"inline_featured_image":false},"product_brand":[],"product_cat":[1782],"product_tag":[362],"class_list":{"0":"post-21106","1":"product","2":"type-product","3":"status-publish","4":"has-post-thumbnail","6":"product_cat-fripris","7":"product_tag-faglitteratur","9":"first","10":"outofstock","11":"shipping-taxable","12":"purchasable","13":"product-type-simple"},"acf":{"anmeldelse":null},"yoast_head":"<!-- This site is optimized with the Yoast SEO plugin v26.6 - https:\/\/yoast.com\/wordpress\/plugins\/seo\/ -->\n<title>Selvbilder - Pax<\/title>\n<meta name=\"robots\" content=\"noindex, follow, max-snippet:-1, max-image-preview:large, max-video-preview:-1\" \/>\n<meta property=\"og:locale\" content=\"nb_NO\" \/>\n<meta property=\"og:type\" content=\"article\" \/>\n<meta property=\"og:title\" content=\"Selvbilder - Pax\" \/>\n<meta property=\"og:description\" content=\"Guttorm Guttormsgaard har i mange \u00e5r tegnet og skrevet dagbok. S\u00e5 \u00e5 si hver dag gjennom ca. femti \u00e5r har han lagd skisser og notert kommentarer og betraktninger. I Selvbilder presenterer han et utvalg skisser og tekster fra dagb\u00f8kene. Boken inneholder flere enn 200 selvportretter, men ogs\u00e5 h\u00e5ndskrevne refleksjoner. N\u00e5r Guttormsgaard utgir sine \u00abselvbilder\u00bb og [&hellip;]\" \/>\n<meta property=\"og:url\" content=\"https:\/\/staging.forenteforlag.no\/pax\/produkt\/selvbilder\/\" \/>\n<meta property=\"og:site_name\" content=\"Pax\" \/>\n<meta property=\"article:modified_time\" content=\"2026-03-03T21:48:22+00:00\" \/>\n<meta property=\"og:image\" content=\"https:\/\/staging.forenteforlag.no\/pax\/wp-content\/uploads\/sites\/5\/2025\/08\/jpg-9641.jpg\" \/>\n\t<meta property=\"og:image:width\" content=\"653\" \/>\n\t<meta property=\"og:image:height\" content=\"848\" \/>\n\t<meta property=\"og:image:type\" content=\"image\/jpeg\" \/>\n<meta name=\"twitter:card\" content=\"summary_large_image\" \/>\n<meta name=\"twitter:label1\" content=\"Ansl. lesetid\" \/>\n\t<meta name=\"twitter:data1\" content=\"1 minutt\" \/>\n<script type=\"application\/ld+json\" class=\"yoast-schema-graph\">{\"@context\":\"https:\/\/schema.org\",\"@graph\":[{\"@type\":\"WebPage\",\"@id\":\"https:\/\/staging.forenteforlag.no\/pax\/produkt\/selvbilder\/\",\"url\":\"https:\/\/staging.forenteforlag.no\/pax\/produkt\/selvbilder\/\",\"name\":\"Selvbilder - Pax\",\"isPartOf\":{\"@id\":\"https:\/\/staging.forenteforlag.no\/pax\/#website\"},\"primaryImageOfPage\":{\"@id\":\"https:\/\/staging.forenteforlag.no\/pax\/produkt\/selvbilder\/#primaryimage\"},\"image\":{\"@id\":\"https:\/\/staging.forenteforlag.no\/pax\/produkt\/selvbilder\/#primaryimage\"},\"thumbnailUrl\":\"https:\/\/staging.forenteforlag.no\/pax\/wp-content\/uploads\/sites\/5\/2025\/08\/jpg-9641.jpg\",\"datePublished\":\"2017-09-12T00:00:00+00:00\",\"dateModified\":\"2026-03-03T21:48:22+00:00\",\"breadcrumb\":{\"@id\":\"https:\/\/staging.forenteforlag.no\/pax\/produkt\/selvbilder\/#breadcrumb\"},\"inLanguage\":\"nb-NO\",\"potentialAction\":[{\"@type\":\"ReadAction\",\"target\":[\"https:\/\/staging.forenteforlag.no\/pax\/produkt\/selvbilder\/\"]}]},{\"@type\":\"ImageObject\",\"inLanguage\":\"nb-NO\",\"@id\":\"https:\/\/staging.forenteforlag.no\/pax\/produkt\/selvbilder\/#primaryimage\",\"url\":\"https:\/\/staging.forenteforlag.no\/pax\/wp-content\/uploads\/sites\/5\/2025\/08\/jpg-9641.jpg\",\"contentUrl\":\"https:\/\/staging.forenteforlag.no\/pax\/wp-content\/uploads\/sites\/5\/2025\/08\/jpg-9641.jpg\",\"width\":653,\"height\":848},{\"@type\":\"BreadcrumbList\",\"@id\":\"https:\/\/staging.forenteforlag.no\/pax\/produkt\/selvbilder\/#breadcrumb\",\"itemListElement\":[{\"@type\":\"ListItem\",\"position\":1,\"name\":\"Hjem\",\"item\":\"https:\/\/staging.forenteforlag.no\/pax\/\"},{\"@type\":\"ListItem\",\"position\":2,\"name\":\"Alle b\u00f8ker\",\"item\":\"https:\/\/staging.forenteforlag.no\/pax\/butikk\/\"},{\"@type\":\"ListItem\",\"position\":3,\"name\":\"Selvbilder\"}]},{\"@type\":\"WebSite\",\"@id\":\"https:\/\/staging.forenteforlag.no\/pax\/#website\",\"url\":\"https:\/\/staging.forenteforlag.no\/pax\/\",\"name\":\"Pax\",\"description\":\"\",\"potentialAction\":[{\"@type\":\"SearchAction\",\"target\":{\"@type\":\"EntryPoint\",\"urlTemplate\":\"https:\/\/staging.forenteforlag.no\/pax\/?s={search_term_string}\"},\"query-input\":{\"@type\":\"PropertyValueSpecification\",\"valueRequired\":true,\"valueName\":\"search_term_string\"}}],\"inLanguage\":\"nb-NO\"}]}<\/script>\n<!-- \/ Yoast SEO plugin. -->","yoast_head_json":{"title":"Selvbilder - Pax","robots":{"index":"noindex","follow":"follow","max-snippet":"max-snippet:-1","max-image-preview":"max-image-preview:large","max-video-preview":"max-video-preview:-1"},"og_locale":"nb_NO","og_type":"article","og_title":"Selvbilder - Pax","og_description":"Guttorm Guttormsgaard har i mange \u00e5r tegnet og skrevet dagbok. S\u00e5 \u00e5 si hver dag gjennom ca. femti \u00e5r har han lagd skisser og notert kommentarer og betraktninger. I Selvbilder presenterer han et utvalg skisser og tekster fra dagb\u00f8kene. Boken inneholder flere enn 200 selvportretter, men ogs\u00e5 h\u00e5ndskrevne refleksjoner. N\u00e5r Guttormsgaard utgir sine \u00abselvbilder\u00bb og [&hellip;]","og_url":"https:\/\/staging.forenteforlag.no\/pax\/produkt\/selvbilder\/","og_site_name":"Pax","article_modified_time":"2026-03-03T21:48:22+00:00","og_image":[{"width":653,"height":848,"url":"https:\/\/staging.forenteforlag.no\/pax\/wp-content\/uploads\/sites\/5\/2025\/08\/jpg-9641.jpg","type":"image\/jpeg"}],"twitter_card":"summary_large_image","twitter_misc":{"Ansl. lesetid":"1 minutt"},"schema":{"@context":"https:\/\/schema.org","@graph":[{"@type":"WebPage","@id":"https:\/\/staging.forenteforlag.no\/pax\/produkt\/selvbilder\/","url":"https:\/\/staging.forenteforlag.no\/pax\/produkt\/selvbilder\/","name":"Selvbilder - Pax","isPartOf":{"@id":"https:\/\/staging.forenteforlag.no\/pax\/#website"},"primaryImageOfPage":{"@id":"https:\/\/staging.forenteforlag.no\/pax\/produkt\/selvbilder\/#primaryimage"},"image":{"@id":"https:\/\/staging.forenteforlag.no\/pax\/produkt\/selvbilder\/#primaryimage"},"thumbnailUrl":"https:\/\/staging.forenteforlag.no\/pax\/wp-content\/uploads\/sites\/5\/2025\/08\/jpg-9641.jpg","datePublished":"2017-09-12T00:00:00+00:00","dateModified":"2026-03-03T21:48:22+00:00","breadcrumb":{"@id":"https:\/\/staging.forenteforlag.no\/pax\/produkt\/selvbilder\/#breadcrumb"},"inLanguage":"nb-NO","potentialAction":[{"@type":"ReadAction","target":["https:\/\/staging.forenteforlag.no\/pax\/produkt\/selvbilder\/"]}]},{"@type":"ImageObject","inLanguage":"nb-NO","@id":"https:\/\/staging.forenteforlag.no\/pax\/produkt\/selvbilder\/#primaryimage","url":"https:\/\/staging.forenteforlag.no\/pax\/wp-content\/uploads\/sites\/5\/2025\/08\/jpg-9641.jpg","contentUrl":"https:\/\/staging.forenteforlag.no\/pax\/wp-content\/uploads\/sites\/5\/2025\/08\/jpg-9641.jpg","width":653,"height":848},{"@type":"BreadcrumbList","@id":"https:\/\/staging.forenteforlag.no\/pax\/produkt\/selvbilder\/#breadcrumb","itemListElement":[{"@type":"ListItem","position":1,"name":"Hjem","item":"https:\/\/staging.forenteforlag.no\/pax\/"},{"@type":"ListItem","position":2,"name":"Alle b\u00f8ker","item":"https:\/\/staging.forenteforlag.no\/pax\/butikk\/"},{"@type":"ListItem","position":3,"name":"Selvbilder"}]},{"@type":"WebSite","@id":"https:\/\/staging.forenteforlag.no\/pax\/#website","url":"https:\/\/staging.forenteforlag.no\/pax\/","name":"Pax","description":"","potentialAction":[{"@type":"SearchAction","target":{"@type":"EntryPoint","urlTemplate":"https:\/\/staging.forenteforlag.no\/pax\/?s={search_term_string}"},"query-input":{"@type":"PropertyValueSpecification","valueRequired":true,"valueName":"search_term_string"}}],"inLanguage":"nb-NO"}]}},"_links":{"self":[{"href":"https:\/\/staging.forenteforlag.no\/pax\/wp-json\/wp\/v2\/product\/21106","targetHints":{"allow":["GET"]}}],"collection":[{"href":"https:\/\/staging.forenteforlag.no\/pax\/wp-json\/wp\/v2\/product"}],"about":[{"href":"https:\/\/staging.forenteforlag.no\/pax\/wp-json\/wp\/v2\/types\/product"}],"wp:featuredmedia":[{"embeddable":true,"href":"https:\/\/staging.forenteforlag.no\/pax\/wp-json\/wp\/v2\/media\/29339"}],"wp:attachment":[{"href":"https:\/\/staging.forenteforlag.no\/pax\/wp-json\/wp\/v2\/media?parent=21106"}],"wp:term":[{"taxonomy":"product_brand","embeddable":true,"href":"https:\/\/staging.forenteforlag.no\/pax\/wp-json\/wp\/v2\/product_brand?post=21106"},{"taxonomy":"product_cat","embeddable":true,"href":"https:\/\/staging.forenteforlag.no\/pax\/wp-json\/wp\/v2\/product_cat?post=21106"},{"taxonomy":"product_tag","embeddable":true,"href":"https:\/\/staging.forenteforlag.no\/pax\/wp-json\/wp\/v2\/product_tag?post=21106"}],"curies":[{"name":"wp","href":"https:\/\/api.w.org\/{rel}","templated":true}]}}

<p>Guttorm Guttormsgaard har i mange år tegnet og skrevet dagbok. Så å si hver dag gjennom ca. femti år har han lagd skisser og notert kommentarer og betraktninger. I Selvbilder presenterer han et utvalg skisser og tekster fra dagbøkene. Boken inneholder flere enn 200 selvportretter, men også håndskrevne refleksjoner.  <br />Når Guttormsgaard utgir sine «selvbilder» og dagboksnotater, blir resultatet kunsthistorie. Men med denne utgivelsen kommenterer han også vår tids opptatthet av «selfier». Vi lever i en tid med intens bruk av bilder. I «selfie»-kulturen ønsker vi ikke bare å speile oss selv; vi vil dele bilder med andre. Slik er vi selvopptatte hver for oss &#8211; og sammen. Selvbilder er en original «Artist&#8217;s Book» og tankevekkende kulturkritikk i bokform.  </p>
<p>Etterord av Espen Søbye</p>

<p>Guttorm Guttormsgaard har i mange år tegnet og skrevet dagbok. Så å si hver dag gjennom ca. femti år har han lagd skisser og notert kommentarer og betraktninger. I Selvbilder presenterer han et utvalg skisser og tekster fra dagbøkene. Boken inneholder flere enn 200 selvportretter, men også håndskrevne refleksjoner. Når Guttormsgaard utgir sine «selvbilder» og [&hellip;]</p>

<!-- This site is optimized with the Yoast SEO plugin v26.6 - https://yoast.com/wordpress/plugins/seo/ -->
<title>Selvbilder - Pax</title>
<meta name="robots" content="noindex, follow, max-snippet:-1, max-image-preview:large, max-video-preview:-1" />
<meta property="og:locale" content="nb_NO" />
<meta property="og:type" content="article" />
<meta property="og:title" content="Selvbilder - Pax" />
<meta property="og:description" content="Guttorm Guttormsgaard har i mange år tegnet og skrevet dagbok. Så å si hver dag gjennom ca. femti år har han lagd skisser og notert kommentarer og betraktninger. I Selvbilder presenterer han et utvalg skisser og tekster fra dagbøkene. Boken inneholder flere enn 200 selvportretter, men også håndskrevne refleksjoner. Når Guttormsgaard utgir sine «selvbilder» og [&hellip;]" />
<meta property="og:url" content="https://staging.forenteforlag.no/pax/produkt/selvbilder/" />
<meta property="og:site_name" content="Pax" />
<meta property="article:modified_time" content="2026-03-03T21:48:22+00:00" />
<meta property="og:image" content="https://staging.forenteforlag.no/pax/wp-content/uploads/sites/5/2025/08/jpg-9641.jpg" />
	<meta property="og:image:width" content="653" />
	<meta property="og:image:height" content="848" />
	<meta property="og:image:type" content="image/jpeg" />
<meta name="twitter:card" content="summary_large_image" />
<meta name="twitter:label1" content="Ansl. lesetid" />
	<meta name="twitter:data1" content="1 minutt" />
<script type="application/ld+json" class="yoast-schema-graph">{"@context":"https://schema.org","@graph":[{"@type":"WebPage","@id":"https://staging.forenteforlag.no/pax/produkt/selvbilder/","url":"https://staging.forenteforlag.no/pax/produkt/selvbilder/","name":"Selvbilder - Pax","isPartOf":{"@id":"https://staging.forenteforlag.no/pax/#website"},"primaryImageOfPage":{"@id":"https://staging.forenteforlag.no/pax/produkt/selvbilder/#primaryimage"},"image":{"@id":"https://staging.forenteforlag.no/pax/produkt/selvbilder/#primaryimage"},"thumbnailUrl":"https://staging.forenteforlag.no/pax/wp-content/uploads/sites/5/2025/08/jpg-9641.jpg","datePublished":"2017-09-12T00:00:00+00:00","dateModified":"2026-03-03T21:48:22+00:00","breadcrumb":{"@id":"https://staging.forenteforlag.no/pax/produkt/selvbilder/#breadcrumb"},"inLanguage":"nb-NO","potentialAction":[{"@type":"ReadAction","target":["https://staging.forenteforlag.no/pax/produkt/selvbilder/"]}]},{"@type":"ImageObject","inLanguage":"nb-NO","@id":"https://staging.forenteforlag.no/pax/produkt/selvbilder/#primaryimage","url":"https://staging.forenteforlag.no/pax/wp-content/uploads/sites/5/2025/08/jpg-9641.jpg","contentUrl":"https://staging.forenteforlag.no/pax/wp-content/uploads/sites/5/2025/08/jpg-9641.jpg","width":653,"height":848},{"@type":"BreadcrumbList","@id":"https://staging.forenteforlag.no/pax/produkt/selvbilder/#breadcrumb","itemListElement":[{"@type":"ListItem","position":1,"name":"Hjem","item":"https://staging.forenteforlag.no/pax/"},{"@type":"ListItem","position":2,"name":"Alle bøker","item":"https://staging.forenteforlag.no/pax/butikk/"},{"@type":"ListItem","position":3,"name":"Selvbilder"}]},{"@type":"WebSite","@id":"https://staging.forenteforlag.no/pax/#website","url":"https://staging.forenteforlag.no/pax/","name":"Pax","description":"","potentialAction":[{"@type":"SearchAction","target":{"@type":"EntryPoint","urlTemplate":"https://staging.forenteforlag.no/pax/?s={search_term_string}"},"query-input":{"@type":"PropertyValueSpecification","valueRequired":true,"valueName":"search_term_string"}}],"inLanguage":"nb-NO"}]}</script>
<!-- / Yoast SEO plugin. -->

Guttorm Guttormsgaard har i mange år tegnet og skrevet dagbok. Så å si hver dag gjennom ca. femti år har han lagd skisser og notert kommentarer og betraktninger. I Selvbilder presenterer han et utvalg skisser og tekster fra dagbøkene. Boken inneholder flere enn 200 selvportretter, men også håndskrevne refleksjoner. Når Guttormsgaard utgir sine «selvbilder» og [&hellip;]

Alle bøker
