{"id":21081,"date":"2024-12-10T22:52:17","date_gmt":"2024-12-10T21:52:17","guid":{"rendered":"https:\/\/pax.forenteforlag.no\/produkt\/den-logiske-sandkasse\/"},"modified":"2026-03-04T19:39:58","modified_gmt":"2026-03-04T18:39:58","slug":"den-logiske-sandkasse","status":"publish","type":"product","link":"https:\/\/staging.forenteforlag.no\/pax\/produkt\/den-logiske-sandkasse\/","title":{"rendered":"Den logiske sandkasse"},"content":{"rendered":"<p>Forfatteren har g\u00e5tt tilbake til det han oppfatter som N\u00e6ss&#8217; intensjoner i &laquo;En del element\u00e6re logiske emner&raquo; og gitt dem en alternativ utforming, mest mulig tilpasset lesere uvant med den tenkningens disiplin som er logikkens viktigste karakteristikum. Prinsippet er at leseren hele tiden skal kunne kontrollere sine fremskritt ved hjelp av det han allerede har tilegnet seg, og minst mulig v\u00e6re henvist til \u00e5 stole bare p\u00e5 magisterens ord.<\/p>\n","protected":false},"excerpt":{"rendered":"<p>Forfatteren har g\u00e5tt tilbake til det han oppfatter som N\u00e6ss&#8217; intensjoner i &laquo;En del element\u00e6re logiske emner&raquo; og gitt dem en alternativ utforming, mest mulig tilpasset lesere uvant med den tenkningens disiplin som er logikkens viktigste karakteristikum. Prinsippet er at leseren hele tiden skal kunne kontrollere sine fremskritt ved hjelp av det han allerede har [&hellip;]<\/p>\n","protected":false},"featured_media":0,"template":"","meta":{"_acf_changed":false,"inline_featured_image":false},"product_brand":[],"product_cat":[1782],"product_tag":[362,859],"class_list":{"0":"post-21081","1":"product","2":"type-product","3":"status-publish","5":"product_cat-fripris","6":"product_tag-faglitteratur","7":"product_tag-logikk","9":"first","10":"outofstock","11":"taxable","12":"shipping-taxable","13":"purchasable","14":"product-type-simple"},"acf":{"anmeldelse":null},"yoast_head":"<!-- This site is optimized with the Yoast SEO plugin v26.6 - https:\/\/yoast.com\/wordpress\/plugins\/seo\/ -->\n<title>Den logiske sandkasse - Pax<\/title>\n<meta name=\"robots\" content=\"noindex, follow, max-snippet:-1, max-image-preview:large, max-video-preview:-1\" \/>\n<meta property=\"og:locale\" content=\"nb_NO\" \/>\n<meta property=\"og:type\" content=\"article\" \/>\n<meta property=\"og:title\" content=\"Den logiske sandkasse - Pax\" \/>\n<meta property=\"og:description\" content=\"Forfatteren har g\u00e5tt tilbake til det han oppfatter som N\u00e6ss&#8217; intensjoner i &laquo;En del element\u00e6re logiske emner&raquo; og gitt dem en alternativ utforming, mest mulig tilpasset lesere uvant med den tenkningens disiplin som er logikkens viktigste karakteristikum. Prinsippet er at leseren hele tiden skal kunne kontrollere sine fremskritt ved hjelp av det han allerede har [&hellip;]\" \/>\n<meta property=\"og:url\" content=\"https:\/\/staging.forenteforlag.no\/pax\/produkt\/den-logiske-sandkasse\/\" \/>\n<meta property=\"og:site_name\" content=\"Pax\" \/>\n<meta property=\"article:modified_time\" content=\"2026-03-04T18:39:58+00:00\" \/>\n<meta property=\"og:image\" content=\"https:\/\/staging.forenteforlag.no\/pax\/wp-content\/uploads\/sites\/5\/2025\/02\/pax-hvit.jpg\" \/>\n\t<meta property=\"og:image:width\" content=\"1200\" \/>\n\t<meta property=\"og:image:height\" content=\"800\" \/>\n\t<meta property=\"og:image:type\" content=\"image\/jpeg\" \/>\n<meta name=\"twitter:card\" content=\"summary_large_image\" \/>\n<script type=\"application\/ld+json\" class=\"yoast-schema-graph\">{\"@context\":\"https:\/\/schema.org\",\"@graph\":[{\"@type\":\"WebPage\",\"@id\":\"https:\/\/staging.forenteforlag.no\/pax\/produkt\/den-logiske-sandkasse\/\",\"url\":\"https:\/\/staging.forenteforlag.no\/pax\/produkt\/den-logiske-sandkasse\/\",\"name\":\"Den logiske sandkasse - Pax\",\"isPartOf\":{\"@id\":\"https:\/\/staging.forenteforlag.no\/pax\/#website\"},\"datePublished\":\"2024-12-10T21:52:17+00:00\",\"dateModified\":\"2026-03-04T18:39:58+00:00\",\"breadcrumb\":{\"@id\":\"https:\/\/staging.forenteforlag.no\/pax\/produkt\/den-logiske-sandkasse\/#breadcrumb\"},\"inLanguage\":\"nb-NO\",\"potentialAction\":[{\"@type\":\"ReadAction\",\"target\":[\"https:\/\/staging.forenteforlag.no\/pax\/produkt\/den-logiske-sandkasse\/\"]}]},{\"@type\":\"BreadcrumbList\",\"@id\":\"https:\/\/staging.forenteforlag.no\/pax\/produkt\/den-logiske-sandkasse\/#breadcrumb\",\"itemListElement\":[{\"@type\":\"ListItem\",\"position\":1,\"name\":\"Hjem\",\"item\":\"https:\/\/staging.forenteforlag.no\/pax\/\"},{\"@type\":\"ListItem\",\"position\":2,\"name\":\"Alle b\u00f8ker\",\"item\":\"https:\/\/staging.forenteforlag.no\/pax\/butikk\/\"},{\"@type\":\"ListItem\",\"position\":3,\"name\":\"Den logiske sandkasse\"}]},{\"@type\":\"WebSite\",\"@id\":\"https:\/\/staging.forenteforlag.no\/pax\/#website\",\"url\":\"https:\/\/staging.forenteforlag.no\/pax\/\",\"name\":\"Pax\",\"description\":\"\",\"potentialAction\":[{\"@type\":\"SearchAction\",\"target\":{\"@type\":\"EntryPoint\",\"urlTemplate\":\"https:\/\/staging.forenteforlag.no\/pax\/?s={search_term_string}\"},\"query-input\":{\"@type\":\"PropertyValueSpecification\",\"valueRequired\":true,\"valueName\":\"search_term_string\"}}],\"inLanguage\":\"nb-NO\"}]}<\/script>\n<!-- \/ Yoast SEO plugin. -->","yoast_head_json":{"title":"Den logiske sandkasse - Pax","robots":{"index":"noindex","follow":"follow","max-snippet":"max-snippet:-1","max-image-preview":"max-image-preview:large","max-video-preview":"max-video-preview:-1"},"og_locale":"nb_NO","og_type":"article","og_title":"Den logiske sandkasse - Pax","og_description":"Forfatteren har g\u00e5tt tilbake til det han oppfatter som N\u00e6ss&#8217; intensjoner i &laquo;En del element\u00e6re logiske emner&raquo; og gitt dem en alternativ utforming, mest mulig tilpasset lesere uvant med den tenkningens disiplin som er logikkens viktigste karakteristikum. Prinsippet er at leseren hele tiden skal kunne kontrollere sine fremskritt ved hjelp av det han allerede har [&hellip;]","og_url":"https:\/\/staging.forenteforlag.no\/pax\/produkt\/den-logiske-sandkasse\/","og_site_name":"Pax","article_modified_time":"2026-03-04T18:39:58+00:00","og_image":[{"width":1200,"height":800,"url":"https:\/\/staging.forenteforlag.no\/pax\/wp-content\/uploads\/sites\/5\/2025\/02\/pax-hvit.jpg","type":"image\/jpeg"}],"twitter_card":"summary_large_image","schema":{"@context":"https:\/\/schema.org","@graph":[{"@type":"WebPage","@id":"https:\/\/staging.forenteforlag.no\/pax\/produkt\/den-logiske-sandkasse\/","url":"https:\/\/staging.forenteforlag.no\/pax\/produkt\/den-logiske-sandkasse\/","name":"Den logiske sandkasse - Pax","isPartOf":{"@id":"https:\/\/staging.forenteforlag.no\/pax\/#website"},"datePublished":"2024-12-10T21:52:17+00:00","dateModified":"2026-03-04T18:39:58+00:00","breadcrumb":{"@id":"https:\/\/staging.forenteforlag.no\/pax\/produkt\/den-logiske-sandkasse\/#breadcrumb"},"inLanguage":"nb-NO","potentialAction":[{"@type":"ReadAction","target":["https:\/\/staging.forenteforlag.no\/pax\/produkt\/den-logiske-sandkasse\/"]}]},{"@type":"BreadcrumbList","@id":"https:\/\/staging.forenteforlag.no\/pax\/produkt\/den-logiske-sandkasse\/#breadcrumb","itemListElement":[{"@type":"ListItem","position":1,"name":"Hjem","item":"https:\/\/staging.forenteforlag.no\/pax\/"},{"@type":"ListItem","position":2,"name":"Alle b\u00f8ker","item":"https:\/\/staging.forenteforlag.no\/pax\/butikk\/"},{"@type":"ListItem","position":3,"name":"Den logiske sandkasse"}]},{"@type":"WebSite","@id":"https:\/\/staging.forenteforlag.no\/pax\/#website","url":"https:\/\/staging.forenteforlag.no\/pax\/","name":"Pax","description":"","potentialAction":[{"@type":"SearchAction","target":{"@type":"EntryPoint","urlTemplate":"https:\/\/staging.forenteforlag.no\/pax\/?s={search_term_string}"},"query-input":{"@type":"PropertyValueSpecification","valueRequired":true,"valueName":"search_term_string"}}],"inLanguage":"nb-NO"}]}},"_links":{"self":[{"href":"https:\/\/staging.forenteforlag.no\/pax\/wp-json\/wp\/v2\/product\/21081","targetHints":{"allow":["GET"]}}],"collection":[{"href":"https:\/\/staging.forenteforlag.no\/pax\/wp-json\/wp\/v2\/product"}],"about":[{"href":"https:\/\/staging.forenteforlag.no\/pax\/wp-json\/wp\/v2\/types\/product"}],"wp:attachment":[{"href":"https:\/\/staging.forenteforlag.no\/pax\/wp-json\/wp\/v2\/media?parent=21081"}],"wp:term":[{"taxonomy":"product_brand","embeddable":true,"href":"https:\/\/staging.forenteforlag.no\/pax\/wp-json\/wp\/v2\/product_brand?post=21081"},{"taxonomy":"product_cat","embeddable":true,"href":"https:\/\/staging.forenteforlag.no\/pax\/wp-json\/wp\/v2\/product_cat?post=21081"},{"taxonomy":"product_tag","embeddable":true,"href":"https:\/\/staging.forenteforlag.no\/pax\/wp-json\/wp\/v2\/product_tag?post=21081"}],"curies":[{"name":"wp","href":"https:\/\/api.w.org\/{rel}","templated":true}]}}