{"id":21007,"date":"2024-12-10T22:53:44","date_gmt":"2024-12-10T21:53:44","guid":{"rendered":"https:\/\/pax.forenteforlag.no\/produkt\/bidrag-til-verdienes-historie\/"},"modified":"2026-03-04T20:06:51","modified_gmt":"2026-03-04T19:06:51","slug":"bidrag-til-verdienes-historie","status":"publish","type":"product","link":"https:\/\/staging.forenteforlag.no\/pax\/produkt\/bidrag-til-verdienes-historie\/","title":{"rendered":"Bidrag til verdienes historie"},"content":{"rendered":"<p>DET FINNES IKKE EVIGE VERDIER. Verdier skapes og endres. Dette er ett av perspektivene n\u00e5r ni forskere unders\u00f8ker verdibegrepet historisk. Hva er en verdi under ulike samfunnsforhold? Det vi kaller forfall i dag, blir ofte til framskritt i ettertid. Demokratiet kan under andre forhold bli betraktet som manglende respekt for \u00f8vrigheten. Om hundre \u00e5r vil kanskje motstanden mot at homofile f\u00e5r adoptere barn, framst\u00e5 som like bakstreversk som kampen mot kvinnelig stemmerett gjorde for hundre \u00e5r siden.<br \/>\nBidragsytere: TOR EGIL F\u00d8RLAND, ANDREAS F\u00d8LLESDAL, \u00d8YSTEIN RIAN, ERLING SANDMO, KNUT KJELDSTADLI, GRO HAGEMANN, \u00d8YSTEIN S\u00d8RENSEN, BERIT THORBJ\u00d8RNSRUD OG ELDRID MAGELI.<\/p>\n","protected":false},"excerpt":{"rendered":"<p>DET FINNES IKKE EVIGE VERDIER. Verdier skapes og endres. Dette er ett av perspektivene n\u00e5r ni forskere unders\u00f8ker verdibegrepet historisk. Hva er en verdi under ulike samfunnsforhold? Det vi kaller forfall i dag, blir ofte til framskritt i ettertid. Demokratiet kan under andre forhold bli betraktet som manglende respekt for \u00f8vrigheten. Om hundre \u00e5r vil [&hellip;]<\/p>\n","protected":false},"featured_media":30067,"template":"","meta":{"_acf_changed":false,"inline_featured_image":false},"product_brand":[],"product_cat":[1782],"product_tag":[362,392],"class_list":{"0":"post-21007","1":"product","2":"type-product","3":"status-publish","4":"has-post-thumbnail","6":"product_cat-fripris","7":"product_tag-faglitteratur","8":"product_tag-samfunnsanalyse","10":"first","11":"outofstock","12":"taxable","13":"shipping-taxable","14":"purchasable","15":"product-type-simple"},"acf":{"anmeldelse":null},"yoast_head":"<!-- This site is optimized with the Yoast SEO plugin v26.6 - https:\/\/yoast.com\/wordpress\/plugins\/seo\/ -->\n<title>Bidrag til verdienes historie - Pax<\/title>\n<meta name=\"robots\" content=\"noindex, follow, max-snippet:-1, max-image-preview:large, max-video-preview:-1\" \/>\n<meta property=\"og:locale\" content=\"nb_NO\" \/>\n<meta property=\"og:type\" content=\"article\" \/>\n<meta property=\"og:title\" content=\"Bidrag til verdienes historie - Pax\" \/>\n<meta property=\"og:description\" content=\"DET FINNES IKKE EVIGE VERDIER. Verdier skapes og endres. Dette er ett av perspektivene n\u00e5r ni forskere unders\u00f8ker verdibegrepet historisk. Hva er en verdi under ulike samfunnsforhold? Det vi kaller forfall i dag, blir ofte til framskritt i ettertid. Demokratiet kan under andre forhold bli betraktet som manglende respekt for \u00f8vrigheten. Om hundre \u00e5r vil [&hellip;]\" \/>\n<meta property=\"og:url\" content=\"https:\/\/staging.forenteforlag.no\/pax\/produkt\/bidrag-til-verdienes-historie\/\" \/>\n<meta property=\"og:site_name\" content=\"Pax\" \/>\n<meta property=\"article:modified_time\" content=\"2026-03-04T19:06:51+00:00\" \/>\n<meta property=\"og:image\" content=\"https:\/\/staging.forenteforlag.no\/pax\/wp-content\/uploads\/sites\/5\/2026\/03\/9788253021836.jpg\" \/>\n\t<meta property=\"og:image:width\" content=\"720\" \/>\n\t<meta property=\"og:image:height\" content=\"1022\" \/>\n\t<meta property=\"og:image:type\" content=\"image\/jpeg\" \/>\n<meta name=\"twitter:card\" content=\"summary_large_image\" \/>\n<meta name=\"twitter:label1\" content=\"Ansl. lesetid\" \/>\n\t<meta name=\"twitter:data1\" content=\"1 minutt\" \/>\n<script type=\"application\/ld+json\" class=\"yoast-schema-graph\">{\"@context\":\"https:\/\/schema.org\",\"@graph\":[{\"@type\":\"WebPage\",\"@id\":\"https:\/\/staging.forenteforlag.no\/pax\/produkt\/bidrag-til-verdienes-historie\/\",\"url\":\"https:\/\/staging.forenteforlag.no\/pax\/produkt\/bidrag-til-verdienes-historie\/\",\"name\":\"Bidrag til verdienes historie - Pax\",\"isPartOf\":{\"@id\":\"https:\/\/staging.forenteforlag.no\/pax\/#website\"},\"primaryImageOfPage\":{\"@id\":\"https:\/\/staging.forenteforlag.no\/pax\/produkt\/bidrag-til-verdienes-historie\/#primaryimage\"},\"image\":{\"@id\":\"https:\/\/staging.forenteforlag.no\/pax\/produkt\/bidrag-til-verdienes-historie\/#primaryimage\"},\"thumbnailUrl\":\"https:\/\/staging.forenteforlag.no\/pax\/wp-content\/uploads\/sites\/5\/2026\/03\/9788253021836.jpg\",\"datePublished\":\"2024-12-10T21:53:44+00:00\",\"dateModified\":\"2026-03-04T19:06:51+00:00\",\"breadcrumb\":{\"@id\":\"https:\/\/staging.forenteforlag.no\/pax\/produkt\/bidrag-til-verdienes-historie\/#breadcrumb\"},\"inLanguage\":\"nb-NO\",\"potentialAction\":[{\"@type\":\"ReadAction\",\"target\":[\"https:\/\/staging.forenteforlag.no\/pax\/produkt\/bidrag-til-verdienes-historie\/\"]}]},{\"@type\":\"ImageObject\",\"inLanguage\":\"nb-NO\",\"@id\":\"https:\/\/staging.forenteforlag.no\/pax\/produkt\/bidrag-til-verdienes-historie\/#primaryimage\",\"url\":\"https:\/\/staging.forenteforlag.no\/pax\/wp-content\/uploads\/sites\/5\/2026\/03\/9788253021836.jpg\",\"contentUrl\":\"https:\/\/staging.forenteforlag.no\/pax\/wp-content\/uploads\/sites\/5\/2026\/03\/9788253021836.jpg\",\"width\":720,\"height\":1022},{\"@type\":\"BreadcrumbList\",\"@id\":\"https:\/\/staging.forenteforlag.no\/pax\/produkt\/bidrag-til-verdienes-historie\/#breadcrumb\",\"itemListElement\":[{\"@type\":\"ListItem\",\"position\":1,\"name\":\"Hjem\",\"item\":\"https:\/\/staging.forenteforlag.no\/pax\/\"},{\"@type\":\"ListItem\",\"position\":2,\"name\":\"Alle b\u00f8ker\",\"item\":\"https:\/\/staging.forenteforlag.no\/pax\/butikk\/\"},{\"@type\":\"ListItem\",\"position\":3,\"name\":\"Bidrag til verdienes historie\"}]},{\"@type\":\"WebSite\",\"@id\":\"https:\/\/staging.forenteforlag.no\/pax\/#website\",\"url\":\"https:\/\/staging.forenteforlag.no\/pax\/\",\"name\":\"Pax\",\"description\":\"\",\"potentialAction\":[{\"@type\":\"SearchAction\",\"target\":{\"@type\":\"EntryPoint\",\"urlTemplate\":\"https:\/\/staging.forenteforlag.no\/pax\/?s={search_term_string}\"},\"query-input\":{\"@type\":\"PropertyValueSpecification\",\"valueRequired\":true,\"valueName\":\"search_term_string\"}}],\"inLanguage\":\"nb-NO\"}]}<\/script>\n<!-- \/ Yoast SEO plugin. -->","yoast_head_json":{"title":"Bidrag til verdienes historie - Pax","robots":{"index":"noindex","follow":"follow","max-snippet":"max-snippet:-1","max-image-preview":"max-image-preview:large","max-video-preview":"max-video-preview:-1"},"og_locale":"nb_NO","og_type":"article","og_title":"Bidrag til verdienes historie - Pax","og_description":"DET FINNES IKKE EVIGE VERDIER. Verdier skapes og endres. Dette er ett av perspektivene n\u00e5r ni forskere unders\u00f8ker verdibegrepet historisk. Hva er en verdi under ulike samfunnsforhold? Det vi kaller forfall i dag, blir ofte til framskritt i ettertid. Demokratiet kan under andre forhold bli betraktet som manglende respekt for \u00f8vrigheten. Om hundre \u00e5r vil [&hellip;]","og_url":"https:\/\/staging.forenteforlag.no\/pax\/produkt\/bidrag-til-verdienes-historie\/","og_site_name":"Pax","article_modified_time":"2026-03-04T19:06:51+00:00","og_image":[{"width":720,"height":1022,"url":"https:\/\/staging.forenteforlag.no\/pax\/wp-content\/uploads\/sites\/5\/2026\/03\/9788253021836.jpg","type":"image\/jpeg"}],"twitter_card":"summary_large_image","twitter_misc":{"Ansl. lesetid":"1 minutt"},"schema":{"@context":"https:\/\/schema.org","@graph":[{"@type":"WebPage","@id":"https:\/\/staging.forenteforlag.no\/pax\/produkt\/bidrag-til-verdienes-historie\/","url":"https:\/\/staging.forenteforlag.no\/pax\/produkt\/bidrag-til-verdienes-historie\/","name":"Bidrag til verdienes historie - Pax","isPartOf":{"@id":"https:\/\/staging.forenteforlag.no\/pax\/#website"},"primaryImageOfPage":{"@id":"https:\/\/staging.forenteforlag.no\/pax\/produkt\/bidrag-til-verdienes-historie\/#primaryimage"},"image":{"@id":"https:\/\/staging.forenteforlag.no\/pax\/produkt\/bidrag-til-verdienes-historie\/#primaryimage"},"thumbnailUrl":"https:\/\/staging.forenteforlag.no\/pax\/wp-content\/uploads\/sites\/5\/2026\/03\/9788253021836.jpg","datePublished":"2024-12-10T21:53:44+00:00","dateModified":"2026-03-04T19:06:51+00:00","breadcrumb":{"@id":"https:\/\/staging.forenteforlag.no\/pax\/produkt\/bidrag-til-verdienes-historie\/#breadcrumb"},"inLanguage":"nb-NO","potentialAction":[{"@type":"ReadAction","target":["https:\/\/staging.forenteforlag.no\/pax\/produkt\/bidrag-til-verdienes-historie\/"]}]},{"@type":"ImageObject","inLanguage":"nb-NO","@id":"https:\/\/staging.forenteforlag.no\/pax\/produkt\/bidrag-til-verdienes-historie\/#primaryimage","url":"https:\/\/staging.forenteforlag.no\/pax\/wp-content\/uploads\/sites\/5\/2026\/03\/9788253021836.jpg","contentUrl":"https:\/\/staging.forenteforlag.no\/pax\/wp-content\/uploads\/sites\/5\/2026\/03\/9788253021836.jpg","width":720,"height":1022},{"@type":"BreadcrumbList","@id":"https:\/\/staging.forenteforlag.no\/pax\/produkt\/bidrag-til-verdienes-historie\/#breadcrumb","itemListElement":[{"@type":"ListItem","position":1,"name":"Hjem","item":"https:\/\/staging.forenteforlag.no\/pax\/"},{"@type":"ListItem","position":2,"name":"Alle b\u00f8ker","item":"https:\/\/staging.forenteforlag.no\/pax\/butikk\/"},{"@type":"ListItem","position":3,"name":"Bidrag til verdienes historie"}]},{"@type":"WebSite","@id":"https:\/\/staging.forenteforlag.no\/pax\/#website","url":"https:\/\/staging.forenteforlag.no\/pax\/","name":"Pax","description":"","potentialAction":[{"@type":"SearchAction","target":{"@type":"EntryPoint","urlTemplate":"https:\/\/staging.forenteforlag.no\/pax\/?s={search_term_string}"},"query-input":{"@type":"PropertyValueSpecification","valueRequired":true,"valueName":"search_term_string"}}],"inLanguage":"nb-NO"}]}},"_links":{"self":[{"href":"https:\/\/staging.forenteforlag.no\/pax\/wp-json\/wp\/v2\/product\/21007","targetHints":{"allow":["GET"]}}],"collection":[{"href":"https:\/\/staging.forenteforlag.no\/pax\/wp-json\/wp\/v2\/product"}],"about":[{"href":"https:\/\/staging.forenteforlag.no\/pax\/wp-json\/wp\/v2\/types\/product"}],"wp:featuredmedia":[{"embeddable":true,"href":"https:\/\/staging.forenteforlag.no\/pax\/wp-json\/wp\/v2\/media\/30067"}],"wp:attachment":[{"href":"https:\/\/staging.forenteforlag.no\/pax\/wp-json\/wp\/v2\/media?parent=21007"}],"wp:term":[{"taxonomy":"product_brand","embeddable":true,"href":"https:\/\/staging.forenteforlag.no\/pax\/wp-json\/wp\/v2\/product_brand?post=21007"},{"taxonomy":"product_cat","embeddable":true,"href":"https:\/\/staging.forenteforlag.no\/pax\/wp-json\/wp\/v2\/product_cat?post=21007"},{"taxonomy":"product_tag","embeddable":true,"href":"https:\/\/staging.forenteforlag.no\/pax\/wp-json\/wp\/v2\/product_tag?post=21007"}],"curies":[{"name":"wp","href":"https:\/\/api.w.org\/{rel}","templated":true}]}}