{"id":20983,"date":"2024-12-10T22:54:14","date_gmt":"2024-12-10T21:54:14","guid":{"rendered":"https:\/\/pax.forenteforlag.no\/produkt\/vannveien-gjennom-europa\/"},"modified":"2026-03-04T20:22:02","modified_gmt":"2026-03-04T19:22:02","slug":"vannveien-gjennom-europa","status":"publish","type":"product","link":"https:\/\/staging.forenteforlag.no\/pax\/produkt\/vannveien-gjennom-europa\/","title":{"rendered":"Vannveien gjennom Europa"},"content":{"rendered":"<p>En bok om en b\u00e5ttur med snekke p\u00e5 tre elver gjennom fem land. En lang sommer f\u00f8lger vi et lite mannskap p\u00e5 Rhinen, Main og Donau, gjennom Nederland, Tyskland, \u00d8sterrike, Slovakia og Ungarn. Via den nye Main-Donau-kanalen og mer enn seksti skipssluser g\u00e5r ferden blant lektere og skyveb\u00e5ter fra Nordsj\u00f8en til Jugoslavia. Reisen blir et m\u00f8te med Europa . \u00f8st og vest, f\u00f8r og n\u00e5, \u00f8konomi og politikk. Boka forteller om konger og krig, kj\u00e6rlighet og kunst, nasjonalisme og d\u00f8d.<br \/>\nDette er en essaysamling, en reiseskildring og en turdagbok, illustrert med malerier, tegninger og fotografier.<\/p>\n","protected":false},"excerpt":{"rendered":"<p>En bok om en b\u00e5ttur med snekke p\u00e5 tre elver gjennom fem land. En lang sommer f\u00f8lger vi et lite mannskap p\u00e5 Rhinen, Main og Donau, gjennom Nederland, Tyskland, \u00d8sterrike, Slovakia og Ungarn. Via den nye Main-Donau-kanalen og mer enn seksti skipssluser g\u00e5r ferden blant lektere og skyveb\u00e5ter fra Nordsj\u00f8en til Jugoslavia. Reisen blir et [&hellip;]<\/p>\n","protected":false},"featured_media":28348,"template":"","meta":{"_acf_changed":false,"inline_featured_image":false},"product_brand":[],"product_cat":[1782],"product_tag":[1412,482,362,882,361],"class_list":{"0":"post-20983","1":"product","2":"type-product","3":"status-publish","4":"has-post-thumbnail","6":"product_cat-fripris","7":"product_tag-elver-og-innsjoer","8":"product_tag-europa","9":"product_tag-faglitteratur","10":"product_tag-geografi-og-reiser","11":"product_tag-kulturhistorie","13":"first","14":"outofstock","15":"taxable","16":"shipping-taxable","17":"purchasable","18":"product-type-simple"},"acf":{"anmeldelse":null},"yoast_head":"<!-- This site is optimized with the Yoast SEO plugin v26.6 - https:\/\/yoast.com\/wordpress\/plugins\/seo\/ -->\n<title>Vannveien gjennom Europa - Pax<\/title>\n<meta name=\"robots\" content=\"noindex, follow, max-snippet:-1, max-image-preview:large, max-video-preview:-1\" \/>\n<meta property=\"og:locale\" content=\"nb_NO\" \/>\n<meta property=\"og:type\" content=\"article\" \/>\n<meta property=\"og:title\" content=\"Vannveien gjennom Europa - Pax\" \/>\n<meta property=\"og:description\" content=\"En bok om en b\u00e5ttur med snekke p\u00e5 tre elver gjennom fem land. En lang sommer f\u00f8lger vi et lite mannskap p\u00e5 Rhinen, Main og Donau, gjennom Nederland, Tyskland, \u00d8sterrike, Slovakia og Ungarn. Via den nye Main-Donau-kanalen og mer enn seksti skipssluser g\u00e5r ferden blant lektere og skyveb\u00e5ter fra Nordsj\u00f8en til Jugoslavia. Reisen blir et [&hellip;]\" \/>\n<meta property=\"og:url\" content=\"https:\/\/staging.forenteforlag.no\/pax\/produkt\/vannveien-gjennom-europa\/\" \/>\n<meta property=\"og:site_name\" content=\"Pax\" \/>\n<meta property=\"article:modified_time\" content=\"2026-03-04T19:22:02+00:00\" \/>\n<meta property=\"og:image\" content=\"https:\/\/staging.forenteforlag.no\/pax\/wp-content\/uploads\/sites\/5\/2025\/08\/jpg-6672.jpg\" \/>\n\t<meta property=\"og:image:width\" content=\"323\" \/>\n\t<meta property=\"og:image:height\" content=\"449\" \/>\n\t<meta property=\"og:image:type\" content=\"image\/jpeg\" \/>\n<meta name=\"twitter:card\" content=\"summary_large_image\" \/>\n<meta name=\"twitter:label1\" content=\"Ansl. lesetid\" \/>\n\t<meta name=\"twitter:data1\" content=\"1 minutt\" \/>\n<script type=\"application\/ld+json\" class=\"yoast-schema-graph\">{\"@context\":\"https:\/\/schema.org\",\"@graph\":[{\"@type\":\"WebPage\",\"@id\":\"https:\/\/staging.forenteforlag.no\/pax\/produkt\/vannveien-gjennom-europa\/\",\"url\":\"https:\/\/staging.forenteforlag.no\/pax\/produkt\/vannveien-gjennom-europa\/\",\"name\":\"Vannveien gjennom Europa - Pax\",\"isPartOf\":{\"@id\":\"https:\/\/staging.forenteforlag.no\/pax\/#website\"},\"primaryImageOfPage\":{\"@id\":\"https:\/\/staging.forenteforlag.no\/pax\/produkt\/vannveien-gjennom-europa\/#primaryimage\"},\"image\":{\"@id\":\"https:\/\/staging.forenteforlag.no\/pax\/produkt\/vannveien-gjennom-europa\/#primaryimage\"},\"thumbnailUrl\":\"https:\/\/staging.forenteforlag.no\/pax\/wp-content\/uploads\/sites\/5\/2025\/08\/jpg-6672.jpg\",\"datePublished\":\"2024-12-10T21:54:14+00:00\",\"dateModified\":\"2026-03-04T19:22:02+00:00\",\"breadcrumb\":{\"@id\":\"https:\/\/staging.forenteforlag.no\/pax\/produkt\/vannveien-gjennom-europa\/#breadcrumb\"},\"inLanguage\":\"nb-NO\",\"potentialAction\":[{\"@type\":\"ReadAction\",\"target\":[\"https:\/\/staging.forenteforlag.no\/pax\/produkt\/vannveien-gjennom-europa\/\"]}]},{\"@type\":\"ImageObject\",\"inLanguage\":\"nb-NO\",\"@id\":\"https:\/\/staging.forenteforlag.no\/pax\/produkt\/vannveien-gjennom-europa\/#primaryimage\",\"url\":\"https:\/\/staging.forenteforlag.no\/pax\/wp-content\/uploads\/sites\/5\/2025\/08\/jpg-6672.jpg\",\"contentUrl\":\"https:\/\/staging.forenteforlag.no\/pax\/wp-content\/uploads\/sites\/5\/2025\/08\/jpg-6672.jpg\",\"width\":323,\"height\":449},{\"@type\":\"BreadcrumbList\",\"@id\":\"https:\/\/staging.forenteforlag.no\/pax\/produkt\/vannveien-gjennom-europa\/#breadcrumb\",\"itemListElement\":[{\"@type\":\"ListItem\",\"position\":1,\"name\":\"Hjem\",\"item\":\"https:\/\/staging.forenteforlag.no\/pax\/\"},{\"@type\":\"ListItem\",\"position\":2,\"name\":\"Alle b\u00f8ker\",\"item\":\"https:\/\/staging.forenteforlag.no\/pax\/butikk\/\"},{\"@type\":\"ListItem\",\"position\":3,\"name\":\"Vannveien gjennom Europa\"}]},{\"@type\":\"WebSite\",\"@id\":\"https:\/\/staging.forenteforlag.no\/pax\/#website\",\"url\":\"https:\/\/staging.forenteforlag.no\/pax\/\",\"name\":\"Pax\",\"description\":\"\",\"potentialAction\":[{\"@type\":\"SearchAction\",\"target\":{\"@type\":\"EntryPoint\",\"urlTemplate\":\"https:\/\/staging.forenteforlag.no\/pax\/?s={search_term_string}\"},\"query-input\":{\"@type\":\"PropertyValueSpecification\",\"valueRequired\":true,\"valueName\":\"search_term_string\"}}],\"inLanguage\":\"nb-NO\"}]}<\/script>\n<!-- \/ Yoast SEO plugin. -->","yoast_head_json":{"title":"Vannveien gjennom Europa - Pax","robots":{"index":"noindex","follow":"follow","max-snippet":"max-snippet:-1","max-image-preview":"max-image-preview:large","max-video-preview":"max-video-preview:-1"},"og_locale":"nb_NO","og_type":"article","og_title":"Vannveien gjennom Europa - Pax","og_description":"En bok om en b\u00e5ttur med snekke p\u00e5 tre elver gjennom fem land. En lang sommer f\u00f8lger vi et lite mannskap p\u00e5 Rhinen, Main og Donau, gjennom Nederland, Tyskland, \u00d8sterrike, Slovakia og Ungarn. Via den nye Main-Donau-kanalen og mer enn seksti skipssluser g\u00e5r ferden blant lektere og skyveb\u00e5ter fra Nordsj\u00f8en til Jugoslavia. Reisen blir et [&hellip;]","og_url":"https:\/\/staging.forenteforlag.no\/pax\/produkt\/vannveien-gjennom-europa\/","og_site_name":"Pax","article_modified_time":"2026-03-04T19:22:02+00:00","og_image":[{"width":323,"height":449,"url":"https:\/\/staging.forenteforlag.no\/pax\/wp-content\/uploads\/sites\/5\/2025\/08\/jpg-6672.jpg","type":"image\/jpeg"}],"twitter_card":"summary_large_image","twitter_misc":{"Ansl. lesetid":"1 minutt"},"schema":{"@context":"https:\/\/schema.org","@graph":[{"@type":"WebPage","@id":"https:\/\/staging.forenteforlag.no\/pax\/produkt\/vannveien-gjennom-europa\/","url":"https:\/\/staging.forenteforlag.no\/pax\/produkt\/vannveien-gjennom-europa\/","name":"Vannveien gjennom Europa - Pax","isPartOf":{"@id":"https:\/\/staging.forenteforlag.no\/pax\/#website"},"primaryImageOfPage":{"@id":"https:\/\/staging.forenteforlag.no\/pax\/produkt\/vannveien-gjennom-europa\/#primaryimage"},"image":{"@id":"https:\/\/staging.forenteforlag.no\/pax\/produkt\/vannveien-gjennom-europa\/#primaryimage"},"thumbnailUrl":"https:\/\/staging.forenteforlag.no\/pax\/wp-content\/uploads\/sites\/5\/2025\/08\/jpg-6672.jpg","datePublished":"2024-12-10T21:54:14+00:00","dateModified":"2026-03-04T19:22:02+00:00","breadcrumb":{"@id":"https:\/\/staging.forenteforlag.no\/pax\/produkt\/vannveien-gjennom-europa\/#breadcrumb"},"inLanguage":"nb-NO","potentialAction":[{"@type":"ReadAction","target":["https:\/\/staging.forenteforlag.no\/pax\/produkt\/vannveien-gjennom-europa\/"]}]},{"@type":"ImageObject","inLanguage":"nb-NO","@id":"https:\/\/staging.forenteforlag.no\/pax\/produkt\/vannveien-gjennom-europa\/#primaryimage","url":"https:\/\/staging.forenteforlag.no\/pax\/wp-content\/uploads\/sites\/5\/2025\/08\/jpg-6672.jpg","contentUrl":"https:\/\/staging.forenteforlag.no\/pax\/wp-content\/uploads\/sites\/5\/2025\/08\/jpg-6672.jpg","width":323,"height":449},{"@type":"BreadcrumbList","@id":"https:\/\/staging.forenteforlag.no\/pax\/produkt\/vannveien-gjennom-europa\/#breadcrumb","itemListElement":[{"@type":"ListItem","position":1,"name":"Hjem","item":"https:\/\/staging.forenteforlag.no\/pax\/"},{"@type":"ListItem","position":2,"name":"Alle b\u00f8ker","item":"https:\/\/staging.forenteforlag.no\/pax\/butikk\/"},{"@type":"ListItem","position":3,"name":"Vannveien gjennom Europa"}]},{"@type":"WebSite","@id":"https:\/\/staging.forenteforlag.no\/pax\/#website","url":"https:\/\/staging.forenteforlag.no\/pax\/","name":"Pax","description":"","potentialAction":[{"@type":"SearchAction","target":{"@type":"EntryPoint","urlTemplate":"https:\/\/staging.forenteforlag.no\/pax\/?s={search_term_string}"},"query-input":{"@type":"PropertyValueSpecification","valueRequired":true,"valueName":"search_term_string"}}],"inLanguage":"nb-NO"}]}},"_links":{"self":[{"href":"https:\/\/staging.forenteforlag.no\/pax\/wp-json\/wp\/v2\/product\/20983","targetHints":{"allow":["GET"]}}],"collection":[{"href":"https:\/\/staging.forenteforlag.no\/pax\/wp-json\/wp\/v2\/product"}],"about":[{"href":"https:\/\/staging.forenteforlag.no\/pax\/wp-json\/wp\/v2\/types\/product"}],"wp:featuredmedia":[{"embeddable":true,"href":"https:\/\/staging.forenteforlag.no\/pax\/wp-json\/wp\/v2\/media\/28348"}],"wp:attachment":[{"href":"https:\/\/staging.forenteforlag.no\/pax\/wp-json\/wp\/v2\/media?parent=20983"}],"wp:term":[{"taxonomy":"product_brand","embeddable":true,"href":"https:\/\/staging.forenteforlag.no\/pax\/wp-json\/wp\/v2\/product_brand?post=20983"},{"taxonomy":"product_cat","embeddable":true,"href":"https:\/\/staging.forenteforlag.no\/pax\/wp-json\/wp\/v2\/product_cat?post=20983"},{"taxonomy":"product_tag","embeddable":true,"href":"https:\/\/staging.forenteforlag.no\/pax\/wp-json\/wp\/v2\/product_tag?post=20983"}],"curies":[{"name":"wp","href":"https:\/\/api.w.org\/{rel}","templated":true}]}}

<p>En bok om en båttur med snekke på tre elver gjennom fem land. En lang sommer følger vi et lite mannskap på Rhinen, Main og Donau, gjennom Nederland, Tyskland, Østerrike, Slovakia og Ungarn. Via den nye Main-Donau-kanalen og mer enn seksti skipssluser går ferden blant lektere og skyvebåter fra Nordsjøen til Jugoslavia. Reisen blir et møte med Europa . øst og vest, før og nå, økonomi og politikk. Boka forteller om konger og krig, kjærlighet og kunst, nasjonalisme og død.<br />
Dette er en essaysamling, en reiseskildring og en turdagbok, illustrert med malerier, tegninger og fotografier.</p>

<p>En bok om en båttur med snekke på tre elver gjennom fem land. En lang sommer følger vi et lite mannskap på Rhinen, Main og Donau, gjennom Nederland, Tyskland, Østerrike, Slovakia og Ungarn. Via den nye Main-Donau-kanalen og mer enn seksti skipssluser går ferden blant lektere og skyvebåter fra Nordsjøen til Jugoslavia. Reisen blir et [&hellip;]</p>

<!-- This site is optimized with the Yoast SEO plugin v26.6 - https://yoast.com/wordpress/plugins/seo/ -->
<title>Vannveien gjennom Europa - Pax</title>
<meta name="robots" content="noindex, follow, max-snippet:-1, max-image-preview:large, max-video-preview:-1" />
<meta property="og:locale" content="nb_NO" />
<meta property="og:type" content="article" />
<meta property="og:title" content="Vannveien gjennom Europa - Pax" />
<meta property="og:description" content="En bok om en båttur med snekke på tre elver gjennom fem land. En lang sommer følger vi et lite mannskap på Rhinen, Main og Donau, gjennom Nederland, Tyskland, Østerrike, Slovakia og Ungarn. Via den nye Main-Donau-kanalen og mer enn seksti skipssluser går ferden blant lektere og skyvebåter fra Nordsjøen til Jugoslavia. Reisen blir et [&hellip;]" />
<meta property="og:url" content="https://staging.forenteforlag.no/pax/produkt/vannveien-gjennom-europa/" />
<meta property="og:site_name" content="Pax" />
<meta property="article:modified_time" content="2026-03-04T19:22:02+00:00" />
<meta property="og:image" content="https://staging.forenteforlag.no/pax/wp-content/uploads/sites/5/2025/08/jpg-6672.jpg" />
	<meta property="og:image:width" content="323" />
	<meta property="og:image:height" content="449" />
	<meta property="og:image:type" content="image/jpeg" />
<meta name="twitter:card" content="summary_large_image" />
<meta name="twitter:label1" content="Ansl. lesetid" />
	<meta name="twitter:data1" content="1 minutt" />
<script type="application/ld+json" class="yoast-schema-graph">{"@context":"https://schema.org","@graph":[{"@type":"WebPage","@id":"https://staging.forenteforlag.no/pax/produkt/vannveien-gjennom-europa/","url":"https://staging.forenteforlag.no/pax/produkt/vannveien-gjennom-europa/","name":"Vannveien gjennom Europa - Pax","isPartOf":{"@id":"https://staging.forenteforlag.no/pax/#website"},"primaryImageOfPage":{"@id":"https://staging.forenteforlag.no/pax/produkt/vannveien-gjennom-europa/#primaryimage"},"image":{"@id":"https://staging.forenteforlag.no/pax/produkt/vannveien-gjennom-europa/#primaryimage"},"thumbnailUrl":"https://staging.forenteforlag.no/pax/wp-content/uploads/sites/5/2025/08/jpg-6672.jpg","datePublished":"2024-12-10T21:54:14+00:00","dateModified":"2026-03-04T19:22:02+00:00","breadcrumb":{"@id":"https://staging.forenteforlag.no/pax/produkt/vannveien-gjennom-europa/#breadcrumb"},"inLanguage":"nb-NO","potentialAction":[{"@type":"ReadAction","target":["https://staging.forenteforlag.no/pax/produkt/vannveien-gjennom-europa/"]}]},{"@type":"ImageObject","inLanguage":"nb-NO","@id":"https://staging.forenteforlag.no/pax/produkt/vannveien-gjennom-europa/#primaryimage","url":"https://staging.forenteforlag.no/pax/wp-content/uploads/sites/5/2025/08/jpg-6672.jpg","contentUrl":"https://staging.forenteforlag.no/pax/wp-content/uploads/sites/5/2025/08/jpg-6672.jpg","width":323,"height":449},{"@type":"BreadcrumbList","@id":"https://staging.forenteforlag.no/pax/produkt/vannveien-gjennom-europa/#breadcrumb","itemListElement":[{"@type":"ListItem","position":1,"name":"Hjem","item":"https://staging.forenteforlag.no/pax/"},{"@type":"ListItem","position":2,"name":"Alle bøker","item":"https://staging.forenteforlag.no/pax/butikk/"},{"@type":"ListItem","position":3,"name":"Vannveien gjennom Europa"}]},{"@type":"WebSite","@id":"https://staging.forenteforlag.no/pax/#website","url":"https://staging.forenteforlag.no/pax/","name":"Pax","description":"","potentialAction":[{"@type":"SearchAction","target":{"@type":"EntryPoint","urlTemplate":"https://staging.forenteforlag.no/pax/?s={search_term_string}"},"query-input":{"@type":"PropertyValueSpecification","valueRequired":true,"valueName":"search_term_string"}}],"inLanguage":"nb-NO"}]}</script>
<!-- / Yoast SEO plugin. -->

En bok om en båttur med snekke på tre elver gjennom fem land. En lang sommer følger vi et lite mannskap på Rhinen, Main og Donau, gjennom Nederland, Tyskland, Østerrike, Slovakia og Ungarn. Via den nye Main-Donau-kanalen og mer enn seksti skipssluser går ferden blant lektere og skyvebåter fra Nordsjøen til Jugoslavia. Reisen blir et [&hellip;]

Alle bøker
