{"id":20977,"date":"2008-11-18T01:00:00","date_gmt":"2008-11-18T00:00:00","guid":{"rendered":"https:\/\/pax.forenteforlag.no\/produkt\/globaliseringens-sosiologi\/"},"modified":"2026-03-03T21:49:06","modified_gmt":"2026-03-03T20:49:06","slug":"globaliseringens-sosiologi","status":"publish","type":"product","link":"https:\/\/staging.forenteforlag.no\/pax\/produkt\/globaliseringens-sosiologi\/","title":{"rendered":"Globaliseringens sosiologi"},"content":{"rendered":"<p>I denne boka ser professor i sosiologi, Saskia Sassen, p\u00e5 sted, rom og det nasjonale i studiet av globalisering. Ved \u00e5 understreke forholdet mellom det nasjonale og det lokale, introduseres leserne av denne boka for globale byer, transnasjonale selskaper og varekjeder. Sassens tiln\u00e6rming til globalisering gir nye analytiske verkt\u00f8y for \u00e5 kunne forst\u00e5 det komplekse ved den globale gjensidige avhengigheten. Sassen er ikke tidligere oversatt til norsk.<\/p>\n","protected":false},"excerpt":{"rendered":"<p>I denne boka ser professor i sosiologi, Saskia Sassen, p\u00e5 sted, rom og det nasjonale i studiet av globalisering. Ved \u00e5 understreke forholdet mellom det nasjonale og det lokale, introduseres leserne av denne boka for globale byer, transnasjonale selskaper og varekjeder. Sassens tiln\u00e6rming til globalisering gir nye analytiske verkt\u00f8y for \u00e5 kunne forst\u00e5 det komplekse [&hellip;]<\/p>\n","protected":false},"featured_media":28691,"template":"","meta":{"_acf_changed":false,"inline_featured_image":false},"product_brand":[],"product_cat":[1782],"product_tag":[362,1002,602],"class_list":{"0":"post-20977","1":"product","2":"type-product","3":"status-publish","4":"has-post-thumbnail","6":"product_cat-fripris","7":"product_tag-faglitteratur","8":"product_tag-globalisering","9":"product_tag-kultursosiologi","11":"first","12":"outofstock","13":"shipping-taxable","14":"purchasable","15":"product-type-simple"},"acf":{"anmeldelse":null},"yoast_head":"<!-- This site is optimized with the Yoast SEO plugin v26.6 - https:\/\/yoast.com\/wordpress\/plugins\/seo\/ -->\n<title>Globaliseringens sosiologi - Pax<\/title>\n<meta name=\"robots\" content=\"noindex, follow, max-snippet:-1, max-image-preview:large, max-video-preview:-1\" \/>\n<meta property=\"og:locale\" content=\"nb_NO\" \/>\n<meta property=\"og:type\" content=\"article\" \/>\n<meta property=\"og:title\" content=\"Globaliseringens sosiologi - Pax\" \/>\n<meta property=\"og:description\" content=\"I denne boka ser professor i sosiologi, Saskia Sassen, p\u00e5 sted, rom og det nasjonale i studiet av globalisering. Ved \u00e5 understreke forholdet mellom det nasjonale og det lokale, introduseres leserne av denne boka for globale byer, transnasjonale selskaper og varekjeder. Sassens tiln\u00e6rming til globalisering gir nye analytiske verkt\u00f8y for \u00e5 kunne forst\u00e5 det komplekse [&hellip;]\" \/>\n<meta property=\"og:url\" content=\"https:\/\/staging.forenteforlag.no\/pax\/produkt\/globaliseringens-sosiologi\/\" \/>\n<meta property=\"og:site_name\" content=\"Pax\" \/>\n<meta property=\"article:modified_time\" content=\"2026-03-03T20:49:06+00:00\" \/>\n<meta property=\"og:image\" content=\"https:\/\/staging.forenteforlag.no\/pax\/wp-content\/uploads\/sites\/5\/2025\/08\/jpg-7689.jpg\" \/>\n\t<meta property=\"og:image:width\" content=\"326\" \/>\n\t<meta property=\"og:image:height\" content=\"450\" \/>\n\t<meta property=\"og:image:type\" content=\"image\/jpeg\" \/>\n<meta name=\"twitter:card\" content=\"summary_large_image\" \/>\n<script type=\"application\/ld+json\" class=\"yoast-schema-graph\">{\"@context\":\"https:\/\/schema.org\",\"@graph\":[{\"@type\":\"WebPage\",\"@id\":\"https:\/\/staging.forenteforlag.no\/pax\/produkt\/globaliseringens-sosiologi\/\",\"url\":\"https:\/\/staging.forenteforlag.no\/pax\/produkt\/globaliseringens-sosiologi\/\",\"name\":\"Globaliseringens sosiologi - Pax\",\"isPartOf\":{\"@id\":\"https:\/\/staging.forenteforlag.no\/pax\/#website\"},\"primaryImageOfPage\":{\"@id\":\"https:\/\/staging.forenteforlag.no\/pax\/produkt\/globaliseringens-sosiologi\/#primaryimage\"},\"image\":{\"@id\":\"https:\/\/staging.forenteforlag.no\/pax\/produkt\/globaliseringens-sosiologi\/#primaryimage\"},\"thumbnailUrl\":\"https:\/\/staging.forenteforlag.no\/pax\/wp-content\/uploads\/sites\/5\/2025\/08\/jpg-7689.jpg\",\"datePublished\":\"2008-11-18T00:00:00+00:00\",\"dateModified\":\"2026-03-03T20:49:06+00:00\",\"breadcrumb\":{\"@id\":\"https:\/\/staging.forenteforlag.no\/pax\/produkt\/globaliseringens-sosiologi\/#breadcrumb\"},\"inLanguage\":\"nb-NO\",\"potentialAction\":[{\"@type\":\"ReadAction\",\"target\":[\"https:\/\/staging.forenteforlag.no\/pax\/produkt\/globaliseringens-sosiologi\/\"]}]},{\"@type\":\"ImageObject\",\"inLanguage\":\"nb-NO\",\"@id\":\"https:\/\/staging.forenteforlag.no\/pax\/produkt\/globaliseringens-sosiologi\/#primaryimage\",\"url\":\"https:\/\/staging.forenteforlag.no\/pax\/wp-content\/uploads\/sites\/5\/2025\/08\/jpg-7689.jpg\",\"contentUrl\":\"https:\/\/staging.forenteforlag.no\/pax\/wp-content\/uploads\/sites\/5\/2025\/08\/jpg-7689.jpg\",\"width\":326,\"height\":450},{\"@type\":\"BreadcrumbList\",\"@id\":\"https:\/\/staging.forenteforlag.no\/pax\/produkt\/globaliseringens-sosiologi\/#breadcrumb\",\"itemListElement\":[{\"@type\":\"ListItem\",\"position\":1,\"name\":\"Hjem\",\"item\":\"https:\/\/staging.forenteforlag.no\/pax\/\"},{\"@type\":\"ListItem\",\"position\":2,\"name\":\"Alle b\u00f8ker\",\"item\":\"https:\/\/staging.forenteforlag.no\/pax\/butikk\/\"},{\"@type\":\"ListItem\",\"position\":3,\"name\":\"Globaliseringens sosiologi\"}]},{\"@type\":\"WebSite\",\"@id\":\"https:\/\/staging.forenteforlag.no\/pax\/#website\",\"url\":\"https:\/\/staging.forenteforlag.no\/pax\/\",\"name\":\"Pax\",\"description\":\"\",\"potentialAction\":[{\"@type\":\"SearchAction\",\"target\":{\"@type\":\"EntryPoint\",\"urlTemplate\":\"https:\/\/staging.forenteforlag.no\/pax\/?s={search_term_string}\"},\"query-input\":{\"@type\":\"PropertyValueSpecification\",\"valueRequired\":true,\"valueName\":\"search_term_string\"}}],\"inLanguage\":\"nb-NO\"}]}<\/script>\n<!-- \/ Yoast SEO plugin. -->","yoast_head_json":{"title":"Globaliseringens sosiologi - Pax","robots":{"index":"noindex","follow":"follow","max-snippet":"max-snippet:-1","max-image-preview":"max-image-preview:large","max-video-preview":"max-video-preview:-1"},"og_locale":"nb_NO","og_type":"article","og_title":"Globaliseringens sosiologi - Pax","og_description":"I denne boka ser professor i sosiologi, Saskia Sassen, p\u00e5 sted, rom og det nasjonale i studiet av globalisering. Ved \u00e5 understreke forholdet mellom det nasjonale og det lokale, introduseres leserne av denne boka for globale byer, transnasjonale selskaper og varekjeder. Sassens tiln\u00e6rming til globalisering gir nye analytiske verkt\u00f8y for \u00e5 kunne forst\u00e5 det komplekse [&hellip;]","og_url":"https:\/\/staging.forenteforlag.no\/pax\/produkt\/globaliseringens-sosiologi\/","og_site_name":"Pax","article_modified_time":"2026-03-03T20:49:06+00:00","og_image":[{"width":326,"height":450,"url":"https:\/\/staging.forenteforlag.no\/pax\/wp-content\/uploads\/sites\/5\/2025\/08\/jpg-7689.jpg","type":"image\/jpeg"}],"twitter_card":"summary_large_image","schema":{"@context":"https:\/\/schema.org","@graph":[{"@type":"WebPage","@id":"https:\/\/staging.forenteforlag.no\/pax\/produkt\/globaliseringens-sosiologi\/","url":"https:\/\/staging.forenteforlag.no\/pax\/produkt\/globaliseringens-sosiologi\/","name":"Globaliseringens sosiologi - Pax","isPartOf":{"@id":"https:\/\/staging.forenteforlag.no\/pax\/#website"},"primaryImageOfPage":{"@id":"https:\/\/staging.forenteforlag.no\/pax\/produkt\/globaliseringens-sosiologi\/#primaryimage"},"image":{"@id":"https:\/\/staging.forenteforlag.no\/pax\/produkt\/globaliseringens-sosiologi\/#primaryimage"},"thumbnailUrl":"https:\/\/staging.forenteforlag.no\/pax\/wp-content\/uploads\/sites\/5\/2025\/08\/jpg-7689.jpg","datePublished":"2008-11-18T00:00:00+00:00","dateModified":"2026-03-03T20:49:06+00:00","breadcrumb":{"@id":"https:\/\/staging.forenteforlag.no\/pax\/produkt\/globaliseringens-sosiologi\/#breadcrumb"},"inLanguage":"nb-NO","potentialAction":[{"@type":"ReadAction","target":["https:\/\/staging.forenteforlag.no\/pax\/produkt\/globaliseringens-sosiologi\/"]}]},{"@type":"ImageObject","inLanguage":"nb-NO","@id":"https:\/\/staging.forenteforlag.no\/pax\/produkt\/globaliseringens-sosiologi\/#primaryimage","url":"https:\/\/staging.forenteforlag.no\/pax\/wp-content\/uploads\/sites\/5\/2025\/08\/jpg-7689.jpg","contentUrl":"https:\/\/staging.forenteforlag.no\/pax\/wp-content\/uploads\/sites\/5\/2025\/08\/jpg-7689.jpg","width":326,"height":450},{"@type":"BreadcrumbList","@id":"https:\/\/staging.forenteforlag.no\/pax\/produkt\/globaliseringens-sosiologi\/#breadcrumb","itemListElement":[{"@type":"ListItem","position":1,"name":"Hjem","item":"https:\/\/staging.forenteforlag.no\/pax\/"},{"@type":"ListItem","position":2,"name":"Alle b\u00f8ker","item":"https:\/\/staging.forenteforlag.no\/pax\/butikk\/"},{"@type":"ListItem","position":3,"name":"Globaliseringens sosiologi"}]},{"@type":"WebSite","@id":"https:\/\/staging.forenteforlag.no\/pax\/#website","url":"https:\/\/staging.forenteforlag.no\/pax\/","name":"Pax","description":"","potentialAction":[{"@type":"SearchAction","target":{"@type":"EntryPoint","urlTemplate":"https:\/\/staging.forenteforlag.no\/pax\/?s={search_term_string}"},"query-input":{"@type":"PropertyValueSpecification","valueRequired":true,"valueName":"search_term_string"}}],"inLanguage":"nb-NO"}]}},"_links":{"self":[{"href":"https:\/\/staging.forenteforlag.no\/pax\/wp-json\/wp\/v2\/product\/20977","targetHints":{"allow":["GET"]}}],"collection":[{"href":"https:\/\/staging.forenteforlag.no\/pax\/wp-json\/wp\/v2\/product"}],"about":[{"href":"https:\/\/staging.forenteforlag.no\/pax\/wp-json\/wp\/v2\/types\/product"}],"wp:featuredmedia":[{"embeddable":true,"href":"https:\/\/staging.forenteforlag.no\/pax\/wp-json\/wp\/v2\/media\/28691"}],"wp:attachment":[{"href":"https:\/\/staging.forenteforlag.no\/pax\/wp-json\/wp\/v2\/media?parent=20977"}],"wp:term":[{"taxonomy":"product_brand","embeddable":true,"href":"https:\/\/staging.forenteforlag.no\/pax\/wp-json\/wp\/v2\/product_brand?post=20977"},{"taxonomy":"product_cat","embeddable":true,"href":"https:\/\/staging.forenteforlag.no\/pax\/wp-json\/wp\/v2\/product_cat?post=20977"},{"taxonomy":"product_tag","embeddable":true,"href":"https:\/\/staging.forenteforlag.no\/pax\/wp-json\/wp\/v2\/product_tag?post=20977"}],"curies":[{"name":"wp","href":"https:\/\/api.w.org\/{rel}","templated":true}]}}