{"id":20960,"date":"2024-12-10T22:54:49","date_gmt":"2024-12-10T21:54:49","guid":{"rendered":"https:\/\/pax.forenteforlag.no\/produkt\/intifadens-barn\/"},"modified":"2026-03-04T17:06:42","modified_gmt":"2026-03-04T16:06:42","slug":"intifadens-barn","status":"publish","type":"product","link":"https:\/\/staging.forenteforlag.no\/pax\/produkt\/intifadens-barn\/","title":{"rendered":"Intifadens barn"},"content":{"rendered":"<p>Fotografen Karoline Frogner har i l\u00f8pet av de \u00e5rene den palestinske Intifadaen har vart, gjentatte ganger v\u00e6rt p\u00e5 reportasjereiser i omr\u00e5det. Reisene har resultert i INTIFADAENS BARN &#8211; en &laquo;annerledes krigsreportasje&raquo;. Karoline Frogners fotoform er direkte. \u00d8yenkontakten er viktig. Hun tilstreber st\u00f8rst mulig n\u00e6rhet i bildene og pr\u00f8ver \u00e5 komme bak myten om &laquo;palestineren med det maskerte ansiktet&raquo;.<\/p>\n","protected":false},"excerpt":{"rendered":"<p>Fotografen Karoline Frogner har i l\u00f8pet av de \u00e5rene den palestinske Intifadaen har vart, gjentatte ganger v\u00e6rt p\u00e5 reportasjereiser i omr\u00e5det. Reisene har resultert i INTIFADAENS BARN &#8211; en &laquo;annerledes krigsreportasje&raquo;. Karoline Frogners fotoform er direkte. \u00d8yenkontakten er viktig. Hun tilstreber st\u00f8rst mulig n\u00e6rhet i bildene og pr\u00f8ver \u00e5 komme bak myten om &laquo;palestineren med [&hellip;]<\/p>\n","protected":false},"featured_media":0,"template":"","meta":{"_acf_changed":false,"inline_featured_image":false},"product_brand":[],"product_cat":[1782],"product_tag":[362,542,958],"class_list":{"0":"post-20960","1":"product","2":"type-product","3":"status-publish","5":"product_cat-fripris","6":"product_tag-faglitteratur","7":"product_tag-fotokunst","8":"product_tag-palestina","10":"first","11":"outofstock","12":"taxable","13":"shipping-taxable","14":"purchasable","15":"product-type-simple"},"acf":{"anmeldelse":null},"yoast_head":"<!-- This site is optimized with the Yoast SEO plugin v26.6 - https:\/\/yoast.com\/wordpress\/plugins\/seo\/ -->\n<title>Intifadens barn - Pax<\/title>\n<meta name=\"robots\" content=\"noindex, follow, max-snippet:-1, max-image-preview:large, max-video-preview:-1\" \/>\n<meta property=\"og:locale\" content=\"nb_NO\" \/>\n<meta property=\"og:type\" content=\"article\" \/>\n<meta property=\"og:title\" content=\"Intifadens barn - Pax\" \/>\n<meta property=\"og:description\" content=\"Fotografen Karoline Frogner har i l\u00f8pet av de \u00e5rene den palestinske Intifadaen har vart, gjentatte ganger v\u00e6rt p\u00e5 reportasjereiser i omr\u00e5det. Reisene har resultert i INTIFADAENS BARN &#8211; en &laquo;annerledes krigsreportasje&raquo;. Karoline Frogners fotoform er direkte. \u00d8yenkontakten er viktig. Hun tilstreber st\u00f8rst mulig n\u00e6rhet i bildene og pr\u00f8ver \u00e5 komme bak myten om &laquo;palestineren med [&hellip;]\" \/>\n<meta property=\"og:url\" content=\"https:\/\/staging.forenteforlag.no\/pax\/produkt\/intifadens-barn\/\" \/>\n<meta property=\"og:site_name\" content=\"Pax\" \/>\n<meta property=\"article:modified_time\" content=\"2026-03-04T16:06:42+00:00\" \/>\n<meta property=\"og:image\" content=\"https:\/\/staging.forenteforlag.no\/pax\/wp-content\/uploads\/sites\/5\/2025\/02\/pax-hvit.jpg\" \/>\n\t<meta property=\"og:image:width\" content=\"1200\" \/>\n\t<meta property=\"og:image:height\" content=\"800\" \/>\n\t<meta property=\"og:image:type\" content=\"image\/jpeg\" \/>\n<meta name=\"twitter:card\" content=\"summary_large_image\" \/>\n<script type=\"application\/ld+json\" class=\"yoast-schema-graph\">{\"@context\":\"https:\/\/schema.org\",\"@graph\":[{\"@type\":\"WebPage\",\"@id\":\"https:\/\/staging.forenteforlag.no\/pax\/produkt\/intifadens-barn\/\",\"url\":\"https:\/\/staging.forenteforlag.no\/pax\/produkt\/intifadens-barn\/\",\"name\":\"Intifadens barn - Pax\",\"isPartOf\":{\"@id\":\"https:\/\/staging.forenteforlag.no\/pax\/#website\"},\"datePublished\":\"2024-12-10T21:54:49+00:00\",\"dateModified\":\"2026-03-04T16:06:42+00:00\",\"breadcrumb\":{\"@id\":\"https:\/\/staging.forenteforlag.no\/pax\/produkt\/intifadens-barn\/#breadcrumb\"},\"inLanguage\":\"nb-NO\",\"potentialAction\":[{\"@type\":\"ReadAction\",\"target\":[\"https:\/\/staging.forenteforlag.no\/pax\/produkt\/intifadens-barn\/\"]}]},{\"@type\":\"BreadcrumbList\",\"@id\":\"https:\/\/staging.forenteforlag.no\/pax\/produkt\/intifadens-barn\/#breadcrumb\",\"itemListElement\":[{\"@type\":\"ListItem\",\"position\":1,\"name\":\"Hjem\",\"item\":\"https:\/\/staging.forenteforlag.no\/pax\/\"},{\"@type\":\"ListItem\",\"position\":2,\"name\":\"Alle b\u00f8ker\",\"item\":\"https:\/\/staging.forenteforlag.no\/pax\/butikk\/\"},{\"@type\":\"ListItem\",\"position\":3,\"name\":\"Intifadens barn\"}]},{\"@type\":\"WebSite\",\"@id\":\"https:\/\/staging.forenteforlag.no\/pax\/#website\",\"url\":\"https:\/\/staging.forenteforlag.no\/pax\/\",\"name\":\"Pax\",\"description\":\"\",\"potentialAction\":[{\"@type\":\"SearchAction\",\"target\":{\"@type\":\"EntryPoint\",\"urlTemplate\":\"https:\/\/staging.forenteforlag.no\/pax\/?s={search_term_string}\"},\"query-input\":{\"@type\":\"PropertyValueSpecification\",\"valueRequired\":true,\"valueName\":\"search_term_string\"}}],\"inLanguage\":\"nb-NO\"}]}<\/script>\n<!-- \/ Yoast SEO plugin. -->","yoast_head_json":{"title":"Intifadens barn - Pax","robots":{"index":"noindex","follow":"follow","max-snippet":"max-snippet:-1","max-image-preview":"max-image-preview:large","max-video-preview":"max-video-preview:-1"},"og_locale":"nb_NO","og_type":"article","og_title":"Intifadens barn - Pax","og_description":"Fotografen Karoline Frogner har i l\u00f8pet av de \u00e5rene den palestinske Intifadaen har vart, gjentatte ganger v\u00e6rt p\u00e5 reportasjereiser i omr\u00e5det. Reisene har resultert i INTIFADAENS BARN &#8211; en &laquo;annerledes krigsreportasje&raquo;. Karoline Frogners fotoform er direkte. \u00d8yenkontakten er viktig. Hun tilstreber st\u00f8rst mulig n\u00e6rhet i bildene og pr\u00f8ver \u00e5 komme bak myten om &laquo;palestineren med [&hellip;]","og_url":"https:\/\/staging.forenteforlag.no\/pax\/produkt\/intifadens-barn\/","og_site_name":"Pax","article_modified_time":"2026-03-04T16:06:42+00:00","og_image":[{"width":1200,"height":800,"url":"https:\/\/staging.forenteforlag.no\/pax\/wp-content\/uploads\/sites\/5\/2025\/02\/pax-hvit.jpg","type":"image\/jpeg"}],"twitter_card":"summary_large_image","schema":{"@context":"https:\/\/schema.org","@graph":[{"@type":"WebPage","@id":"https:\/\/staging.forenteforlag.no\/pax\/produkt\/intifadens-barn\/","url":"https:\/\/staging.forenteforlag.no\/pax\/produkt\/intifadens-barn\/","name":"Intifadens barn - Pax","isPartOf":{"@id":"https:\/\/staging.forenteforlag.no\/pax\/#website"},"datePublished":"2024-12-10T21:54:49+00:00","dateModified":"2026-03-04T16:06:42+00:00","breadcrumb":{"@id":"https:\/\/staging.forenteforlag.no\/pax\/produkt\/intifadens-barn\/#breadcrumb"},"inLanguage":"nb-NO","potentialAction":[{"@type":"ReadAction","target":["https:\/\/staging.forenteforlag.no\/pax\/produkt\/intifadens-barn\/"]}]},{"@type":"BreadcrumbList","@id":"https:\/\/staging.forenteforlag.no\/pax\/produkt\/intifadens-barn\/#breadcrumb","itemListElement":[{"@type":"ListItem","position":1,"name":"Hjem","item":"https:\/\/staging.forenteforlag.no\/pax\/"},{"@type":"ListItem","position":2,"name":"Alle b\u00f8ker","item":"https:\/\/staging.forenteforlag.no\/pax\/butikk\/"},{"@type":"ListItem","position":3,"name":"Intifadens barn"}]},{"@type":"WebSite","@id":"https:\/\/staging.forenteforlag.no\/pax\/#website","url":"https:\/\/staging.forenteforlag.no\/pax\/","name":"Pax","description":"","potentialAction":[{"@type":"SearchAction","target":{"@type":"EntryPoint","urlTemplate":"https:\/\/staging.forenteforlag.no\/pax\/?s={search_term_string}"},"query-input":{"@type":"PropertyValueSpecification","valueRequired":true,"valueName":"search_term_string"}}],"inLanguage":"nb-NO"}]}},"_links":{"self":[{"href":"https:\/\/staging.forenteforlag.no\/pax\/wp-json\/wp\/v2\/product\/20960","targetHints":{"allow":["GET"]}}],"collection":[{"href":"https:\/\/staging.forenteforlag.no\/pax\/wp-json\/wp\/v2\/product"}],"about":[{"href":"https:\/\/staging.forenteforlag.no\/pax\/wp-json\/wp\/v2\/types\/product"}],"wp:attachment":[{"href":"https:\/\/staging.forenteforlag.no\/pax\/wp-json\/wp\/v2\/media?parent=20960"}],"wp:term":[{"taxonomy":"product_brand","embeddable":true,"href":"https:\/\/staging.forenteforlag.no\/pax\/wp-json\/wp\/v2\/product_brand?post=20960"},{"taxonomy":"product_cat","embeddable":true,"href":"https:\/\/staging.forenteforlag.no\/pax\/wp-json\/wp\/v2\/product_cat?post=20960"},{"taxonomy":"product_tag","embeddable":true,"href":"https:\/\/staging.forenteforlag.no\/pax\/wp-json\/wp\/v2\/product_tag?post=20960"}],"curies":[{"name":"wp","href":"https:\/\/api.w.org\/{rel}","templated":true}]}}

<p>Fotografen Karoline Frogner har i løpet av de årene den palestinske Intifadaen har vart, gjentatte ganger vært på reportasjereiser i området. Reisene har resultert i INTIFADAENS BARN &#8211; en &laquo;annerledes krigsreportasje&raquo;. Karoline Frogners fotoform er direkte. Øyenkontakten er viktig. Hun tilstreber størst mulig nærhet i bildene og prøver å komme bak myten om &laquo;palestineren med det maskerte ansiktet&raquo;.</p>

<p>Fotografen Karoline Frogner har i løpet av de årene den palestinske Intifadaen har vart, gjentatte ganger vært på reportasjereiser i området. Reisene har resultert i INTIFADAENS BARN &#8211; en &laquo;annerledes krigsreportasje&raquo;. Karoline Frogners fotoform er direkte. Øyenkontakten er viktig. Hun tilstreber størst mulig nærhet i bildene og prøver å komme bak myten om &laquo;palestineren med [&hellip;]</p>

<!-- This site is optimized with the Yoast SEO plugin v26.6 - https://yoast.com/wordpress/plugins/seo/ -->
<title>Intifadens barn - Pax</title>
<meta name="robots" content="noindex, follow, max-snippet:-1, max-image-preview:large, max-video-preview:-1" />
<meta property="og:locale" content="nb_NO" />
<meta property="og:type" content="article" />
<meta property="og:title" content="Intifadens barn - Pax" />
<meta property="og:description" content="Fotografen Karoline Frogner har i løpet av de årene den palestinske Intifadaen har vart, gjentatte ganger vært på reportasjereiser i området. Reisene har resultert i INTIFADAENS BARN &#8211; en &laquo;annerledes krigsreportasje&raquo;. Karoline Frogners fotoform er direkte. Øyenkontakten er viktig. Hun tilstreber størst mulig nærhet i bildene og prøver å komme bak myten om &laquo;palestineren med [&hellip;]" />
<meta property="og:url" content="https://staging.forenteforlag.no/pax/produkt/intifadens-barn/" />
<meta property="og:site_name" content="Pax" />
<meta property="article:modified_time" content="2026-03-04T16:06:42+00:00" />
<meta property="og:image" content="https://staging.forenteforlag.no/pax/wp-content/uploads/sites/5/2025/02/pax-hvit.jpg" />
	<meta property="og:image:width" content="1200" />
	<meta property="og:image:height" content="800" />
	<meta property="og:image:type" content="image/jpeg" />
<meta name="twitter:card" content="summary_large_image" />
<script type="application/ld+json" class="yoast-schema-graph">{"@context":"https://schema.org","@graph":[{"@type":"WebPage","@id":"https://staging.forenteforlag.no/pax/produkt/intifadens-barn/","url":"https://staging.forenteforlag.no/pax/produkt/intifadens-barn/","name":"Intifadens barn - Pax","isPartOf":{"@id":"https://staging.forenteforlag.no/pax/#website"},"datePublished":"2024-12-10T21:54:49+00:00","dateModified":"2026-03-04T16:06:42+00:00","breadcrumb":{"@id":"https://staging.forenteforlag.no/pax/produkt/intifadens-barn/#breadcrumb"},"inLanguage":"nb-NO","potentialAction":[{"@type":"ReadAction","target":["https://staging.forenteforlag.no/pax/produkt/intifadens-barn/"]}]},{"@type":"BreadcrumbList","@id":"https://staging.forenteforlag.no/pax/produkt/intifadens-barn/#breadcrumb","itemListElement":[{"@type":"ListItem","position":1,"name":"Hjem","item":"https://staging.forenteforlag.no/pax/"},{"@type":"ListItem","position":2,"name":"Alle bøker","item":"https://staging.forenteforlag.no/pax/butikk/"},{"@type":"ListItem","position":3,"name":"Intifadens barn"}]},{"@type":"WebSite","@id":"https://staging.forenteforlag.no/pax/#website","url":"https://staging.forenteforlag.no/pax/","name":"Pax","description":"","potentialAction":[{"@type":"SearchAction","target":{"@type":"EntryPoint","urlTemplate":"https://staging.forenteforlag.no/pax/?s={search_term_string}"},"query-input":{"@type":"PropertyValueSpecification","valueRequired":true,"valueName":"search_term_string"}}],"inLanguage":"nb-NO"}]}</script>
<!-- / Yoast SEO plugin. -->

Fotografen Karoline Frogner har i løpet av de årene den palestinske Intifadaen har vart, gjentatte ganger vært på reportasjereiser i området. Reisene har resultert i INTIFADAENS BARN &#8211; en &laquo;annerledes krigsreportasje&raquo;. Karoline Frogners fotoform er direkte. Øyenkontakten er viktig. Hun tilstreber størst mulig nærhet i bildene og prøver å komme bak myten om &laquo;palestineren med [&hellip;]

Alle bøker
