{"id":20944,"date":"2024-12-10T22:55:42","date_gmt":"2024-12-10T21:55:42","guid":{"rendered":"https:\/\/pax.forenteforlag.no\/produkt\/kvinners-ubestemte-helseplager\/"},"modified":"2026-03-04T20:34:58","modified_gmt":"2026-03-04T19:34:58","slug":"kvinners-ubestemte-helseplager","status":"publish","type":"product","link":"https:\/\/staging.forenteforlag.no\/pax\/produkt\/kvinners-ubestemte-helseplager\/","title":{"rendered":"Kvinners ubestemte helseplager"},"content":{"rendered":"<p>Mange kvinner har symptomer som legen oppfatter som ubestemte, der det er vanskelig \u00e5 stille en medisinsk diagnose. Eksempler p\u00e5 ubestemte plager er fibromyalgi og kroniske muskelsmerter, kronisk utmattelsessyndrom, bekkenl\u00f8sning, irritabel tarm, nakkesleng, spenningshodepine, urinr\u00f8rskatarr og \u00f8resus. I denne boka settes det sp\u00f8rsm\u00e5lstegn ved ubestemtheten og andre etablerte sannheter. Forfatterne utfordrer ogs\u00e5 eksisterende medisinsk kunnskap ved \u00e5 legge fram nye perspektiver basert p\u00e5 anerkjennelse av kvinnenes livsverden og levek\u00e5r.<\/p>\n","protected":false},"excerpt":{"rendered":"<p>Mange kvinner har symptomer som legen oppfatter som ubestemte, der det er vanskelig \u00e5 stille en medisinsk diagnose. Eksempler p\u00e5 ubestemte plager er fibromyalgi og kroniske muskelsmerter, kronisk utmattelsessyndrom, bekkenl\u00f8sning, irritabel tarm, nakkesleng, spenningshodepine, urinr\u00f8rskatarr og \u00f8resus. I denne boka settes det sp\u00f8rsm\u00e5lstegn ved ubestemtheten og andre etablerte sannheter. Forfatterne utfordrer ogs\u00e5 eksisterende medisinsk kunnskap [&hellip;]<\/p>\n","protected":false},"featured_media":28524,"template":"","meta":{"_acf_changed":false,"inline_featured_image":false},"product_brand":[],"product_cat":[1782],"product_tag":[362,508,380],"class_list":{"0":"post-20944","1":"product","2":"type-product","3":"status-publish","4":"has-post-thumbnail","6":"product_cat-fripris","7":"product_tag-faglitteratur","8":"product_tag-folkehelse","9":"product_tag-kvinner","11":"first","12":"outofstock","13":"taxable","14":"shipping-taxable","15":"purchasable","16":"product-type-simple"},"acf":{"anmeldelse":null},"yoast_head":"<!-- This site is optimized with the Yoast SEO plugin v26.6 - https:\/\/yoast.com\/wordpress\/plugins\/seo\/ -->\n<title>Kvinners ubestemte helseplager - Pax<\/title>\n<meta name=\"robots\" content=\"noindex, follow, max-snippet:-1, max-image-preview:large, max-video-preview:-1\" \/>\n<meta property=\"og:locale\" content=\"nb_NO\" \/>\n<meta property=\"og:type\" content=\"article\" \/>\n<meta property=\"og:title\" content=\"Kvinners ubestemte helseplager - Pax\" \/>\n<meta property=\"og:description\" content=\"Mange kvinner har symptomer som legen oppfatter som ubestemte, der det er vanskelig \u00e5 stille en medisinsk diagnose. Eksempler p\u00e5 ubestemte plager er fibromyalgi og kroniske muskelsmerter, kronisk utmattelsessyndrom, bekkenl\u00f8sning, irritabel tarm, nakkesleng, spenningshodepine, urinr\u00f8rskatarr og \u00f8resus. I denne boka settes det sp\u00f8rsm\u00e5lstegn ved ubestemtheten og andre etablerte sannheter. Forfatterne utfordrer ogs\u00e5 eksisterende medisinsk kunnskap [&hellip;]\" \/>\n<meta property=\"og:url\" content=\"https:\/\/staging.forenteforlag.no\/pax\/produkt\/kvinners-ubestemte-helseplager\/\" \/>\n<meta property=\"og:site_name\" content=\"Pax\" \/>\n<meta property=\"article:modified_time\" content=\"2026-03-04T19:34:58+00:00\" \/>\n<meta property=\"og:image\" content=\"https:\/\/staging.forenteforlag.no\/pax\/wp-content\/uploads\/sites\/5\/2025\/08\/jpg-7192.jpg\" \/>\n\t<meta property=\"og:image:width\" content=\"265\" \/>\n\t<meta property=\"og:image:height\" content=\"449\" \/>\n\t<meta property=\"og:image:type\" content=\"image\/jpeg\" \/>\n<meta name=\"twitter:card\" content=\"summary_large_image\" \/>\n<script type=\"application\/ld+json\" class=\"yoast-schema-graph\">{\"@context\":\"https:\/\/schema.org\",\"@graph\":[{\"@type\":\"WebPage\",\"@id\":\"https:\/\/staging.forenteforlag.no\/pax\/produkt\/kvinners-ubestemte-helseplager\/\",\"url\":\"https:\/\/staging.forenteforlag.no\/pax\/produkt\/kvinners-ubestemte-helseplager\/\",\"name\":\"Kvinners ubestemte helseplager - Pax\",\"isPartOf\":{\"@id\":\"https:\/\/staging.forenteforlag.no\/pax\/#website\"},\"primaryImageOfPage\":{\"@id\":\"https:\/\/staging.forenteforlag.no\/pax\/produkt\/kvinners-ubestemte-helseplager\/#primaryimage\"},\"image\":{\"@id\":\"https:\/\/staging.forenteforlag.no\/pax\/produkt\/kvinners-ubestemte-helseplager\/#primaryimage\"},\"thumbnailUrl\":\"https:\/\/staging.forenteforlag.no\/pax\/wp-content\/uploads\/sites\/5\/2025\/08\/jpg-7192.jpg\",\"datePublished\":\"2024-12-10T21:55:42+00:00\",\"dateModified\":\"2026-03-04T19:34:58+00:00\",\"breadcrumb\":{\"@id\":\"https:\/\/staging.forenteforlag.no\/pax\/produkt\/kvinners-ubestemte-helseplager\/#breadcrumb\"},\"inLanguage\":\"nb-NO\",\"potentialAction\":[{\"@type\":\"ReadAction\",\"target\":[\"https:\/\/staging.forenteforlag.no\/pax\/produkt\/kvinners-ubestemte-helseplager\/\"]}]},{\"@type\":\"ImageObject\",\"inLanguage\":\"nb-NO\",\"@id\":\"https:\/\/staging.forenteforlag.no\/pax\/produkt\/kvinners-ubestemte-helseplager\/#primaryimage\",\"url\":\"https:\/\/staging.forenteforlag.no\/pax\/wp-content\/uploads\/sites\/5\/2025\/08\/jpg-7192.jpg\",\"contentUrl\":\"https:\/\/staging.forenteforlag.no\/pax\/wp-content\/uploads\/sites\/5\/2025\/08\/jpg-7192.jpg\",\"width\":265,\"height\":449},{\"@type\":\"BreadcrumbList\",\"@id\":\"https:\/\/staging.forenteforlag.no\/pax\/produkt\/kvinners-ubestemte-helseplager\/#breadcrumb\",\"itemListElement\":[{\"@type\":\"ListItem\",\"position\":1,\"name\":\"Hjem\",\"item\":\"https:\/\/staging.forenteforlag.no\/pax\/\"},{\"@type\":\"ListItem\",\"position\":2,\"name\":\"Alle b\u00f8ker\",\"item\":\"https:\/\/staging.forenteforlag.no\/pax\/butikk\/\"},{\"@type\":\"ListItem\",\"position\":3,\"name\":\"Kvinners ubestemte helseplager\"}]},{\"@type\":\"WebSite\",\"@id\":\"https:\/\/staging.forenteforlag.no\/pax\/#website\",\"url\":\"https:\/\/staging.forenteforlag.no\/pax\/\",\"name\":\"Pax\",\"description\":\"\",\"potentialAction\":[{\"@type\":\"SearchAction\",\"target\":{\"@type\":\"EntryPoint\",\"urlTemplate\":\"https:\/\/staging.forenteforlag.no\/pax\/?s={search_term_string}\"},\"query-input\":{\"@type\":\"PropertyValueSpecification\",\"valueRequired\":true,\"valueName\":\"search_term_string\"}}],\"inLanguage\":\"nb-NO\"}]}<\/script>\n<!-- \/ Yoast SEO plugin. -->","yoast_head_json":{"title":"Kvinners ubestemte helseplager - Pax","robots":{"index":"noindex","follow":"follow","max-snippet":"max-snippet:-1","max-image-preview":"max-image-preview:large","max-video-preview":"max-video-preview:-1"},"og_locale":"nb_NO","og_type":"article","og_title":"Kvinners ubestemte helseplager - Pax","og_description":"Mange kvinner har symptomer som legen oppfatter som ubestemte, der det er vanskelig \u00e5 stille en medisinsk diagnose. Eksempler p\u00e5 ubestemte plager er fibromyalgi og kroniske muskelsmerter, kronisk utmattelsessyndrom, bekkenl\u00f8sning, irritabel tarm, nakkesleng, spenningshodepine, urinr\u00f8rskatarr og \u00f8resus. I denne boka settes det sp\u00f8rsm\u00e5lstegn ved ubestemtheten og andre etablerte sannheter. Forfatterne utfordrer ogs\u00e5 eksisterende medisinsk kunnskap [&hellip;]","og_url":"https:\/\/staging.forenteforlag.no\/pax\/produkt\/kvinners-ubestemte-helseplager\/","og_site_name":"Pax","article_modified_time":"2026-03-04T19:34:58+00:00","og_image":[{"width":265,"height":449,"url":"https:\/\/staging.forenteforlag.no\/pax\/wp-content\/uploads\/sites\/5\/2025\/08\/jpg-7192.jpg","type":"image\/jpeg"}],"twitter_card":"summary_large_image","schema":{"@context":"https:\/\/schema.org","@graph":[{"@type":"WebPage","@id":"https:\/\/staging.forenteforlag.no\/pax\/produkt\/kvinners-ubestemte-helseplager\/","url":"https:\/\/staging.forenteforlag.no\/pax\/produkt\/kvinners-ubestemte-helseplager\/","name":"Kvinners ubestemte helseplager - Pax","isPartOf":{"@id":"https:\/\/staging.forenteforlag.no\/pax\/#website"},"primaryImageOfPage":{"@id":"https:\/\/staging.forenteforlag.no\/pax\/produkt\/kvinners-ubestemte-helseplager\/#primaryimage"},"image":{"@id":"https:\/\/staging.forenteforlag.no\/pax\/produkt\/kvinners-ubestemte-helseplager\/#primaryimage"},"thumbnailUrl":"https:\/\/staging.forenteforlag.no\/pax\/wp-content\/uploads\/sites\/5\/2025\/08\/jpg-7192.jpg","datePublished":"2024-12-10T21:55:42+00:00","dateModified":"2026-03-04T19:34:58+00:00","breadcrumb":{"@id":"https:\/\/staging.forenteforlag.no\/pax\/produkt\/kvinners-ubestemte-helseplager\/#breadcrumb"},"inLanguage":"nb-NO","potentialAction":[{"@type":"ReadAction","target":["https:\/\/staging.forenteforlag.no\/pax\/produkt\/kvinners-ubestemte-helseplager\/"]}]},{"@type":"ImageObject","inLanguage":"nb-NO","@id":"https:\/\/staging.forenteforlag.no\/pax\/produkt\/kvinners-ubestemte-helseplager\/#primaryimage","url":"https:\/\/staging.forenteforlag.no\/pax\/wp-content\/uploads\/sites\/5\/2025\/08\/jpg-7192.jpg","contentUrl":"https:\/\/staging.forenteforlag.no\/pax\/wp-content\/uploads\/sites\/5\/2025\/08\/jpg-7192.jpg","width":265,"height":449},{"@type":"BreadcrumbList","@id":"https:\/\/staging.forenteforlag.no\/pax\/produkt\/kvinners-ubestemte-helseplager\/#breadcrumb","itemListElement":[{"@type":"ListItem","position":1,"name":"Hjem","item":"https:\/\/staging.forenteforlag.no\/pax\/"},{"@type":"ListItem","position":2,"name":"Alle b\u00f8ker","item":"https:\/\/staging.forenteforlag.no\/pax\/butikk\/"},{"@type":"ListItem","position":3,"name":"Kvinners ubestemte helseplager"}]},{"@type":"WebSite","@id":"https:\/\/staging.forenteforlag.no\/pax\/#website","url":"https:\/\/staging.forenteforlag.no\/pax\/","name":"Pax","description":"","potentialAction":[{"@type":"SearchAction","target":{"@type":"EntryPoint","urlTemplate":"https:\/\/staging.forenteforlag.no\/pax\/?s={search_term_string}"},"query-input":{"@type":"PropertyValueSpecification","valueRequired":true,"valueName":"search_term_string"}}],"inLanguage":"nb-NO"}]}},"_links":{"self":[{"href":"https:\/\/staging.forenteforlag.no\/pax\/wp-json\/wp\/v2\/product\/20944","targetHints":{"allow":["GET"]}}],"collection":[{"href":"https:\/\/staging.forenteforlag.no\/pax\/wp-json\/wp\/v2\/product"}],"about":[{"href":"https:\/\/staging.forenteforlag.no\/pax\/wp-json\/wp\/v2\/types\/product"}],"wp:featuredmedia":[{"embeddable":true,"href":"https:\/\/staging.forenteforlag.no\/pax\/wp-json\/wp\/v2\/media\/28524"}],"wp:attachment":[{"href":"https:\/\/staging.forenteforlag.no\/pax\/wp-json\/wp\/v2\/media?parent=20944"}],"wp:term":[{"taxonomy":"product_brand","embeddable":true,"href":"https:\/\/staging.forenteforlag.no\/pax\/wp-json\/wp\/v2\/product_brand?post=20944"},{"taxonomy":"product_cat","embeddable":true,"href":"https:\/\/staging.forenteforlag.no\/pax\/wp-json\/wp\/v2\/product_cat?post=20944"},{"taxonomy":"product_tag","embeddable":true,"href":"https:\/\/staging.forenteforlag.no\/pax\/wp-json\/wp\/v2\/product_tag?post=20944"}],"curies":[{"name":"wp","href":"https:\/\/api.w.org\/{rel}","templated":true}]}}