{"id":20880,"date":"2014-09-03T02:00:00","date_gmt":"2014-09-03T00:00:00","guid":{"rendered":"https:\/\/pax.forenteforlag.no\/produkt\/den-tapte-krigen\/"},"modified":"2025-08-27T08:25:53","modified_gmt":"2025-08-27T06:25:53","slug":"den-tapte-krigen","status":"publish","type":"product","link":"https:\/\/staging.forenteforlag.no\/pax\/produkt\/den-tapte-krigen\/","title":{"rendered":"Den tapte krigen"},"content":{"rendered":"<p>Etter terrorangrepene p\u00e5 USA 11. september 2001 ble det raskt klart at de ansvarlige var Al-Qaida, en terrororganisasjon basert i Afghanistan, og USA ville reagere ved \u00e5 g\u00e5 til krig mot landet. Dagen f\u00f8r hadde Stoltenberg I-regjeringen tapt det norske stortingsvalget, men uten at noen opplagt etterf\u00f8lger var klar, og Norge befant seg n\u00e6rmest i et maktvakum. Avgj\u00f8relsen virket likevel opplagt: Norge skulle som lojalt NATO-land bidra i det milit\u00e6re svaret p\u00e5 angrepet. 13 \u00e5r senere er det uklart hva vi har oppn\u00e5dd, hva som var form\u00e5let med krigen, og hvordan det vil g\u00e5 med Afghanistan videre. <\/p>\n<p>Denne boken forteller historien om Norges krigsengasjement i Afghanistan, fra begynnelsen og helt frem til i dag. Fredrik Gr\u00e6svik viser oss de politiske prosessene i kj\u00f8lvannet av 11. september, vi f\u00e5r innblikk i milit\u00e6rstrategiske avveininger, vi f\u00f8lger de norske soldatenes innsats p\u00e5 bakken, vi m\u00f8ter etterlatte etter soldater som aldri kom hjem, og vi ser hvordan den norske tilstedev\u00e6relsen har preget livet for den afghanske sivilbefolkningen. Etter \u00e5 ha dekket konflikten for TV2 gjennom alle \u00e5r, har Gr\u00e6svik f\u00e5tt et vidt nettverk av kilder p\u00e5 mange niv\u00e5er p\u00e5 norsk og afghansk side, og fortellingen hans har blitt et perspektivrikt flettverk. Samlet gj\u00f8r dette boken til en dystert og tankevekkende oversiktsbilde. <\/p>\n","protected":false},"excerpt":{"rendered":"<p>Etter terrorangrepene p\u00e5 USA 11. september 2001 ble det raskt klart at de ansvarlige var Al-Qaida, en terrororganisasjon basert i Afghanistan, og USA ville reagere ved \u00e5 g\u00e5 til krig mot landet. Dagen f\u00f8r hadde Stoltenberg I-regjeringen tapt det norske stortingsvalget, men uten at noen opplagt etterf\u00f8lger var klar, og Norge befant seg n\u00e6rmest i [&hellip;]<\/p>\n","protected":false},"featured_media":28146,"template":"","meta":{"_acf_changed":false,"inline_featured_image":false},"product_brand":[],"product_cat":[23],"product_tag":[364,367,592,405,362,1428,555],"class_list":{"0":"post-20880","1":"product","2":"type-product","3":"status-publish","4":"has-post-thumbnail","6":"product_cat-historie","7":"product_tag-2000-2009","8":"product_tag-2010-2019","9":"product_tag-afghanistan","10":"product_tag-andre-verdenskrig","11":"product_tag-faglitteratur","12":"product_tag-fredsbevarende-operasjoner","13":"product_tag-internasjonal-politikk","14":"pa_format-innbundet","16":"first","17":"outofstock","18":"shipping-taxable","19":"purchasable","20":"product-type-simple"},"acf":{"anmeldelse":null},"yoast_head":"<!-- This site is optimized with the Yoast SEO plugin v26.6 - https:\/\/yoast.com\/wordpress\/plugins\/seo\/ -->\n<title>Den tapte krigen - Pax<\/title>\n<meta name=\"robots\" content=\"noindex, follow, max-snippet:-1, max-image-preview:large, max-video-preview:-1\" \/>\n<meta property=\"og:locale\" content=\"nb_NO\" \/>\n<meta property=\"og:type\" content=\"article\" \/>\n<meta property=\"og:title\" content=\"Den tapte krigen - Pax\" \/>\n<meta property=\"og:description\" content=\"Etter terrorangrepene p\u00e5 USA 11. september 2001 ble det raskt klart at de ansvarlige var Al-Qaida, en terrororganisasjon basert i Afghanistan, og USA ville reagere ved \u00e5 g\u00e5 til krig mot landet. Dagen f\u00f8r hadde Stoltenberg I-regjeringen tapt det norske stortingsvalget, men uten at noen opplagt etterf\u00f8lger var klar, og Norge befant seg n\u00e6rmest i [&hellip;]\" \/>\n<meta property=\"og:url\" content=\"https:\/\/staging.forenteforlag.no\/pax\/produkt\/den-tapte-krigen\/\" \/>\n<meta property=\"og:site_name\" content=\"Pax\" \/>\n<meta property=\"article:modified_time\" content=\"2025-08-27T06:25:53+00:00\" \/>\n<meta property=\"og:image\" content=\"https:\/\/staging.forenteforlag.no\/pax\/wp-content\/uploads\/sites\/5\/2025\/08\/jpg-6121.jpg\" \/>\n\t<meta property=\"og:image:width\" content=\"319\" \/>\n\t<meta property=\"og:image:height\" content=\"449\" \/>\n\t<meta property=\"og:image:type\" content=\"image\/jpeg\" \/>\n<meta name=\"twitter:card\" content=\"summary_large_image\" \/>\n<meta name=\"twitter:label1\" content=\"Ansl. lesetid\" \/>\n\t<meta name=\"twitter:data1\" content=\"1 minutt\" \/>\n<script type=\"application\/ld+json\" class=\"yoast-schema-graph\">{\"@context\":\"https:\/\/schema.org\",\"@graph\":[{\"@type\":\"WebPage\",\"@id\":\"https:\/\/staging.forenteforlag.no\/pax\/produkt\/den-tapte-krigen\/\",\"url\":\"https:\/\/staging.forenteforlag.no\/pax\/produkt\/den-tapte-krigen\/\",\"name\":\"Den tapte krigen - Pax\",\"isPartOf\":{\"@id\":\"https:\/\/staging.forenteforlag.no\/pax\/#website\"},\"primaryImageOfPage\":{\"@id\":\"https:\/\/staging.forenteforlag.no\/pax\/produkt\/den-tapte-krigen\/#primaryimage\"},\"image\":{\"@id\":\"https:\/\/staging.forenteforlag.no\/pax\/produkt\/den-tapte-krigen\/#primaryimage\"},\"thumbnailUrl\":\"https:\/\/staging.forenteforlag.no\/pax\/wp-content\/uploads\/sites\/5\/2025\/08\/jpg-6121.jpg\",\"datePublished\":\"2014-09-03T00:00:00+00:00\",\"dateModified\":\"2025-08-27T06:25:53+00:00\",\"breadcrumb\":{\"@id\":\"https:\/\/staging.forenteforlag.no\/pax\/produkt\/den-tapte-krigen\/#breadcrumb\"},\"inLanguage\":\"nb-NO\",\"potentialAction\":[{\"@type\":\"ReadAction\",\"target\":[\"https:\/\/staging.forenteforlag.no\/pax\/produkt\/den-tapte-krigen\/\"]}]},{\"@type\":\"ImageObject\",\"inLanguage\":\"nb-NO\",\"@id\":\"https:\/\/staging.forenteforlag.no\/pax\/produkt\/den-tapte-krigen\/#primaryimage\",\"url\":\"https:\/\/staging.forenteforlag.no\/pax\/wp-content\/uploads\/sites\/5\/2025\/08\/jpg-6121.jpg\",\"contentUrl\":\"https:\/\/staging.forenteforlag.no\/pax\/wp-content\/uploads\/sites\/5\/2025\/08\/jpg-6121.jpg\",\"width\":319,\"height\":449},{\"@type\":\"BreadcrumbList\",\"@id\":\"https:\/\/staging.forenteforlag.no\/pax\/produkt\/den-tapte-krigen\/#breadcrumb\",\"itemListElement\":[{\"@type\":\"ListItem\",\"position\":1,\"name\":\"Hjem\",\"item\":\"https:\/\/staging.forenteforlag.no\/pax\/\"},{\"@type\":\"ListItem\",\"position\":2,\"name\":\"Alle b\u00f8ker\",\"item\":\"https:\/\/staging.forenteforlag.no\/pax\/butikk\/\"},{\"@type\":\"ListItem\",\"position\":3,\"name\":\"Den tapte krigen\"}]},{\"@type\":\"WebSite\",\"@id\":\"https:\/\/staging.forenteforlag.no\/pax\/#website\",\"url\":\"https:\/\/staging.forenteforlag.no\/pax\/\",\"name\":\"Pax\",\"description\":\"\",\"potentialAction\":[{\"@type\":\"SearchAction\",\"target\":{\"@type\":\"EntryPoint\",\"urlTemplate\":\"https:\/\/staging.forenteforlag.no\/pax\/?s={search_term_string}\"},\"query-input\":{\"@type\":\"PropertyValueSpecification\",\"valueRequired\":true,\"valueName\":\"search_term_string\"}}],\"inLanguage\":\"nb-NO\"}]}<\/script>\n<!-- \/ Yoast SEO plugin. -->","yoast_head_json":{"title":"Den tapte krigen - Pax","robots":{"index":"noindex","follow":"follow","max-snippet":"max-snippet:-1","max-image-preview":"max-image-preview:large","max-video-preview":"max-video-preview:-1"},"og_locale":"nb_NO","og_type":"article","og_title":"Den tapte krigen - Pax","og_description":"Etter terrorangrepene p\u00e5 USA 11. september 2001 ble det raskt klart at de ansvarlige var Al-Qaida, en terrororganisasjon basert i Afghanistan, og USA ville reagere ved \u00e5 g\u00e5 til krig mot landet. Dagen f\u00f8r hadde Stoltenberg I-regjeringen tapt det norske stortingsvalget, men uten at noen opplagt etterf\u00f8lger var klar, og Norge befant seg n\u00e6rmest i [&hellip;]","og_url":"https:\/\/staging.forenteforlag.no\/pax\/produkt\/den-tapte-krigen\/","og_site_name":"Pax","article_modified_time":"2025-08-27T06:25:53+00:00","og_image":[{"width":319,"height":449,"url":"https:\/\/staging.forenteforlag.no\/pax\/wp-content\/uploads\/sites\/5\/2025\/08\/jpg-6121.jpg","type":"image\/jpeg"}],"twitter_card":"summary_large_image","twitter_misc":{"Ansl. lesetid":"1 minutt"},"schema":{"@context":"https:\/\/schema.org","@graph":[{"@type":"WebPage","@id":"https:\/\/staging.forenteforlag.no\/pax\/produkt\/den-tapte-krigen\/","url":"https:\/\/staging.forenteforlag.no\/pax\/produkt\/den-tapte-krigen\/","name":"Den tapte krigen - Pax","isPartOf":{"@id":"https:\/\/staging.forenteforlag.no\/pax\/#website"},"primaryImageOfPage":{"@id":"https:\/\/staging.forenteforlag.no\/pax\/produkt\/den-tapte-krigen\/#primaryimage"},"image":{"@id":"https:\/\/staging.forenteforlag.no\/pax\/produkt\/den-tapte-krigen\/#primaryimage"},"thumbnailUrl":"https:\/\/staging.forenteforlag.no\/pax\/wp-content\/uploads\/sites\/5\/2025\/08\/jpg-6121.jpg","datePublished":"2014-09-03T00:00:00+00:00","dateModified":"2025-08-27T06:25:53+00:00","breadcrumb":{"@id":"https:\/\/staging.forenteforlag.no\/pax\/produkt\/den-tapte-krigen\/#breadcrumb"},"inLanguage":"nb-NO","potentialAction":[{"@type":"ReadAction","target":["https:\/\/staging.forenteforlag.no\/pax\/produkt\/den-tapte-krigen\/"]}]},{"@type":"ImageObject","inLanguage":"nb-NO","@id":"https:\/\/staging.forenteforlag.no\/pax\/produkt\/den-tapte-krigen\/#primaryimage","url":"https:\/\/staging.forenteforlag.no\/pax\/wp-content\/uploads\/sites\/5\/2025\/08\/jpg-6121.jpg","contentUrl":"https:\/\/staging.forenteforlag.no\/pax\/wp-content\/uploads\/sites\/5\/2025\/08\/jpg-6121.jpg","width":319,"height":449},{"@type":"BreadcrumbList","@id":"https:\/\/staging.forenteforlag.no\/pax\/produkt\/den-tapte-krigen\/#breadcrumb","itemListElement":[{"@type":"ListItem","position":1,"name":"Hjem","item":"https:\/\/staging.forenteforlag.no\/pax\/"},{"@type":"ListItem","position":2,"name":"Alle b\u00f8ker","item":"https:\/\/staging.forenteforlag.no\/pax\/butikk\/"},{"@type":"ListItem","position":3,"name":"Den tapte krigen"}]},{"@type":"WebSite","@id":"https:\/\/staging.forenteforlag.no\/pax\/#website","url":"https:\/\/staging.forenteforlag.no\/pax\/","name":"Pax","description":"","potentialAction":[{"@type":"SearchAction","target":{"@type":"EntryPoint","urlTemplate":"https:\/\/staging.forenteforlag.no\/pax\/?s={search_term_string}"},"query-input":{"@type":"PropertyValueSpecification","valueRequired":true,"valueName":"search_term_string"}}],"inLanguage":"nb-NO"}]}},"_links":{"self":[{"href":"https:\/\/staging.forenteforlag.no\/pax\/wp-json\/wp\/v2\/product\/20880","targetHints":{"allow":["GET"]}}],"collection":[{"href":"https:\/\/staging.forenteforlag.no\/pax\/wp-json\/wp\/v2\/product"}],"about":[{"href":"https:\/\/staging.forenteforlag.no\/pax\/wp-json\/wp\/v2\/types\/product"}],"wp:featuredmedia":[{"embeddable":true,"href":"https:\/\/staging.forenteforlag.no\/pax\/wp-json\/wp\/v2\/media\/28146"}],"wp:attachment":[{"href":"https:\/\/staging.forenteforlag.no\/pax\/wp-json\/wp\/v2\/media?parent=20880"}],"wp:term":[{"taxonomy":"product_brand","embeddable":true,"href":"https:\/\/staging.forenteforlag.no\/pax\/wp-json\/wp\/v2\/product_brand?post=20880"},{"taxonomy":"product_cat","embeddable":true,"href":"https:\/\/staging.forenteforlag.no\/pax\/wp-json\/wp\/v2\/product_cat?post=20880"},{"taxonomy":"product_tag","embeddable":true,"href":"https:\/\/staging.forenteforlag.no\/pax\/wp-json\/wp\/v2\/product_tag?post=20880"}],"curies":[{"name":"wp","href":"https:\/\/api.w.org\/{rel}","templated":true}]}}