{"id":20742,"date":"2022-06-20T02:00:00","date_gmt":"2022-06-20T00:00:00","guid":{"rendered":"https:\/\/pax.forenteforlag.no\/produkt\/handverk-i-det-nordenfjeldske-2\/"},"modified":"2025-08-27T11:13:00","modified_gmt":"2025-08-27T09:13:00","slug":"handverk-i-det-nordenfjeldske-2","status":"publish","type":"product","link":"https:\/\/staging.forenteforlag.no\/pax\/produkt\/handverk-i-det-nordenfjeldske-2\/","title":{"rendered":"Handverk i det nordenfjeldske"},"content":{"rendered":"<p>Bokverket om \u00abHandverk i det nordenfjeldske\u00bb starter nordfra og g\u00e5r s\u00f8rover til Trondheim. I alt er det planlagt 14 bind, fordelt p\u00e5 ulike regioner og kommuner. I bind II er vi kommet til Nordland fylke, som utgj\u00f8r to b\u00f8ker. Den f\u00f8rste boken, Nordland nord for Saltfjellet, dekker regionene Vester\u00e5len, Lofoten og Ofoten og har med kommunepresentasjoner for Salten. Den andre boken, Nordland s\u00f8r om Saltfjellet, omfatter kommunepresentasjoner for Helgeland. <\/p>\n<p>Gjennom tekst og et rikt tilfang av fotografier f\u00e5r vi presentert kirkebyggingstradisjoner og inventar, trearbeid og trearbeidere, malerarbeid og malere, metallarbeid og metallarbeidere samt andre spesielle handverk samt b\u00e5tbygging. Nordland har s\u00e6rlig hatt tilknytningspunkter til Bergen, Trondhjem, til pomorhandelen og til svenske landskap i \u00f8st samt steder lengre vekk. Nordland er ikke like rikt med hensyn til gammelt handverk og innbo som Tr\u00f8ndelag og \u00f8vrige fylker s\u00f8rover, og nord om Salten blir det norske handverket oftest enkelt og n\u00f8dt\u00f8rftig, mens det samiske er mer blomstrende.<\/p>\n","protected":false},"excerpt":{"rendered":"<p>Bokverket om \u00abHandverk i det nordenfjeldske\u00bb starter nordfra og g\u00e5r s\u00f8rover til Trondheim. I alt er det planlagt 14 bind, fordelt p\u00e5 ulike regioner og kommuner. I bind II er vi kommet til Nordland fylke, som utgj\u00f8r to b\u00f8ker. Den f\u00f8rste boken, Nordland nord for Saltfjellet, dekker regionene Vester\u00e5len, Lofoten og Ofoten og har med [&hellip;]<\/p>\n","protected":false},"featured_media":28849,"template":"","meta":{"_acf_changed":false,"inline_featured_image":false},"product_brand":[],"product_cat":[22,1782],"product_tag":[362,536,813],"class_list":{"0":"post-20742","1":"product","2":"type-product","3":"status-publish","4":"has-post-thumbnail","6":"product_cat-folkloristikk-og-kulturarv","7":"product_cat-fripris","8":"product_tag-faglitteratur","9":"product_tag-kulturminner","10":"product_tag-nordland","11":"pa_format-innbundet","13":"first","14":"instock","15":"shipping-taxable","16":"purchasable","17":"product-type-simple"},"acf":{"anmeldelse":null},"yoast_head":"<!-- This site is optimized with the Yoast SEO plugin v26.6 - https:\/\/yoast.com\/wordpress\/plugins\/seo\/ -->\n<title>Handverk i det nordenfjeldske - Pax<\/title>\n<meta name=\"robots\" content=\"noindex, follow, max-snippet:-1, max-image-preview:large, max-video-preview:-1\" \/>\n<meta property=\"og:locale\" content=\"nb_NO\" \/>\n<meta property=\"og:type\" content=\"article\" \/>\n<meta property=\"og:title\" content=\"Handverk i det nordenfjeldske - Pax\" \/>\n<meta property=\"og:description\" content=\"Bokverket om \u00abHandverk i det nordenfjeldske\u00bb starter nordfra og g\u00e5r s\u00f8rover til Trondheim. I alt er det planlagt 14 bind, fordelt p\u00e5 ulike regioner og kommuner. I bind II er vi kommet til Nordland fylke, som utgj\u00f8r to b\u00f8ker. Den f\u00f8rste boken, Nordland nord for Saltfjellet, dekker regionene Vester\u00e5len, Lofoten og Ofoten og har med [&hellip;]\" \/>\n<meta property=\"og:url\" content=\"https:\/\/staging.forenteforlag.no\/pax\/produkt\/handverk-i-det-nordenfjeldske-2\/\" \/>\n<meta property=\"og:site_name\" content=\"Pax\" \/>\n<meta property=\"article:modified_time\" content=\"2025-08-27T09:13:00+00:00\" \/>\n<meta property=\"og:image\" content=\"https:\/\/staging.forenteforlag.no\/pax\/wp-content\/uploads\/sites\/5\/2025\/08\/jpg-8150-scaled-1-scaled.jpg\" \/>\n\t<meta property=\"og:image:width\" content=\"1751\" \/>\n\t<meta property=\"og:image:height\" content=\"1920\" \/>\n\t<meta property=\"og:image:type\" content=\"image\/jpeg\" \/>\n<meta name=\"twitter:card\" content=\"summary_large_image\" \/>\n<meta name=\"twitter:label1\" content=\"Ansl. lesetid\" \/>\n\t<meta name=\"twitter:data1\" content=\"1 minutt\" \/>\n<script type=\"application\/ld+json\" class=\"yoast-schema-graph\">{\"@context\":\"https:\/\/schema.org\",\"@graph\":[{\"@type\":\"WebPage\",\"@id\":\"https:\/\/staging.forenteforlag.no\/pax\/produkt\/handverk-i-det-nordenfjeldske-2\/\",\"url\":\"https:\/\/staging.forenteforlag.no\/pax\/produkt\/handverk-i-det-nordenfjeldske-2\/\",\"name\":\"Handverk i det nordenfjeldske - Pax\",\"isPartOf\":{\"@id\":\"https:\/\/staging.forenteforlag.no\/pax\/#website\"},\"primaryImageOfPage\":{\"@id\":\"https:\/\/staging.forenteforlag.no\/pax\/produkt\/handverk-i-det-nordenfjeldske-2\/#primaryimage\"},\"image\":{\"@id\":\"https:\/\/staging.forenteforlag.no\/pax\/produkt\/handverk-i-det-nordenfjeldske-2\/#primaryimage\"},\"thumbnailUrl\":\"https:\/\/staging.forenteforlag.no\/pax\/wp-content\/uploads\/sites\/5\/2025\/08\/jpg-8150-scaled-1-scaled.jpg\",\"datePublished\":\"2022-06-20T00:00:00+00:00\",\"dateModified\":\"2025-08-27T09:13:00+00:00\",\"breadcrumb\":{\"@id\":\"https:\/\/staging.forenteforlag.no\/pax\/produkt\/handverk-i-det-nordenfjeldske-2\/#breadcrumb\"},\"inLanguage\":\"nb-NO\",\"potentialAction\":[{\"@type\":\"ReadAction\",\"target\":[\"https:\/\/staging.forenteforlag.no\/pax\/produkt\/handverk-i-det-nordenfjeldske-2\/\"]}]},{\"@type\":\"ImageObject\",\"inLanguage\":\"nb-NO\",\"@id\":\"https:\/\/staging.forenteforlag.no\/pax\/produkt\/handverk-i-det-nordenfjeldske-2\/#primaryimage\",\"url\":\"https:\/\/staging.forenteforlag.no\/pax\/wp-content\/uploads\/sites\/5\/2025\/08\/jpg-8150-scaled-1-scaled.jpg\",\"contentUrl\":\"https:\/\/staging.forenteforlag.no\/pax\/wp-content\/uploads\/sites\/5\/2025\/08\/jpg-8150-scaled-1-scaled.jpg\",\"width\":1751,\"height\":1920},{\"@type\":\"BreadcrumbList\",\"@id\":\"https:\/\/staging.forenteforlag.no\/pax\/produkt\/handverk-i-det-nordenfjeldske-2\/#breadcrumb\",\"itemListElement\":[{\"@type\":\"ListItem\",\"position\":1,\"name\":\"Hjem\",\"item\":\"https:\/\/staging.forenteforlag.no\/pax\/\"},{\"@type\":\"ListItem\",\"position\":2,\"name\":\"Alle b\u00f8ker\",\"item\":\"https:\/\/staging.forenteforlag.no\/pax\/butikk\/\"},{\"@type\":\"ListItem\",\"position\":3,\"name\":\"Handverk i det nordenfjeldske\"}]},{\"@type\":\"WebSite\",\"@id\":\"https:\/\/staging.forenteforlag.no\/pax\/#website\",\"url\":\"https:\/\/staging.forenteforlag.no\/pax\/\",\"name\":\"Pax\",\"description\":\"\",\"potentialAction\":[{\"@type\":\"SearchAction\",\"target\":{\"@type\":\"EntryPoint\",\"urlTemplate\":\"https:\/\/staging.forenteforlag.no\/pax\/?s={search_term_string}\"},\"query-input\":{\"@type\":\"PropertyValueSpecification\",\"valueRequired\":true,\"valueName\":\"search_term_string\"}}],\"inLanguage\":\"nb-NO\"}]}<\/script>\n<!-- \/ Yoast SEO plugin. -->","yoast_head_json":{"title":"Handverk i det nordenfjeldske - Pax","robots":{"index":"noindex","follow":"follow","max-snippet":"max-snippet:-1","max-image-preview":"max-image-preview:large","max-video-preview":"max-video-preview:-1"},"og_locale":"nb_NO","og_type":"article","og_title":"Handverk i det nordenfjeldske - Pax","og_description":"Bokverket om \u00abHandverk i det nordenfjeldske\u00bb starter nordfra og g\u00e5r s\u00f8rover til Trondheim. I alt er det planlagt 14 bind, fordelt p\u00e5 ulike regioner og kommuner. I bind II er vi kommet til Nordland fylke, som utgj\u00f8r to b\u00f8ker. Den f\u00f8rste boken, Nordland nord for Saltfjellet, dekker regionene Vester\u00e5len, Lofoten og Ofoten og har med [&hellip;]","og_url":"https:\/\/staging.forenteforlag.no\/pax\/produkt\/handverk-i-det-nordenfjeldske-2\/","og_site_name":"Pax","article_modified_time":"2025-08-27T09:13:00+00:00","og_image":[{"width":1751,"height":1920,"url":"https:\/\/staging.forenteforlag.no\/pax\/wp-content\/uploads\/sites\/5\/2025\/08\/jpg-8150-scaled-1-scaled.jpg","type":"image\/jpeg"}],"twitter_card":"summary_large_image","twitter_misc":{"Ansl. lesetid":"1 minutt"},"schema":{"@context":"https:\/\/schema.org","@graph":[{"@type":"WebPage","@id":"https:\/\/staging.forenteforlag.no\/pax\/produkt\/handverk-i-det-nordenfjeldske-2\/","url":"https:\/\/staging.forenteforlag.no\/pax\/produkt\/handverk-i-det-nordenfjeldske-2\/","name":"Handverk i det nordenfjeldske - Pax","isPartOf":{"@id":"https:\/\/staging.forenteforlag.no\/pax\/#website"},"primaryImageOfPage":{"@id":"https:\/\/staging.forenteforlag.no\/pax\/produkt\/handverk-i-det-nordenfjeldske-2\/#primaryimage"},"image":{"@id":"https:\/\/staging.forenteforlag.no\/pax\/produkt\/handverk-i-det-nordenfjeldske-2\/#primaryimage"},"thumbnailUrl":"https:\/\/staging.forenteforlag.no\/pax\/wp-content\/uploads\/sites\/5\/2025\/08\/jpg-8150-scaled-1-scaled.jpg","datePublished":"2022-06-20T00:00:00+00:00","dateModified":"2025-08-27T09:13:00+00:00","breadcrumb":{"@id":"https:\/\/staging.forenteforlag.no\/pax\/produkt\/handverk-i-det-nordenfjeldske-2\/#breadcrumb"},"inLanguage":"nb-NO","potentialAction":[{"@type":"ReadAction","target":["https:\/\/staging.forenteforlag.no\/pax\/produkt\/handverk-i-det-nordenfjeldske-2\/"]}]},{"@type":"ImageObject","inLanguage":"nb-NO","@id":"https:\/\/staging.forenteforlag.no\/pax\/produkt\/handverk-i-det-nordenfjeldske-2\/#primaryimage","url":"https:\/\/staging.forenteforlag.no\/pax\/wp-content\/uploads\/sites\/5\/2025\/08\/jpg-8150-scaled-1-scaled.jpg","contentUrl":"https:\/\/staging.forenteforlag.no\/pax\/wp-content\/uploads\/sites\/5\/2025\/08\/jpg-8150-scaled-1-scaled.jpg","width":1751,"height":1920},{"@type":"BreadcrumbList","@id":"https:\/\/staging.forenteforlag.no\/pax\/produkt\/handverk-i-det-nordenfjeldske-2\/#breadcrumb","itemListElement":[{"@type":"ListItem","position":1,"name":"Hjem","item":"https:\/\/staging.forenteforlag.no\/pax\/"},{"@type":"ListItem","position":2,"name":"Alle b\u00f8ker","item":"https:\/\/staging.forenteforlag.no\/pax\/butikk\/"},{"@type":"ListItem","position":3,"name":"Handverk i det nordenfjeldske"}]},{"@type":"WebSite","@id":"https:\/\/staging.forenteforlag.no\/pax\/#website","url":"https:\/\/staging.forenteforlag.no\/pax\/","name":"Pax","description":"","potentialAction":[{"@type":"SearchAction","target":{"@type":"EntryPoint","urlTemplate":"https:\/\/staging.forenteforlag.no\/pax\/?s={search_term_string}"},"query-input":{"@type":"PropertyValueSpecification","valueRequired":true,"valueName":"search_term_string"}}],"inLanguage":"nb-NO"}]}},"_links":{"self":[{"href":"https:\/\/staging.forenteforlag.no\/pax\/wp-json\/wp\/v2\/product\/20742","targetHints":{"allow":["GET"]}}],"collection":[{"href":"https:\/\/staging.forenteforlag.no\/pax\/wp-json\/wp\/v2\/product"}],"about":[{"href":"https:\/\/staging.forenteforlag.no\/pax\/wp-json\/wp\/v2\/types\/product"}],"wp:featuredmedia":[{"embeddable":true,"href":"https:\/\/staging.forenteforlag.no\/pax\/wp-json\/wp\/v2\/media\/28849"}],"wp:attachment":[{"href":"https:\/\/staging.forenteforlag.no\/pax\/wp-json\/wp\/v2\/media?parent=20742"}],"wp:term":[{"taxonomy":"product_brand","embeddable":true,"href":"https:\/\/staging.forenteforlag.no\/pax\/wp-json\/wp\/v2\/product_brand?post=20742"},{"taxonomy":"product_cat","embeddable":true,"href":"https:\/\/staging.forenteforlag.no\/pax\/wp-json\/wp\/v2\/product_cat?post=20742"},{"taxonomy":"product_tag","embeddable":true,"href":"https:\/\/staging.forenteforlag.no\/pax\/wp-json\/wp\/v2\/product_tag?post=20742"}],"curies":[{"name":"wp","href":"https:\/\/api.w.org\/{rel}","templated":true}]}}

<p>Bokverket om «Handverk i det nordenfjeldske» starter nordfra og går sørover til Trondheim. I alt er det planlagt 14 bind, fordelt på ulike regioner og kommuner. I bind II er vi kommet til Nordland fylke, som utgjør to bøker. Den første boken, Nordland nord for Saltfjellet, dekker regionene Vesterålen, Lofoten og Ofoten og har med kommunepresentasjoner for Salten. Den andre boken, Nordland sør om Saltfjellet, omfatter kommunepresentasjoner for Helgeland. </p>
<p>Gjennom tekst og et rikt tilfang av fotografier får vi presentert kirkebyggingstradisjoner og inventar, trearbeid og trearbeidere, malerarbeid og malere, metallarbeid og metallarbeidere samt andre spesielle handverk samt båtbygging. Nordland har særlig hatt tilknytningspunkter til Bergen, Trondhjem, til pomorhandelen og til svenske landskap i øst samt steder lengre vekk. Nordland er ikke like rikt med hensyn til gammelt handverk og innbo som Trøndelag og øvrige fylker sørover, og nord om Salten blir det norske handverket oftest enkelt og nødtørftig, mens det samiske er mer blomstrende.</p>

<p>Bokverket om «Handverk i det nordenfjeldske» starter nordfra og går sørover til Trondheim. I alt er det planlagt 14 bind, fordelt på ulike regioner og kommuner. I bind II er vi kommet til Nordland fylke, som utgjør to bøker. Den første boken, Nordland nord for Saltfjellet, dekker regionene Vesterålen, Lofoten og Ofoten og har med [&hellip;]</p>

<!-- This site is optimized with the Yoast SEO plugin v26.6 - https://yoast.com/wordpress/plugins/seo/ -->
<title>Handverk i det nordenfjeldske - Pax</title>
<meta name="robots" content="noindex, follow, max-snippet:-1, max-image-preview:large, max-video-preview:-1" />
<meta property="og:locale" content="nb_NO" />
<meta property="og:type" content="article" />
<meta property="og:title" content="Handverk i det nordenfjeldske - Pax" />
<meta property="og:description" content="Bokverket om «Handverk i det nordenfjeldske» starter nordfra og går sørover til Trondheim. I alt er det planlagt 14 bind, fordelt på ulike regioner og kommuner. I bind II er vi kommet til Nordland fylke, som utgjør to bøker. Den første boken, Nordland nord for Saltfjellet, dekker regionene Vesterålen, Lofoten og Ofoten og har med [&hellip;]" />
<meta property="og:url" content="https://staging.forenteforlag.no/pax/produkt/handverk-i-det-nordenfjeldske-2/" />
<meta property="og:site_name" content="Pax" />
<meta property="article:modified_time" content="2025-08-27T09:13:00+00:00" />
<meta property="og:image" content="https://staging.forenteforlag.no/pax/wp-content/uploads/sites/5/2025/08/jpg-8150-scaled-1-scaled.jpg" />
	<meta property="og:image:width" content="1751" />
	<meta property="og:image:height" content="1920" />
	<meta property="og:image:type" content="image/jpeg" />
<meta name="twitter:card" content="summary_large_image" />
<meta name="twitter:label1" content="Ansl. lesetid" />
	<meta name="twitter:data1" content="1 minutt" />
<script type="application/ld+json" class="yoast-schema-graph">{"@context":"https://schema.org","@graph":[{"@type":"WebPage","@id":"https://staging.forenteforlag.no/pax/produkt/handverk-i-det-nordenfjeldske-2/","url":"https://staging.forenteforlag.no/pax/produkt/handverk-i-det-nordenfjeldske-2/","name":"Handverk i det nordenfjeldske - Pax","isPartOf":{"@id":"https://staging.forenteforlag.no/pax/#website"},"primaryImageOfPage":{"@id":"https://staging.forenteforlag.no/pax/produkt/handverk-i-det-nordenfjeldske-2/#primaryimage"},"image":{"@id":"https://staging.forenteforlag.no/pax/produkt/handverk-i-det-nordenfjeldske-2/#primaryimage"},"thumbnailUrl":"https://staging.forenteforlag.no/pax/wp-content/uploads/sites/5/2025/08/jpg-8150-scaled-1-scaled.jpg","datePublished":"2022-06-20T00:00:00+00:00","dateModified":"2025-08-27T09:13:00+00:00","breadcrumb":{"@id":"https://staging.forenteforlag.no/pax/produkt/handverk-i-det-nordenfjeldske-2/#breadcrumb"},"inLanguage":"nb-NO","potentialAction":[{"@type":"ReadAction","target":["https://staging.forenteforlag.no/pax/produkt/handverk-i-det-nordenfjeldske-2/"]}]},{"@type":"ImageObject","inLanguage":"nb-NO","@id":"https://staging.forenteforlag.no/pax/produkt/handverk-i-det-nordenfjeldske-2/#primaryimage","url":"https://staging.forenteforlag.no/pax/wp-content/uploads/sites/5/2025/08/jpg-8150-scaled-1-scaled.jpg","contentUrl":"https://staging.forenteforlag.no/pax/wp-content/uploads/sites/5/2025/08/jpg-8150-scaled-1-scaled.jpg","width":1751,"height":1920},{"@type":"BreadcrumbList","@id":"https://staging.forenteforlag.no/pax/produkt/handverk-i-det-nordenfjeldske-2/#breadcrumb","itemListElement":[{"@type":"ListItem","position":1,"name":"Hjem","item":"https://staging.forenteforlag.no/pax/"},{"@type":"ListItem","position":2,"name":"Alle bøker","item":"https://staging.forenteforlag.no/pax/butikk/"},{"@type":"ListItem","position":3,"name":"Handverk i det nordenfjeldske"}]},{"@type":"WebSite","@id":"https://staging.forenteforlag.no/pax/#website","url":"https://staging.forenteforlag.no/pax/","name":"Pax","description":"","potentialAction":[{"@type":"SearchAction","target":{"@type":"EntryPoint","urlTemplate":"https://staging.forenteforlag.no/pax/?s={search_term_string}"},"query-input":{"@type":"PropertyValueSpecification","valueRequired":true,"valueName":"search_term_string"}}],"inLanguage":"nb-NO"}]}</script>
<!-- / Yoast SEO plugin. -->

Bokverket om «Handverk i det nordenfjeldske» starter nordfra og går sørover til Trondheim. I alt er det planlagt 14 bind, fordelt på ulike regioner og kommuner. I bind II er vi kommet til Nordland fylke, som utgjør to bøker. Den første boken, Nordland nord for Saltfjellet, dekker regionene Vesterålen, Lofoten og Ofoten og har med [&hellip;]

Alle bøker
