{"id":20684,"date":"2016-10-10T02:00:00","date_gmt":"2016-10-10T00:00:00","guid":{"rendered":"https:\/\/pax.forenteforlag.no\/produkt\/hva-skal-vi-med-skole\/"},"modified":"2025-08-27T09:10:44","modified_gmt":"2025-08-27T07:10:44","slug":"hva-skal-vi-med-skole","status":"publish","type":"product","link":"https:\/\/staging.forenteforlag.no\/pax\/produkt\/hva-skal-vi-med-skole\/","title":{"rendered":"Hva skal vi med skole?"},"content":{"rendered":"<p>For 90 \u00e5r siden \u00e5pnet den f\u00f8rste steinerskolen i Norge. Til h\u00f8sten foreligger historien om skolens kamp for tilv\u00e6relsen, dens liv og utvikling her i landet. Fra \u00e5 oppta en beskjeden plass ved oppstarten har steinerskolen blitt det tydeligste pedagogiske alternativet til den offentlige skolen. \u00c5 legitimere seg som et alternativ fordrer en egenart, og det er i dette spennet mellom egenart og krav om tilpasning til det offentlige skolesystemet at steinerskolen har kjempet sine viktigste kamper. Steinerskolen har rettet kritikk mot norsk utdanningspolitikk, s\u00e6rlig har representanter for skolen kritisert den sterke vektleggingen av de teoretiske sidene ved oppl\u00e6ringen, m\u00e5ling av kunnskap, standardiserte tester og bruk av karakterer. Steinerskolen er ogs\u00e5 selv blitt gjenstand for kritikk, og i boken behandles noen av de stridene skolen har st\u00e5tt inne i. I &laquo;Hva skal vi med skole?&raquo; f\u00e5r vi fortellingen om den norske steinerskolens evne og vilje til \u00e5 bygge opp og representere et pedagogisk alternativ basert p\u00e5 Rudolf Steiners syn p\u00e5 barnets utvikling.  <\/p>\n<p>Boken er basert p\u00e5 Anne-Mette Stabel Ph.D avhandling &laquo;Visjoner og vilk\u00e5r. Om Steinerskolens utvikling i Norge fra 1926 til 2004&raquo; som ble forsvart ved det Utdanningsvitenskapelige fakultet ved Universitetet i Oslo v\u00e5ren 2014. I boken er historien f\u00f8rt frem til dagens situasjon og inkluderer fortellingen om hvordan steinerskolen h\u00e5ndterte utfordringene knyttet til innf\u00f8ringen av l\u00e6replanreformen Kunnskapsl\u00f8ftet, m\u00e5lstyring og Nasjonale pr\u00f8ver.  <\/p>\n<p>Boken inneholder et utvalg fotografier fra steinerskolens historie og bilder som formidler skolens pedagogiske intensjoner.  <\/p>\n","protected":false},"excerpt":{"rendered":"<p>For 90 \u00e5r siden \u00e5pnet den f\u00f8rste steinerskolen i Norge. Til h\u00f8sten foreligger historien om skolens kamp for tilv\u00e6relsen, dens liv og utvikling her i landet. Fra \u00e5 oppta en beskjeden plass ved oppstarten har steinerskolen blitt det tydeligste pedagogiske alternativet til den offentlige skolen. \u00c5 legitimere seg som et alternativ fordrer en egenart, og [&hellip;]<\/p>\n","protected":false},"featured_media":26624,"template":"","meta":{"_acf_changed":false,"inline_featured_image":false},"product_brand":[],"product_cat":[1782,23],"product_tag":[441,557,362,439,448,1306],"class_list":{"0":"post-20684","1":"product","2":"type-product","3":"status-publish","4":"has-post-thumbnail","6":"product_cat-fripris","7":"product_cat-historie","8":"product_tag-1900-tallet","9":"product_tag-2000-tallet","10":"product_tag-faglitteratur","11":"product_tag-nord-norge","12":"product_tag-pedagogisk-historie","13":"product_tag-privatskoler","14":"pa_format-innbundet","16":"first","17":"outofstock","18":"shipping-taxable","19":"purchasable","20":"product-type-simple"},"acf":{"anmeldelse":null},"yoast_head":"<!-- This site is optimized with the Yoast SEO plugin v26.6 - https:\/\/yoast.com\/wordpress\/plugins\/seo\/ -->\n<title>Hva skal vi med skole? - Pax<\/title>\n<meta name=\"robots\" content=\"noindex, follow, max-snippet:-1, max-image-preview:large, max-video-preview:-1\" \/>\n<meta property=\"og:locale\" content=\"nb_NO\" \/>\n<meta property=\"og:type\" content=\"article\" \/>\n<meta property=\"og:title\" content=\"Hva skal vi med skole? - Pax\" \/>\n<meta property=\"og:description\" content=\"For 90 \u00e5r siden \u00e5pnet den f\u00f8rste steinerskolen i Norge. Til h\u00f8sten foreligger historien om skolens kamp for tilv\u00e6relsen, dens liv og utvikling her i landet. Fra \u00e5 oppta en beskjeden plass ved oppstarten har steinerskolen blitt det tydeligste pedagogiske alternativet til den offentlige skolen. \u00c5 legitimere seg som et alternativ fordrer en egenart, og [&hellip;]\" \/>\n<meta property=\"og:url\" content=\"https:\/\/staging.forenteforlag.no\/pax\/produkt\/hva-skal-vi-med-skole\/\" \/>\n<meta property=\"og:site_name\" content=\"Pax\" \/>\n<meta property=\"article:modified_time\" content=\"2025-08-27T07:10:44+00:00\" \/>\n<meta property=\"og:image\" content=\"https:\/\/staging.forenteforlag.no\/pax\/wp-content\/uploads\/sites\/5\/2025\/08\/jpg-1688-scaled-1-scaled.jpg\" \/>\n\t<meta property=\"og:image:width\" content=\"1431\" \/>\n\t<meta property=\"og:image:height\" content=\"1920\" \/>\n\t<meta property=\"og:image:type\" content=\"image\/jpeg\" \/>\n<meta name=\"twitter:card\" content=\"summary_large_image\" \/>\n<meta name=\"twitter:label1\" content=\"Ansl. lesetid\" \/>\n\t<meta name=\"twitter:data1\" content=\"1 minutt\" \/>\n<script type=\"application\/ld+json\" class=\"yoast-schema-graph\">{\"@context\":\"https:\/\/schema.org\",\"@graph\":[{\"@type\":\"WebPage\",\"@id\":\"https:\/\/staging.forenteforlag.no\/pax\/produkt\/hva-skal-vi-med-skole\/\",\"url\":\"https:\/\/staging.forenteforlag.no\/pax\/produkt\/hva-skal-vi-med-skole\/\",\"name\":\"Hva skal vi med skole? - Pax\",\"isPartOf\":{\"@id\":\"https:\/\/staging.forenteforlag.no\/pax\/#website\"},\"primaryImageOfPage\":{\"@id\":\"https:\/\/staging.forenteforlag.no\/pax\/produkt\/hva-skal-vi-med-skole\/#primaryimage\"},\"image\":{\"@id\":\"https:\/\/staging.forenteforlag.no\/pax\/produkt\/hva-skal-vi-med-skole\/#primaryimage\"},\"thumbnailUrl\":\"https:\/\/staging.forenteforlag.no\/pax\/wp-content\/uploads\/sites\/5\/2025\/08\/jpg-1688-scaled-1-scaled.jpg\",\"datePublished\":\"2016-10-10T00:00:00+00:00\",\"dateModified\":\"2025-08-27T07:10:44+00:00\",\"breadcrumb\":{\"@id\":\"https:\/\/staging.forenteforlag.no\/pax\/produkt\/hva-skal-vi-med-skole\/#breadcrumb\"},\"inLanguage\":\"nb-NO\",\"potentialAction\":[{\"@type\":\"ReadAction\",\"target\":[\"https:\/\/staging.forenteforlag.no\/pax\/produkt\/hva-skal-vi-med-skole\/\"]}]},{\"@type\":\"ImageObject\",\"inLanguage\":\"nb-NO\",\"@id\":\"https:\/\/staging.forenteforlag.no\/pax\/produkt\/hva-skal-vi-med-skole\/#primaryimage\",\"url\":\"https:\/\/staging.forenteforlag.no\/pax\/wp-content\/uploads\/sites\/5\/2025\/08\/jpg-1688-scaled-1-scaled.jpg\",\"contentUrl\":\"https:\/\/staging.forenteforlag.no\/pax\/wp-content\/uploads\/sites\/5\/2025\/08\/jpg-1688-scaled-1-scaled.jpg\",\"width\":1431,\"height\":1920},{\"@type\":\"BreadcrumbList\",\"@id\":\"https:\/\/staging.forenteforlag.no\/pax\/produkt\/hva-skal-vi-med-skole\/#breadcrumb\",\"itemListElement\":[{\"@type\":\"ListItem\",\"position\":1,\"name\":\"Hjem\",\"item\":\"https:\/\/staging.forenteforlag.no\/pax\/\"},{\"@type\":\"ListItem\",\"position\":2,\"name\":\"Alle b\u00f8ker\",\"item\":\"https:\/\/staging.forenteforlag.no\/pax\/butikk\/\"},{\"@type\":\"ListItem\",\"position\":3,\"name\":\"Hva skal vi med skole?\"}]},{\"@type\":\"WebSite\",\"@id\":\"https:\/\/staging.forenteforlag.no\/pax\/#website\",\"url\":\"https:\/\/staging.forenteforlag.no\/pax\/\",\"name\":\"Pax\",\"description\":\"\",\"potentialAction\":[{\"@type\":\"SearchAction\",\"target\":{\"@type\":\"EntryPoint\",\"urlTemplate\":\"https:\/\/staging.forenteforlag.no\/pax\/?s={search_term_string}\"},\"query-input\":{\"@type\":\"PropertyValueSpecification\",\"valueRequired\":true,\"valueName\":\"search_term_string\"}}],\"inLanguage\":\"nb-NO\"}]}<\/script>\n<!-- \/ Yoast SEO plugin. -->","yoast_head_json":{"title":"Hva skal vi med skole? - Pax","robots":{"index":"noindex","follow":"follow","max-snippet":"max-snippet:-1","max-image-preview":"max-image-preview:large","max-video-preview":"max-video-preview:-1"},"og_locale":"nb_NO","og_type":"article","og_title":"Hva skal vi med skole? - Pax","og_description":"For 90 \u00e5r siden \u00e5pnet den f\u00f8rste steinerskolen i Norge. Til h\u00f8sten foreligger historien om skolens kamp for tilv\u00e6relsen, dens liv og utvikling her i landet. Fra \u00e5 oppta en beskjeden plass ved oppstarten har steinerskolen blitt det tydeligste pedagogiske alternativet til den offentlige skolen. \u00c5 legitimere seg som et alternativ fordrer en egenart, og [&hellip;]","og_url":"https:\/\/staging.forenteforlag.no\/pax\/produkt\/hva-skal-vi-med-skole\/","og_site_name":"Pax","article_modified_time":"2025-08-27T07:10:44+00:00","og_image":[{"width":1431,"height":1920,"url":"https:\/\/staging.forenteforlag.no\/pax\/wp-content\/uploads\/sites\/5\/2025\/08\/jpg-1688-scaled-1-scaled.jpg","type":"image\/jpeg"}],"twitter_card":"summary_large_image","twitter_misc":{"Ansl. lesetid":"1 minutt"},"schema":{"@context":"https:\/\/schema.org","@graph":[{"@type":"WebPage","@id":"https:\/\/staging.forenteforlag.no\/pax\/produkt\/hva-skal-vi-med-skole\/","url":"https:\/\/staging.forenteforlag.no\/pax\/produkt\/hva-skal-vi-med-skole\/","name":"Hva skal vi med skole? - Pax","isPartOf":{"@id":"https:\/\/staging.forenteforlag.no\/pax\/#website"},"primaryImageOfPage":{"@id":"https:\/\/staging.forenteforlag.no\/pax\/produkt\/hva-skal-vi-med-skole\/#primaryimage"},"image":{"@id":"https:\/\/staging.forenteforlag.no\/pax\/produkt\/hva-skal-vi-med-skole\/#primaryimage"},"thumbnailUrl":"https:\/\/staging.forenteforlag.no\/pax\/wp-content\/uploads\/sites\/5\/2025\/08\/jpg-1688-scaled-1-scaled.jpg","datePublished":"2016-10-10T00:00:00+00:00","dateModified":"2025-08-27T07:10:44+00:00","breadcrumb":{"@id":"https:\/\/staging.forenteforlag.no\/pax\/produkt\/hva-skal-vi-med-skole\/#breadcrumb"},"inLanguage":"nb-NO","potentialAction":[{"@type":"ReadAction","target":["https:\/\/staging.forenteforlag.no\/pax\/produkt\/hva-skal-vi-med-skole\/"]}]},{"@type":"ImageObject","inLanguage":"nb-NO","@id":"https:\/\/staging.forenteforlag.no\/pax\/produkt\/hva-skal-vi-med-skole\/#primaryimage","url":"https:\/\/staging.forenteforlag.no\/pax\/wp-content\/uploads\/sites\/5\/2025\/08\/jpg-1688-scaled-1-scaled.jpg","contentUrl":"https:\/\/staging.forenteforlag.no\/pax\/wp-content\/uploads\/sites\/5\/2025\/08\/jpg-1688-scaled-1-scaled.jpg","width":1431,"height":1920},{"@type":"BreadcrumbList","@id":"https:\/\/staging.forenteforlag.no\/pax\/produkt\/hva-skal-vi-med-skole\/#breadcrumb","itemListElement":[{"@type":"ListItem","position":1,"name":"Hjem","item":"https:\/\/staging.forenteforlag.no\/pax\/"},{"@type":"ListItem","position":2,"name":"Alle b\u00f8ker","item":"https:\/\/staging.forenteforlag.no\/pax\/butikk\/"},{"@type":"ListItem","position":3,"name":"Hva skal vi med skole?"}]},{"@type":"WebSite","@id":"https:\/\/staging.forenteforlag.no\/pax\/#website","url":"https:\/\/staging.forenteforlag.no\/pax\/","name":"Pax","description":"","potentialAction":[{"@type":"SearchAction","target":{"@type":"EntryPoint","urlTemplate":"https:\/\/staging.forenteforlag.no\/pax\/?s={search_term_string}"},"query-input":{"@type":"PropertyValueSpecification","valueRequired":true,"valueName":"search_term_string"}}],"inLanguage":"nb-NO"}]}},"_links":{"self":[{"href":"https:\/\/staging.forenteforlag.no\/pax\/wp-json\/wp\/v2\/product\/20684","targetHints":{"allow":["GET"]}}],"collection":[{"href":"https:\/\/staging.forenteforlag.no\/pax\/wp-json\/wp\/v2\/product"}],"about":[{"href":"https:\/\/staging.forenteforlag.no\/pax\/wp-json\/wp\/v2\/types\/product"}],"wp:featuredmedia":[{"embeddable":true,"href":"https:\/\/staging.forenteforlag.no\/pax\/wp-json\/wp\/v2\/media\/26624"}],"wp:attachment":[{"href":"https:\/\/staging.forenteforlag.no\/pax\/wp-json\/wp\/v2\/media?parent=20684"}],"wp:term":[{"taxonomy":"product_brand","embeddable":true,"href":"https:\/\/staging.forenteforlag.no\/pax\/wp-json\/wp\/v2\/product_brand?post=20684"},{"taxonomy":"product_cat","embeddable":true,"href":"https:\/\/staging.forenteforlag.no\/pax\/wp-json\/wp\/v2\/product_cat?post=20684"},{"taxonomy":"product_tag","embeddable":true,"href":"https:\/\/staging.forenteforlag.no\/pax\/wp-json\/wp\/v2\/product_tag?post=20684"}],"curies":[{"name":"wp","href":"https:\/\/api.w.org\/{rel}","templated":true}]}}

<p>For 90 år siden åpnet den første steinerskolen i Norge. Til høsten foreligger historien om skolens kamp for tilværelsen, dens liv og utvikling her i landet. Fra å oppta en beskjeden plass ved oppstarten har steinerskolen blitt det tydeligste pedagogiske alternativet til den offentlige skolen. Å legitimere seg som et alternativ fordrer en egenart, og det er i dette spennet mellom egenart og krav om tilpasning til det offentlige skolesystemet at steinerskolen har kjempet sine viktigste kamper. Steinerskolen har rettet kritikk mot norsk utdanningspolitikk, særlig har representanter for skolen kritisert den sterke vektleggingen av de teoretiske sidene ved opplæringen, måling av kunnskap, standardiserte tester og bruk av karakterer. Steinerskolen er også selv blitt gjenstand for kritikk, og i boken behandles noen av de stridene skolen har stått inne i. I &laquo;Hva skal vi med skole?&raquo; får vi fortellingen om den norske steinerskolens evne og vilje til å bygge opp og representere et pedagogisk alternativ basert på Rudolf Steiners syn på barnets utvikling.  </p>
<p>Boken er basert på Anne-Mette Stabel Ph.D avhandling &laquo;Visjoner og vilkår. Om Steinerskolens utvikling i Norge fra 1926 til 2004&raquo; som ble forsvart ved det Utdanningsvitenskapelige fakultet ved Universitetet i Oslo våren 2014. I boken er historien ført frem til dagens situasjon og inkluderer fortellingen om hvordan steinerskolen håndterte utfordringene knyttet til innføringen av læreplanreformen Kunnskapsløftet, målstyring og Nasjonale prøver.  </p>
<p>Boken inneholder et utvalg fotografier fra steinerskolens historie og bilder som formidler skolens pedagogiske intensjoner.  </p>

<p>For 90 år siden åpnet den første steinerskolen i Norge. Til høsten foreligger historien om skolens kamp for tilværelsen, dens liv og utvikling her i landet. Fra å oppta en beskjeden plass ved oppstarten har steinerskolen blitt det tydeligste pedagogiske alternativet til den offentlige skolen. Å legitimere seg som et alternativ fordrer en egenart, og [&hellip;]</p>

<!-- This site is optimized with the Yoast SEO plugin v26.6 - https://yoast.com/wordpress/plugins/seo/ -->
<title>Hva skal vi med skole? - Pax</title>
<meta name="robots" content="noindex, follow, max-snippet:-1, max-image-preview:large, max-video-preview:-1" />
<meta property="og:locale" content="nb_NO" />
<meta property="og:type" content="article" />
<meta property="og:title" content="Hva skal vi med skole? - Pax" />
<meta property="og:description" content="For 90 år siden åpnet den første steinerskolen i Norge. Til høsten foreligger historien om skolens kamp for tilværelsen, dens liv og utvikling her i landet. Fra å oppta en beskjeden plass ved oppstarten har steinerskolen blitt det tydeligste pedagogiske alternativet til den offentlige skolen. Å legitimere seg som et alternativ fordrer en egenart, og [&hellip;]" />
<meta property="og:url" content="https://staging.forenteforlag.no/pax/produkt/hva-skal-vi-med-skole/" />
<meta property="og:site_name" content="Pax" />
<meta property="article:modified_time" content="2025-08-27T07:10:44+00:00" />
<meta property="og:image" content="https://staging.forenteforlag.no/pax/wp-content/uploads/sites/5/2025/08/jpg-1688-scaled-1-scaled.jpg" />
	<meta property="og:image:width" content="1431" />
	<meta property="og:image:height" content="1920" />
	<meta property="og:image:type" content="image/jpeg" />
<meta name="twitter:card" content="summary_large_image" />
<meta name="twitter:label1" content="Ansl. lesetid" />
	<meta name="twitter:data1" content="1 minutt" />
<script type="application/ld+json" class="yoast-schema-graph">{"@context":"https://schema.org","@graph":[{"@type":"WebPage","@id":"https://staging.forenteforlag.no/pax/produkt/hva-skal-vi-med-skole/","url":"https://staging.forenteforlag.no/pax/produkt/hva-skal-vi-med-skole/","name":"Hva skal vi med skole? - Pax","isPartOf":{"@id":"https://staging.forenteforlag.no/pax/#website"},"primaryImageOfPage":{"@id":"https://staging.forenteforlag.no/pax/produkt/hva-skal-vi-med-skole/#primaryimage"},"image":{"@id":"https://staging.forenteforlag.no/pax/produkt/hva-skal-vi-med-skole/#primaryimage"},"thumbnailUrl":"https://staging.forenteforlag.no/pax/wp-content/uploads/sites/5/2025/08/jpg-1688-scaled-1-scaled.jpg","datePublished":"2016-10-10T00:00:00+00:00","dateModified":"2025-08-27T07:10:44+00:00","breadcrumb":{"@id":"https://staging.forenteforlag.no/pax/produkt/hva-skal-vi-med-skole/#breadcrumb"},"inLanguage":"nb-NO","potentialAction":[{"@type":"ReadAction","target":["https://staging.forenteforlag.no/pax/produkt/hva-skal-vi-med-skole/"]}]},{"@type":"ImageObject","inLanguage":"nb-NO","@id":"https://staging.forenteforlag.no/pax/produkt/hva-skal-vi-med-skole/#primaryimage","url":"https://staging.forenteforlag.no/pax/wp-content/uploads/sites/5/2025/08/jpg-1688-scaled-1-scaled.jpg","contentUrl":"https://staging.forenteforlag.no/pax/wp-content/uploads/sites/5/2025/08/jpg-1688-scaled-1-scaled.jpg","width":1431,"height":1920},{"@type":"BreadcrumbList","@id":"https://staging.forenteforlag.no/pax/produkt/hva-skal-vi-med-skole/#breadcrumb","itemListElement":[{"@type":"ListItem","position":1,"name":"Hjem","item":"https://staging.forenteforlag.no/pax/"},{"@type":"ListItem","position":2,"name":"Alle bøker","item":"https://staging.forenteforlag.no/pax/butikk/"},{"@type":"ListItem","position":3,"name":"Hva skal vi med skole?"}]},{"@type":"WebSite","@id":"https://staging.forenteforlag.no/pax/#website","url":"https://staging.forenteforlag.no/pax/","name":"Pax","description":"","potentialAction":[{"@type":"SearchAction","target":{"@type":"EntryPoint","urlTemplate":"https://staging.forenteforlag.no/pax/?s={search_term_string}"},"query-input":{"@type":"PropertyValueSpecification","valueRequired":true,"valueName":"search_term_string"}}],"inLanguage":"nb-NO"}]}</script>
<!-- / Yoast SEO plugin. -->

For 90 år siden åpnet den første steinerskolen i Norge. Til høsten foreligger historien om skolens kamp for tilværelsen, dens liv og utvikling her i landet. Fra å oppta en beskjeden plass ved oppstarten har steinerskolen blitt det tydeligste pedagogiske alternativet til den offentlige skolen. Å legitimere seg som et alternativ fordrer en egenart, og [&hellip;]

Alle bøker
