{"id":20676,"date":"2016-01-18T01:00:00","date_gmt":"2016-01-18T00:00:00","guid":{"rendered":"https:\/\/pax.forenteforlag.no\/produkt\/i-arbeidsfredens-tjeneste\/"},"modified":"2025-08-27T07:52:17","modified_gmt":"2025-08-27T05:52:17","slug":"i-arbeidsfredens-tjeneste","status":"publish","type":"product","link":"https:\/\/staging.forenteforlag.no\/pax\/produkt\/i-arbeidsfredens-tjeneste\/","title":{"rendered":"I arbeidsfredens tjeneste"},"content":{"rendered":"<p>Arbeidsretten ble opprettet i 1916 for \u00e5 d\u00f8mme i tvister mellom partene i arbeidslivet og bidra til \u00e5 skape arbeidsfred. P\u00e5 slutten av 1800-tallet hadde arbeidere og arbeidsgivere organisert seg og tatt i bruk tariffavtalene som et nytt instrument til \u00e5 regulere l\u00f8nns- og arbeidsvilk\u00e5r. Men striden mellom arbeiderne, som kjempet for \u00f8kte l\u00f8nninger og bedre arbeidsvilk\u00e5r, og arbeidsgiverne, som \u00f8nsket en l\u00f8nnsom drift, f\u00f8rte til arbeidskamper med store omkostninger. Streik og lockout rammet ikke bare arbeiderne og virksomhetene, men ogs\u00e5 samfunnet rundt dem. <\/p>\n<p>Flere politikerne \u00f8nsket \u00e5 forby streik, og ta i bruk tvungen l\u00f8nnsnemnd for \u00e5 l\u00f8se disse arbeidskonfliktene. Partene selv ville derimot bygge p\u00e5 tariffavtalene og den frie avtaleretten. De s\u00e5 likevel behovet for en lovregulering av hvordan tvistene skulle l\u00f8ses. Arbeidstvistloven, som ble vedtatt i 1915, bygget p\u00e5 prinsipper som hovedorganisasjonene LO og N.A.F. allerede var blitt enige om, og hvilte p\u00e5 deres st\u00f8tte. <\/p>\n<p>Arbeidstvistloven fastsatte regler for n\u00e5r tvister kunne l\u00f8ses med arbeidskamp, og n\u00e5r partene var bundet til arbeidsfred. Loven etablerte to tvistel\u00f8sningsinstitusjoner: Arbeidsretten og Riksmekleren. Mens Riksmeklerens oppgave var \u00e5 bidra i selve tarifforhandlingene, var Arbeidsrettens oppgave \u00e5 avgj\u00f8re tvister om hva som var avtalt mellom partene, samt \u00e5 avgj\u00f8re hvorvidt fredsplikten var brutt. <\/p>\n<p>Fra Arbeidsrettens etablering i 1916 og frem til i dag, har domstolen hatt en viktig rolle i arbeidsfredens tjeneste. Denne boken er historien om hvorfor og hvordan denne domstolen ble etablert, og hvordan den har fungert gjennom 100 \u00e5r som domstol for partene i arbeidslivet. Forfatterne setter domstolens virke inn i en samfunnsmessig sammenheng, og viser hva som har p\u00e5virket Arbeidsrettens saksfelt og hvilke samfunnssp\u00f8rsm\u00e5l som har v\u00e6rt sentrale for akt\u00f8rene rundt retten. <\/p>\n","protected":false},"excerpt":{"rendered":"<p>Arbeidsretten ble opprettet i 1916 for \u00e5 d\u00f8mme i tvister mellom partene i arbeidslivet og bidra til \u00e5 skape arbeidsfred. P\u00e5 slutten av 1800-tallet hadde arbeidere og arbeidsgivere organisert seg og tatt i bruk tariffavtalene som et nytt instrument til \u00e5 regulere l\u00f8nns- og arbeidsvilk\u00e5r. Men striden mellom arbeiderne, som kjempet for \u00f8kte l\u00f8nninger og [&hellip;]<\/p>\n","protected":false},"featured_media":27925,"template":"","meta":{"_acf_changed":false,"inline_featured_image":false},"product_brand":[],"product_cat":[1782,23],"product_tag":[441,364,367,1621,362,437,439,599],"class_list":{"0":"post-20676","1":"product","2":"type-product","3":"status-publish","4":"has-post-thumbnail","6":"product_cat-fripris","7":"product_cat-historie","8":"product_tag-1900-tallet","9":"product_tag-2000-2009","10":"product_tag-2010-2019","11":"product_tag-arbeidsrett","12":"product_tag-faglitteratur","13":"product_tag-jubileumsboker","14":"product_tag-nord-norge","15":"product_tag-rettshistorie","16":"pa_format-innbundet","18":"first","19":"instock","20":"shipping-taxable","21":"purchasable","22":"product-type-simple"},"acf":{"anmeldelse":null},"yoast_head":"<!-- This site is optimized with the Yoast SEO plugin v26.6 - https:\/\/yoast.com\/wordpress\/plugins\/seo\/ -->\n<title>I arbeidsfredens tjeneste - Pax<\/title>\n<meta name=\"robots\" content=\"noindex, follow, max-snippet:-1, max-image-preview:large, max-video-preview:-1\" \/>\n<meta property=\"og:locale\" content=\"nb_NO\" \/>\n<meta property=\"og:type\" content=\"article\" \/>\n<meta property=\"og:title\" content=\"I arbeidsfredens tjeneste - Pax\" \/>\n<meta property=\"og:description\" content=\"Arbeidsretten ble opprettet i 1916 for \u00e5 d\u00f8mme i tvister mellom partene i arbeidslivet og bidra til \u00e5 skape arbeidsfred. P\u00e5 slutten av 1800-tallet hadde arbeidere og arbeidsgivere organisert seg og tatt i bruk tariffavtalene som et nytt instrument til \u00e5 regulere l\u00f8nns- og arbeidsvilk\u00e5r. Men striden mellom arbeiderne, som kjempet for \u00f8kte l\u00f8nninger og [&hellip;]\" \/>\n<meta property=\"og:url\" content=\"https:\/\/staging.forenteforlag.no\/pax\/produkt\/i-arbeidsfredens-tjeneste\/\" \/>\n<meta property=\"og:site_name\" content=\"Pax\" \/>\n<meta property=\"article:modified_time\" content=\"2025-08-27T05:52:17+00:00\" \/>\n<meta property=\"og:image\" content=\"https:\/\/staging.forenteforlag.no\/pax\/wp-content\/uploads\/sites\/5\/2025\/08\/jpg-5495-scaled-1-scaled.jpg\" \/>\n\t<meta property=\"og:image:width\" content=\"1364\" \/>\n\t<meta property=\"og:image:height\" content=\"1920\" \/>\n\t<meta property=\"og:image:type\" content=\"image\/jpeg\" \/>\n<meta name=\"twitter:card\" content=\"summary_large_image\" \/>\n<meta name=\"twitter:label1\" content=\"Ansl. lesetid\" \/>\n\t<meta name=\"twitter:data1\" content=\"1 minutt\" \/>\n<script type=\"application\/ld+json\" class=\"yoast-schema-graph\">{\"@context\":\"https:\/\/schema.org\",\"@graph\":[{\"@type\":\"WebPage\",\"@id\":\"https:\/\/staging.forenteforlag.no\/pax\/produkt\/i-arbeidsfredens-tjeneste\/\",\"url\":\"https:\/\/staging.forenteforlag.no\/pax\/produkt\/i-arbeidsfredens-tjeneste\/\",\"name\":\"I arbeidsfredens tjeneste - Pax\",\"isPartOf\":{\"@id\":\"https:\/\/staging.forenteforlag.no\/pax\/#website\"},\"primaryImageOfPage\":{\"@id\":\"https:\/\/staging.forenteforlag.no\/pax\/produkt\/i-arbeidsfredens-tjeneste\/#primaryimage\"},\"image\":{\"@id\":\"https:\/\/staging.forenteforlag.no\/pax\/produkt\/i-arbeidsfredens-tjeneste\/#primaryimage\"},\"thumbnailUrl\":\"https:\/\/staging.forenteforlag.no\/pax\/wp-content\/uploads\/sites\/5\/2025\/08\/jpg-5495-scaled-1-scaled.jpg\",\"datePublished\":\"2016-01-18T00:00:00+00:00\",\"dateModified\":\"2025-08-27T05:52:17+00:00\",\"breadcrumb\":{\"@id\":\"https:\/\/staging.forenteforlag.no\/pax\/produkt\/i-arbeidsfredens-tjeneste\/#breadcrumb\"},\"inLanguage\":\"nb-NO\",\"potentialAction\":[{\"@type\":\"ReadAction\",\"target\":[\"https:\/\/staging.forenteforlag.no\/pax\/produkt\/i-arbeidsfredens-tjeneste\/\"]}]},{\"@type\":\"ImageObject\",\"inLanguage\":\"nb-NO\",\"@id\":\"https:\/\/staging.forenteforlag.no\/pax\/produkt\/i-arbeidsfredens-tjeneste\/#primaryimage\",\"url\":\"https:\/\/staging.forenteforlag.no\/pax\/wp-content\/uploads\/sites\/5\/2025\/08\/jpg-5495-scaled-1-scaled.jpg\",\"contentUrl\":\"https:\/\/staging.forenteforlag.no\/pax\/wp-content\/uploads\/sites\/5\/2025\/08\/jpg-5495-scaled-1-scaled.jpg\",\"width\":1364,\"height\":1920},{\"@type\":\"BreadcrumbList\",\"@id\":\"https:\/\/staging.forenteforlag.no\/pax\/produkt\/i-arbeidsfredens-tjeneste\/#breadcrumb\",\"itemListElement\":[{\"@type\":\"ListItem\",\"position\":1,\"name\":\"Hjem\",\"item\":\"https:\/\/staging.forenteforlag.no\/pax\/\"},{\"@type\":\"ListItem\",\"position\":2,\"name\":\"Alle b\u00f8ker\",\"item\":\"https:\/\/staging.forenteforlag.no\/pax\/butikk\/\"},{\"@type\":\"ListItem\",\"position\":3,\"name\":\"I arbeidsfredens tjeneste\"}]},{\"@type\":\"WebSite\",\"@id\":\"https:\/\/staging.forenteforlag.no\/pax\/#website\",\"url\":\"https:\/\/staging.forenteforlag.no\/pax\/\",\"name\":\"Pax\",\"description\":\"\",\"potentialAction\":[{\"@type\":\"SearchAction\",\"target\":{\"@type\":\"EntryPoint\",\"urlTemplate\":\"https:\/\/staging.forenteforlag.no\/pax\/?s={search_term_string}\"},\"query-input\":{\"@type\":\"PropertyValueSpecification\",\"valueRequired\":true,\"valueName\":\"search_term_string\"}}],\"inLanguage\":\"nb-NO\"}]}<\/script>\n<!-- \/ Yoast SEO plugin. -->","yoast_head_json":{"title":"I arbeidsfredens tjeneste - Pax","robots":{"index":"noindex","follow":"follow","max-snippet":"max-snippet:-1","max-image-preview":"max-image-preview:large","max-video-preview":"max-video-preview:-1"},"og_locale":"nb_NO","og_type":"article","og_title":"I arbeidsfredens tjeneste - Pax","og_description":"Arbeidsretten ble opprettet i 1916 for \u00e5 d\u00f8mme i tvister mellom partene i arbeidslivet og bidra til \u00e5 skape arbeidsfred. P\u00e5 slutten av 1800-tallet hadde arbeidere og arbeidsgivere organisert seg og tatt i bruk tariffavtalene som et nytt instrument til \u00e5 regulere l\u00f8nns- og arbeidsvilk\u00e5r. Men striden mellom arbeiderne, som kjempet for \u00f8kte l\u00f8nninger og [&hellip;]","og_url":"https:\/\/staging.forenteforlag.no\/pax\/produkt\/i-arbeidsfredens-tjeneste\/","og_site_name":"Pax","article_modified_time":"2025-08-27T05:52:17+00:00","og_image":[{"width":1364,"height":1920,"url":"https:\/\/staging.forenteforlag.no\/pax\/wp-content\/uploads\/sites\/5\/2025\/08\/jpg-5495-scaled-1-scaled.jpg","type":"image\/jpeg"}],"twitter_card":"summary_large_image","twitter_misc":{"Ansl. lesetid":"1 minutt"},"schema":{"@context":"https:\/\/schema.org","@graph":[{"@type":"WebPage","@id":"https:\/\/staging.forenteforlag.no\/pax\/produkt\/i-arbeidsfredens-tjeneste\/","url":"https:\/\/staging.forenteforlag.no\/pax\/produkt\/i-arbeidsfredens-tjeneste\/","name":"I arbeidsfredens tjeneste - Pax","isPartOf":{"@id":"https:\/\/staging.forenteforlag.no\/pax\/#website"},"primaryImageOfPage":{"@id":"https:\/\/staging.forenteforlag.no\/pax\/produkt\/i-arbeidsfredens-tjeneste\/#primaryimage"},"image":{"@id":"https:\/\/staging.forenteforlag.no\/pax\/produkt\/i-arbeidsfredens-tjeneste\/#primaryimage"},"thumbnailUrl":"https:\/\/staging.forenteforlag.no\/pax\/wp-content\/uploads\/sites\/5\/2025\/08\/jpg-5495-scaled-1-scaled.jpg","datePublished":"2016-01-18T00:00:00+00:00","dateModified":"2025-08-27T05:52:17+00:00","breadcrumb":{"@id":"https:\/\/staging.forenteforlag.no\/pax\/produkt\/i-arbeidsfredens-tjeneste\/#breadcrumb"},"inLanguage":"nb-NO","potentialAction":[{"@type":"ReadAction","target":["https:\/\/staging.forenteforlag.no\/pax\/produkt\/i-arbeidsfredens-tjeneste\/"]}]},{"@type":"ImageObject","inLanguage":"nb-NO","@id":"https:\/\/staging.forenteforlag.no\/pax\/produkt\/i-arbeidsfredens-tjeneste\/#primaryimage","url":"https:\/\/staging.forenteforlag.no\/pax\/wp-content\/uploads\/sites\/5\/2025\/08\/jpg-5495-scaled-1-scaled.jpg","contentUrl":"https:\/\/staging.forenteforlag.no\/pax\/wp-content\/uploads\/sites\/5\/2025\/08\/jpg-5495-scaled-1-scaled.jpg","width":1364,"height":1920},{"@type":"BreadcrumbList","@id":"https:\/\/staging.forenteforlag.no\/pax\/produkt\/i-arbeidsfredens-tjeneste\/#breadcrumb","itemListElement":[{"@type":"ListItem","position":1,"name":"Hjem","item":"https:\/\/staging.forenteforlag.no\/pax\/"},{"@type":"ListItem","position":2,"name":"Alle b\u00f8ker","item":"https:\/\/staging.forenteforlag.no\/pax\/butikk\/"},{"@type":"ListItem","position":3,"name":"I arbeidsfredens tjeneste"}]},{"@type":"WebSite","@id":"https:\/\/staging.forenteforlag.no\/pax\/#website","url":"https:\/\/staging.forenteforlag.no\/pax\/","name":"Pax","description":"","potentialAction":[{"@type":"SearchAction","target":{"@type":"EntryPoint","urlTemplate":"https:\/\/staging.forenteforlag.no\/pax\/?s={search_term_string}"},"query-input":{"@type":"PropertyValueSpecification","valueRequired":true,"valueName":"search_term_string"}}],"inLanguage":"nb-NO"}]}},"_links":{"self":[{"href":"https:\/\/staging.forenteforlag.no\/pax\/wp-json\/wp\/v2\/product\/20676","targetHints":{"allow":["GET"]}}],"collection":[{"href":"https:\/\/staging.forenteforlag.no\/pax\/wp-json\/wp\/v2\/product"}],"about":[{"href":"https:\/\/staging.forenteforlag.no\/pax\/wp-json\/wp\/v2\/types\/product"}],"wp:featuredmedia":[{"embeddable":true,"href":"https:\/\/staging.forenteforlag.no\/pax\/wp-json\/wp\/v2\/media\/27925"}],"wp:attachment":[{"href":"https:\/\/staging.forenteforlag.no\/pax\/wp-json\/wp\/v2\/media?parent=20676"}],"wp:term":[{"taxonomy":"product_brand","embeddable":true,"href":"https:\/\/staging.forenteforlag.no\/pax\/wp-json\/wp\/v2\/product_brand?post=20676"},{"taxonomy":"product_cat","embeddable":true,"href":"https:\/\/staging.forenteforlag.no\/pax\/wp-json\/wp\/v2\/product_cat?post=20676"},{"taxonomy":"product_tag","embeddable":true,"href":"https:\/\/staging.forenteforlag.no\/pax\/wp-json\/wp\/v2\/product_tag?post=20676"}],"curies":[{"name":"wp","href":"https:\/\/api.w.org\/{rel}","templated":true}]}}

<p>Arbeidsretten ble opprettet i 1916 for å dømme i tvister mellom partene i arbeidslivet og bidra til å skape arbeidsfred. På slutten av 1800-tallet hadde arbeidere og arbeidsgivere organisert seg og tatt i bruk tariffavtalene som et nytt instrument til å regulere lønns- og arbeidsvilkår. Men striden mellom arbeiderne, som kjempet for økte lønninger og bedre arbeidsvilkår, og arbeidsgiverne, som ønsket en lønnsom drift, førte til arbeidskamper med store omkostninger. Streik og lockout rammet ikke bare arbeiderne og virksomhetene, men også samfunnet rundt dem. </p>
<p>Flere politikerne ønsket å forby streik, og ta i bruk tvungen lønnsnemnd for å løse disse arbeidskonfliktene. Partene selv ville derimot bygge på tariffavtalene og den frie avtaleretten. De så likevel behovet for en lovregulering av hvordan tvistene skulle løses. Arbeidstvistloven, som ble vedtatt i 1915, bygget på prinsipper som hovedorganisasjonene LO og N.A.F. allerede var blitt enige om, og hvilte på deres støtte. </p>
<p>Arbeidstvistloven fastsatte regler for når tvister kunne løses med arbeidskamp, og når partene var bundet til arbeidsfred. Loven etablerte to tvisteløsningsinstitusjoner: Arbeidsretten og Riksmekleren. Mens Riksmeklerens oppgave var å bidra i selve tarifforhandlingene, var Arbeidsrettens oppgave å avgjøre tvister om hva som var avtalt mellom partene, samt å avgjøre hvorvidt fredsplikten var brutt. </p>
<p>Fra Arbeidsrettens etablering i 1916 og frem til i dag, har domstolen hatt en viktig rolle i arbeidsfredens tjeneste. Denne boken er historien om hvorfor og hvordan denne domstolen ble etablert, og hvordan den har fungert gjennom 100 år som domstol for partene i arbeidslivet. Forfatterne setter domstolens virke inn i en samfunnsmessig sammenheng, og viser hva som har påvirket Arbeidsrettens saksfelt og hvilke samfunnsspørsmål som har vært sentrale for aktørene rundt retten. </p>

<p>Arbeidsretten ble opprettet i 1916 for å dømme i tvister mellom partene i arbeidslivet og bidra til å skape arbeidsfred. På slutten av 1800-tallet hadde arbeidere og arbeidsgivere organisert seg og tatt i bruk tariffavtalene som et nytt instrument til å regulere lønns- og arbeidsvilkår. Men striden mellom arbeiderne, som kjempet for økte lønninger og [&hellip;]</p>

<!-- This site is optimized with the Yoast SEO plugin v26.6 - https://yoast.com/wordpress/plugins/seo/ -->
<title>I arbeidsfredens tjeneste - Pax</title>
<meta name="robots" content="noindex, follow, max-snippet:-1, max-image-preview:large, max-video-preview:-1" />
<meta property="og:locale" content="nb_NO" />
<meta property="og:type" content="article" />
<meta property="og:title" content="I arbeidsfredens tjeneste - Pax" />
<meta property="og:description" content="Arbeidsretten ble opprettet i 1916 for å dømme i tvister mellom partene i arbeidslivet og bidra til å skape arbeidsfred. På slutten av 1800-tallet hadde arbeidere og arbeidsgivere organisert seg og tatt i bruk tariffavtalene som et nytt instrument til å regulere lønns- og arbeidsvilkår. Men striden mellom arbeiderne, som kjempet for økte lønninger og [&hellip;]" />
<meta property="og:url" content="https://staging.forenteforlag.no/pax/produkt/i-arbeidsfredens-tjeneste/" />
<meta property="og:site_name" content="Pax" />
<meta property="article:modified_time" content="2025-08-27T05:52:17+00:00" />
<meta property="og:image" content="https://staging.forenteforlag.no/pax/wp-content/uploads/sites/5/2025/08/jpg-5495-scaled-1-scaled.jpg" />
	<meta property="og:image:width" content="1364" />
	<meta property="og:image:height" content="1920" />
	<meta property="og:image:type" content="image/jpeg" />
<meta name="twitter:card" content="summary_large_image" />
<meta name="twitter:label1" content="Ansl. lesetid" />
	<meta name="twitter:data1" content="1 minutt" />
<script type="application/ld+json" class="yoast-schema-graph">{"@context":"https://schema.org","@graph":[{"@type":"WebPage","@id":"https://staging.forenteforlag.no/pax/produkt/i-arbeidsfredens-tjeneste/","url":"https://staging.forenteforlag.no/pax/produkt/i-arbeidsfredens-tjeneste/","name":"I arbeidsfredens tjeneste - Pax","isPartOf":{"@id":"https://staging.forenteforlag.no/pax/#website"},"primaryImageOfPage":{"@id":"https://staging.forenteforlag.no/pax/produkt/i-arbeidsfredens-tjeneste/#primaryimage"},"image":{"@id":"https://staging.forenteforlag.no/pax/produkt/i-arbeidsfredens-tjeneste/#primaryimage"},"thumbnailUrl":"https://staging.forenteforlag.no/pax/wp-content/uploads/sites/5/2025/08/jpg-5495-scaled-1-scaled.jpg","datePublished":"2016-01-18T00:00:00+00:00","dateModified":"2025-08-27T05:52:17+00:00","breadcrumb":{"@id":"https://staging.forenteforlag.no/pax/produkt/i-arbeidsfredens-tjeneste/#breadcrumb"},"inLanguage":"nb-NO","potentialAction":[{"@type":"ReadAction","target":["https://staging.forenteforlag.no/pax/produkt/i-arbeidsfredens-tjeneste/"]}]},{"@type":"ImageObject","inLanguage":"nb-NO","@id":"https://staging.forenteforlag.no/pax/produkt/i-arbeidsfredens-tjeneste/#primaryimage","url":"https://staging.forenteforlag.no/pax/wp-content/uploads/sites/5/2025/08/jpg-5495-scaled-1-scaled.jpg","contentUrl":"https://staging.forenteforlag.no/pax/wp-content/uploads/sites/5/2025/08/jpg-5495-scaled-1-scaled.jpg","width":1364,"height":1920},{"@type":"BreadcrumbList","@id":"https://staging.forenteforlag.no/pax/produkt/i-arbeidsfredens-tjeneste/#breadcrumb","itemListElement":[{"@type":"ListItem","position":1,"name":"Hjem","item":"https://staging.forenteforlag.no/pax/"},{"@type":"ListItem","position":2,"name":"Alle bøker","item":"https://staging.forenteforlag.no/pax/butikk/"},{"@type":"ListItem","position":3,"name":"I arbeidsfredens tjeneste"}]},{"@type":"WebSite","@id":"https://staging.forenteforlag.no/pax/#website","url":"https://staging.forenteforlag.no/pax/","name":"Pax","description":"","potentialAction":[{"@type":"SearchAction","target":{"@type":"EntryPoint","urlTemplate":"https://staging.forenteforlag.no/pax/?s={search_term_string}"},"query-input":{"@type":"PropertyValueSpecification","valueRequired":true,"valueName":"search_term_string"}}],"inLanguage":"nb-NO"}]}</script>
<!-- / Yoast SEO plugin. -->

Arbeidsretten ble opprettet i 1916 for å dømme i tvister mellom partene i arbeidslivet og bidra til å skape arbeidsfred. På slutten av 1800-tallet hadde arbeidere og arbeidsgivere organisert seg og tatt i bruk tariffavtalene som et nytt instrument til å regulere lønns- og arbeidsvilkår. Men striden mellom arbeiderne, som kjempet for økte lønninger og [&hellip;]

Alle bøker
