{"id":20674,"date":"2016-01-20T01:00:00","date_gmt":"2016-01-20T00:00:00","guid":{"rendered":"https:\/\/pax.forenteforlag.no\/produkt\/fred-er-dog-det-beste\/"},"modified":"2025-08-27T11:47:22","modified_gmt":"2025-08-27T09:47:22","slug":"fred-er-dog-det-beste","status":"publish","type":"product","link":"https:\/\/staging.forenteforlag.no\/pax\/produkt\/fred-er-dog-det-beste\/","title":{"rendered":"Fred er dog det beste"},"content":{"rendered":"<p>I januar 2016 feirer Riksmekleren hundre \u00e5r. Meklerinstitusjonen fikk sin form gjennom arbeidstvistloven av 1915 og ble opprettet 1. januar 1916. Siden har den fungert nesten uendret fram til i dag. Fred er dog det beste gir innblikk i Riksmeklerens virke og betydning i det norske samfunn fra flere innfallsvinkler. Artikkelforfatterne har ulike roller i forhold til l\u00f8nnsoppgj\u00f8rene i Norge. Ved siden av historiske presentasjoner med s\u00e6rlig vekt p\u00e5 \u00e5rene rundt opprettelsen av institusjonen og de siste ti\u00e5rene, finner vi artikler fra b\u00e5de arbeidstaker- og arbeidsgiversiden, samt innlegg fra sosial\u00f8konomer som har arbeidet innen dette feltet. Dagens riksmekler, Nils Dalseide, gir et utfyllende bilde av de meklingsfaglige oppgavene. Til sammen gir bokens artikler et godt innblikk i Riksmeklerens virke og betydning. <\/p>\n","protected":false},"excerpt":{"rendered":"<p>I januar 2016 feirer Riksmekleren hundre \u00e5r. Meklerinstitusjonen fikk sin form gjennom arbeidstvistloven av 1915 og ble opprettet 1. januar 1916. Siden har den fungert nesten uendret fram til i dag. Fred er dog det beste gir innblikk i Riksmeklerens virke og betydning i det norske samfunn fra flere innfallsvinkler. Artikkelforfatterne har ulike roller i [&hellip;]<\/p>\n","protected":false},"featured_media":29021,"template":"","meta":{"_acf_changed":false,"inline_featured_image":false},"product_brand":[],"product_cat":[1782,23],"product_tag":[1621,1681,362,437,1622,439],"class_list":{"0":"post-20674","1":"product","2":"type-product","3":"status-publish","4":"has-post-thumbnail","6":"product_cat-fripris","7":"product_cat-historie","8":"product_tag-arbeidsrett","9":"product_tag-etniske-konflikter","10":"product_tag-faglitteratur","11":"product_tag-jubileumsboker","12":"product_tag-lonninger","13":"product_tag-nord-norge","14":"pa_format-innbundet","16":"first","17":"instock","18":"shipping-taxable","19":"purchasable","20":"product-type-simple"},"acf":{"anmeldelse":null},"yoast_head":"<!-- This site is optimized with the Yoast SEO plugin v26.6 - https:\/\/yoast.com\/wordpress\/plugins\/seo\/ -->\n<title>Fred er dog det beste - Pax<\/title>\n<meta name=\"robots\" content=\"noindex, follow, max-snippet:-1, max-image-preview:large, max-video-preview:-1\" \/>\n<meta property=\"og:locale\" content=\"nb_NO\" \/>\n<meta property=\"og:type\" content=\"article\" \/>\n<meta property=\"og:title\" content=\"Fred er dog det beste - Pax\" \/>\n<meta property=\"og:description\" content=\"I januar 2016 feirer Riksmekleren hundre \u00e5r. Meklerinstitusjonen fikk sin form gjennom arbeidstvistloven av 1915 og ble opprettet 1. januar 1916. Siden har den fungert nesten uendret fram til i dag. Fred er dog det beste gir innblikk i Riksmeklerens virke og betydning i det norske samfunn fra flere innfallsvinkler. Artikkelforfatterne har ulike roller i [&hellip;]\" \/>\n<meta property=\"og:url\" content=\"https:\/\/staging.forenteforlag.no\/pax\/produkt\/fred-er-dog-det-beste\/\" \/>\n<meta property=\"og:site_name\" content=\"Pax\" \/>\n<meta property=\"article:modified_time\" content=\"2025-08-27T09:47:22+00:00\" \/>\n<meta property=\"og:image\" content=\"https:\/\/staging.forenteforlag.no\/pax\/wp-content\/uploads\/sites\/5\/2025\/08\/jpg-8690-scaled-1-scaled.jpg\" \/>\n\t<meta property=\"og:image:width\" content=\"1359\" \/>\n\t<meta property=\"og:image:height\" content=\"1920\" \/>\n\t<meta property=\"og:image:type\" content=\"image\/jpeg\" \/>\n<meta name=\"twitter:card\" content=\"summary_large_image\" \/>\n<meta name=\"twitter:label1\" content=\"Ansl. lesetid\" \/>\n\t<meta name=\"twitter:data1\" content=\"1 minutt\" \/>\n<script type=\"application\/ld+json\" class=\"yoast-schema-graph\">{\"@context\":\"https:\/\/schema.org\",\"@graph\":[{\"@type\":\"WebPage\",\"@id\":\"https:\/\/staging.forenteforlag.no\/pax\/produkt\/fred-er-dog-det-beste\/\",\"url\":\"https:\/\/staging.forenteforlag.no\/pax\/produkt\/fred-er-dog-det-beste\/\",\"name\":\"Fred er dog det beste - Pax\",\"isPartOf\":{\"@id\":\"https:\/\/staging.forenteforlag.no\/pax\/#website\"},\"primaryImageOfPage\":{\"@id\":\"https:\/\/staging.forenteforlag.no\/pax\/produkt\/fred-er-dog-det-beste\/#primaryimage\"},\"image\":{\"@id\":\"https:\/\/staging.forenteforlag.no\/pax\/produkt\/fred-er-dog-det-beste\/#primaryimage\"},\"thumbnailUrl\":\"https:\/\/staging.forenteforlag.no\/pax\/wp-content\/uploads\/sites\/5\/2025\/08\/jpg-8690-scaled-1-scaled.jpg\",\"datePublished\":\"2016-01-20T00:00:00+00:00\",\"dateModified\":\"2025-08-27T09:47:22+00:00\",\"breadcrumb\":{\"@id\":\"https:\/\/staging.forenteforlag.no\/pax\/produkt\/fred-er-dog-det-beste\/#breadcrumb\"},\"inLanguage\":\"nb-NO\",\"potentialAction\":[{\"@type\":\"ReadAction\",\"target\":[\"https:\/\/staging.forenteforlag.no\/pax\/produkt\/fred-er-dog-det-beste\/\"]}]},{\"@type\":\"ImageObject\",\"inLanguage\":\"nb-NO\",\"@id\":\"https:\/\/staging.forenteforlag.no\/pax\/produkt\/fred-er-dog-det-beste\/#primaryimage\",\"url\":\"https:\/\/staging.forenteforlag.no\/pax\/wp-content\/uploads\/sites\/5\/2025\/08\/jpg-8690-scaled-1-scaled.jpg\",\"contentUrl\":\"https:\/\/staging.forenteforlag.no\/pax\/wp-content\/uploads\/sites\/5\/2025\/08\/jpg-8690-scaled-1-scaled.jpg\",\"width\":1359,\"height\":1920},{\"@type\":\"BreadcrumbList\",\"@id\":\"https:\/\/staging.forenteforlag.no\/pax\/produkt\/fred-er-dog-det-beste\/#breadcrumb\",\"itemListElement\":[{\"@type\":\"ListItem\",\"position\":1,\"name\":\"Hjem\",\"item\":\"https:\/\/staging.forenteforlag.no\/pax\/\"},{\"@type\":\"ListItem\",\"position\":2,\"name\":\"Alle b\u00f8ker\",\"item\":\"https:\/\/staging.forenteforlag.no\/pax\/butikk\/\"},{\"@type\":\"ListItem\",\"position\":3,\"name\":\"Fred er dog det beste\"}]},{\"@type\":\"WebSite\",\"@id\":\"https:\/\/staging.forenteforlag.no\/pax\/#website\",\"url\":\"https:\/\/staging.forenteforlag.no\/pax\/\",\"name\":\"Pax\",\"description\":\"\",\"potentialAction\":[{\"@type\":\"SearchAction\",\"target\":{\"@type\":\"EntryPoint\",\"urlTemplate\":\"https:\/\/staging.forenteforlag.no\/pax\/?s={search_term_string}\"},\"query-input\":{\"@type\":\"PropertyValueSpecification\",\"valueRequired\":true,\"valueName\":\"search_term_string\"}}],\"inLanguage\":\"nb-NO\"}]}<\/script>\n<!-- \/ Yoast SEO plugin. -->","yoast_head_json":{"title":"Fred er dog det beste - Pax","robots":{"index":"noindex","follow":"follow","max-snippet":"max-snippet:-1","max-image-preview":"max-image-preview:large","max-video-preview":"max-video-preview:-1"},"og_locale":"nb_NO","og_type":"article","og_title":"Fred er dog det beste - Pax","og_description":"I januar 2016 feirer Riksmekleren hundre \u00e5r. Meklerinstitusjonen fikk sin form gjennom arbeidstvistloven av 1915 og ble opprettet 1. januar 1916. Siden har den fungert nesten uendret fram til i dag. Fred er dog det beste gir innblikk i Riksmeklerens virke og betydning i det norske samfunn fra flere innfallsvinkler. Artikkelforfatterne har ulike roller i [&hellip;]","og_url":"https:\/\/staging.forenteforlag.no\/pax\/produkt\/fred-er-dog-det-beste\/","og_site_name":"Pax","article_modified_time":"2025-08-27T09:47:22+00:00","og_image":[{"width":1359,"height":1920,"url":"https:\/\/staging.forenteforlag.no\/pax\/wp-content\/uploads\/sites\/5\/2025\/08\/jpg-8690-scaled-1-scaled.jpg","type":"image\/jpeg"}],"twitter_card":"summary_large_image","twitter_misc":{"Ansl. lesetid":"1 minutt"},"schema":{"@context":"https:\/\/schema.org","@graph":[{"@type":"WebPage","@id":"https:\/\/staging.forenteforlag.no\/pax\/produkt\/fred-er-dog-det-beste\/","url":"https:\/\/staging.forenteforlag.no\/pax\/produkt\/fred-er-dog-det-beste\/","name":"Fred er dog det beste - Pax","isPartOf":{"@id":"https:\/\/staging.forenteforlag.no\/pax\/#website"},"primaryImageOfPage":{"@id":"https:\/\/staging.forenteforlag.no\/pax\/produkt\/fred-er-dog-det-beste\/#primaryimage"},"image":{"@id":"https:\/\/staging.forenteforlag.no\/pax\/produkt\/fred-er-dog-det-beste\/#primaryimage"},"thumbnailUrl":"https:\/\/staging.forenteforlag.no\/pax\/wp-content\/uploads\/sites\/5\/2025\/08\/jpg-8690-scaled-1-scaled.jpg","datePublished":"2016-01-20T00:00:00+00:00","dateModified":"2025-08-27T09:47:22+00:00","breadcrumb":{"@id":"https:\/\/staging.forenteforlag.no\/pax\/produkt\/fred-er-dog-det-beste\/#breadcrumb"},"inLanguage":"nb-NO","potentialAction":[{"@type":"ReadAction","target":["https:\/\/staging.forenteforlag.no\/pax\/produkt\/fred-er-dog-det-beste\/"]}]},{"@type":"ImageObject","inLanguage":"nb-NO","@id":"https:\/\/staging.forenteforlag.no\/pax\/produkt\/fred-er-dog-det-beste\/#primaryimage","url":"https:\/\/staging.forenteforlag.no\/pax\/wp-content\/uploads\/sites\/5\/2025\/08\/jpg-8690-scaled-1-scaled.jpg","contentUrl":"https:\/\/staging.forenteforlag.no\/pax\/wp-content\/uploads\/sites\/5\/2025\/08\/jpg-8690-scaled-1-scaled.jpg","width":1359,"height":1920},{"@type":"BreadcrumbList","@id":"https:\/\/staging.forenteforlag.no\/pax\/produkt\/fred-er-dog-det-beste\/#breadcrumb","itemListElement":[{"@type":"ListItem","position":1,"name":"Hjem","item":"https:\/\/staging.forenteforlag.no\/pax\/"},{"@type":"ListItem","position":2,"name":"Alle b\u00f8ker","item":"https:\/\/staging.forenteforlag.no\/pax\/butikk\/"},{"@type":"ListItem","position":3,"name":"Fred er dog det beste"}]},{"@type":"WebSite","@id":"https:\/\/staging.forenteforlag.no\/pax\/#website","url":"https:\/\/staging.forenteforlag.no\/pax\/","name":"Pax","description":"","potentialAction":[{"@type":"SearchAction","target":{"@type":"EntryPoint","urlTemplate":"https:\/\/staging.forenteforlag.no\/pax\/?s={search_term_string}"},"query-input":{"@type":"PropertyValueSpecification","valueRequired":true,"valueName":"search_term_string"}}],"inLanguage":"nb-NO"}]}},"_links":{"self":[{"href":"https:\/\/staging.forenteforlag.no\/pax\/wp-json\/wp\/v2\/product\/20674","targetHints":{"allow":["GET"]}}],"collection":[{"href":"https:\/\/staging.forenteforlag.no\/pax\/wp-json\/wp\/v2\/product"}],"about":[{"href":"https:\/\/staging.forenteforlag.no\/pax\/wp-json\/wp\/v2\/types\/product"}],"wp:featuredmedia":[{"embeddable":true,"href":"https:\/\/staging.forenteforlag.no\/pax\/wp-json\/wp\/v2\/media\/29021"}],"wp:attachment":[{"href":"https:\/\/staging.forenteforlag.no\/pax\/wp-json\/wp\/v2\/media?parent=20674"}],"wp:term":[{"taxonomy":"product_brand","embeddable":true,"href":"https:\/\/staging.forenteforlag.no\/pax\/wp-json\/wp\/v2\/product_brand?post=20674"},{"taxonomy":"product_cat","embeddable":true,"href":"https:\/\/staging.forenteforlag.no\/pax\/wp-json\/wp\/v2\/product_cat?post=20674"},{"taxonomy":"product_tag","embeddable":true,"href":"https:\/\/staging.forenteforlag.no\/pax\/wp-json\/wp\/v2\/product_tag?post=20674"}],"curies":[{"name":"wp","href":"https:\/\/api.w.org\/{rel}","templated":true}]}}

<p>I januar 2016 feirer Riksmekleren hundre år. Meklerinstitusjonen fikk sin form gjennom arbeidstvistloven av 1915 og ble opprettet 1. januar 1916. Siden har den fungert nesten uendret fram til i dag. Fred er dog det beste gir innblikk i Riksmeklerens virke og betydning i det norske samfunn fra flere innfallsvinkler. Artikkelforfatterne har ulike roller i forhold til lønnsoppgjørene i Norge. Ved siden av historiske presentasjoner med særlig vekt på årene rundt opprettelsen av institusjonen og de siste tiårene, finner vi artikler fra både arbeidstaker- og arbeidsgiversiden, samt innlegg fra sosialøkonomer som har arbeidet innen dette feltet. Dagens riksmekler, Nils Dalseide, gir et utfyllende bilde av de meklingsfaglige oppgavene. Til sammen gir bokens artikler et godt innblikk i Riksmeklerens virke og betydning. </p>

<p>I januar 2016 feirer Riksmekleren hundre år. Meklerinstitusjonen fikk sin form gjennom arbeidstvistloven av 1915 og ble opprettet 1. januar 1916. Siden har den fungert nesten uendret fram til i dag. Fred er dog det beste gir innblikk i Riksmeklerens virke og betydning i det norske samfunn fra flere innfallsvinkler. Artikkelforfatterne har ulike roller i [&hellip;]</p>

<!-- This site is optimized with the Yoast SEO plugin v26.6 - https://yoast.com/wordpress/plugins/seo/ -->
<title>Fred er dog det beste - Pax</title>
<meta name="robots" content="noindex, follow, max-snippet:-1, max-image-preview:large, max-video-preview:-1" />
<meta property="og:locale" content="nb_NO" />
<meta property="og:type" content="article" />
<meta property="og:title" content="Fred er dog det beste - Pax" />
<meta property="og:description" content="I januar 2016 feirer Riksmekleren hundre år. Meklerinstitusjonen fikk sin form gjennom arbeidstvistloven av 1915 og ble opprettet 1. januar 1916. Siden har den fungert nesten uendret fram til i dag. Fred er dog det beste gir innblikk i Riksmeklerens virke og betydning i det norske samfunn fra flere innfallsvinkler. Artikkelforfatterne har ulike roller i [&hellip;]" />
<meta property="og:url" content="https://staging.forenteforlag.no/pax/produkt/fred-er-dog-det-beste/" />
<meta property="og:site_name" content="Pax" />
<meta property="article:modified_time" content="2025-08-27T09:47:22+00:00" />
<meta property="og:image" content="https://staging.forenteforlag.no/pax/wp-content/uploads/sites/5/2025/08/jpg-8690-scaled-1-scaled.jpg" />
	<meta property="og:image:width" content="1359" />
	<meta property="og:image:height" content="1920" />
	<meta property="og:image:type" content="image/jpeg" />
<meta name="twitter:card" content="summary_large_image" />
<meta name="twitter:label1" content="Ansl. lesetid" />
	<meta name="twitter:data1" content="1 minutt" />
<script type="application/ld+json" class="yoast-schema-graph">{"@context":"https://schema.org","@graph":[{"@type":"WebPage","@id":"https://staging.forenteforlag.no/pax/produkt/fred-er-dog-det-beste/","url":"https://staging.forenteforlag.no/pax/produkt/fred-er-dog-det-beste/","name":"Fred er dog det beste - Pax","isPartOf":{"@id":"https://staging.forenteforlag.no/pax/#website"},"primaryImageOfPage":{"@id":"https://staging.forenteforlag.no/pax/produkt/fred-er-dog-det-beste/#primaryimage"},"image":{"@id":"https://staging.forenteforlag.no/pax/produkt/fred-er-dog-det-beste/#primaryimage"},"thumbnailUrl":"https://staging.forenteforlag.no/pax/wp-content/uploads/sites/5/2025/08/jpg-8690-scaled-1-scaled.jpg","datePublished":"2016-01-20T00:00:00+00:00","dateModified":"2025-08-27T09:47:22+00:00","breadcrumb":{"@id":"https://staging.forenteforlag.no/pax/produkt/fred-er-dog-det-beste/#breadcrumb"},"inLanguage":"nb-NO","potentialAction":[{"@type":"ReadAction","target":["https://staging.forenteforlag.no/pax/produkt/fred-er-dog-det-beste/"]}]},{"@type":"ImageObject","inLanguage":"nb-NO","@id":"https://staging.forenteforlag.no/pax/produkt/fred-er-dog-det-beste/#primaryimage","url":"https://staging.forenteforlag.no/pax/wp-content/uploads/sites/5/2025/08/jpg-8690-scaled-1-scaled.jpg","contentUrl":"https://staging.forenteforlag.no/pax/wp-content/uploads/sites/5/2025/08/jpg-8690-scaled-1-scaled.jpg","width":1359,"height":1920},{"@type":"BreadcrumbList","@id":"https://staging.forenteforlag.no/pax/produkt/fred-er-dog-det-beste/#breadcrumb","itemListElement":[{"@type":"ListItem","position":1,"name":"Hjem","item":"https://staging.forenteforlag.no/pax/"},{"@type":"ListItem","position":2,"name":"Alle bøker","item":"https://staging.forenteforlag.no/pax/butikk/"},{"@type":"ListItem","position":3,"name":"Fred er dog det beste"}]},{"@type":"WebSite","@id":"https://staging.forenteforlag.no/pax/#website","url":"https://staging.forenteforlag.no/pax/","name":"Pax","description":"","potentialAction":[{"@type":"SearchAction","target":{"@type":"EntryPoint","urlTemplate":"https://staging.forenteforlag.no/pax/?s={search_term_string}"},"query-input":{"@type":"PropertyValueSpecification","valueRequired":true,"valueName":"search_term_string"}}],"inLanguage":"nb-NO"}]}</script>
<!-- / Yoast SEO plugin. -->

I januar 2016 feirer Riksmekleren hundre år. Meklerinstitusjonen fikk sin form gjennom arbeidstvistloven av 1915 og ble opprettet 1. januar 1916. Siden har den fungert nesten uendret fram til i dag. Fred er dog det beste gir innblikk i Riksmeklerens virke og betydning i det norske samfunn fra flere innfallsvinkler. Artikkelforfatterne har ulike roller i [&hellip;]

Alle bøker
