{"id":20654,"date":"2007-03-12T16:42:47","date_gmt":"2007-03-12T15:42:47","guid":{"rendered":"https:\/\/pax.forenteforlag.no\/produkt\/klostrene-ved-verdens-ende\/"},"modified":"2025-08-27T10:48:48","modified_gmt":"2025-08-27T08:48:48","slug":"klostrene-ved-verdens-ende","status":"publish","type":"product","link":"https:\/\/staging.forenteforlag.no\/pax\/produkt\/klostrene-ved-verdens-ende\/","title":{"rendered":"Klostrene ved verdens ende"},"content":{"rendered":"<p>En bok om middelalderens cisterciensere . den mest spennende av tidens munke- og nonneordener. Cistercienserne spredte seg som ild i t\u00f8rt gress utover p\u00e5 1100-tallet og fikk fem klostre i Norge: Hoved\u00f8ya ved Oslo, Lyse og Nonneseter utenfor Bergen, og Munkeby og Tautra i Tr\u00f8ndelag. De to siste var ordenens nordligste, og samtiden mente de l\u00e5 ved verdens ende. Br\u00f8drene og s\u00f8strene gikk i kloster for \u00e5 tilbe Herren og be for verden, de ville frelse sine liv og gj\u00f8re gode gjerninger. Samtidig ble de medarbeidere i et av tidens st\u00f8rste multinasjonale konsern med virksomheter over hele Europa og med en bedriftskultur dagens konsernledere kan misunne dem. Vi er med dem fra de sto opp for \u00e5 g\u00e5 til d\u00f8gnets f\u00f8rste gudstjeneste midt p\u00e5 natten. Vi h\u00f8rer om de mange timene i kirken med vakker gregoriansk sang, og lar dem fortelle om lesning, b\u00f8nn og meditasjon. Vi f\u00e5r vite hva de spiser og hvordan de sover og f\u00f8lger dem n\u00e5r de g\u00e5r ut av denne verden. Boka handler spesielt om de norske klostrene, hvor munker og nonner ofte levde under sv\u00e6rt barske forhold. I flere hundre \u00e5r var disse klostrene viktige faktorer i norsk samfunnsliv. Karl Gervin er id\u00e9historiker og teolog og arbeider n\u00e5 som sogneprest i Oslo domkirke. Han har tidligere utgitt bl.a. Oslo domkirke. Mennesker og milj\u00f8er i 900 \u00e5r (1998) og Det store bruddet. Reformasjonen i Norge (1999)<\/p>\n","protected":false},"excerpt":{"rendered":"<p>En bok om middelalderens cisterciensere . den mest spennende av tidens munke- og nonneordener. Cistercienserne spredte seg som ild i t\u00f8rt gress utover p\u00e5 1100-tallet og fikk fem klostre i Norge: Hoved\u00f8ya ved Oslo, Lyse og Nonneseter utenfor Bergen, og Munkeby og Tautra i Tr\u00f8ndelag. De to siste var ordenens nordligste, og samtiden mente de [&hellip;]<\/p>\n","protected":false},"featured_media":28727,"template":"","meta":{"_acf_changed":false,"inline_featured_image":false},"product_brand":[],"product_cat":[22,1782],"product_tag":[362,789,1300,361,439],"class_list":{"0":"post-20654","1":"product","2":"type-product","3":"status-publish","4":"has-post-thumbnail","6":"product_cat-folkloristikk-og-kulturarv","7":"product_cat-fripris","8":"product_tag-faglitteratur","9":"product_tag-hoymiddelalderen","10":"product_tag-klostervesen","11":"product_tag-kulturhistorie","12":"product_tag-nord-norge","13":"pa_format-innbundet","15":"first","16":"instock","17":"shipping-taxable","18":"purchasable","19":"product-type-simple"},"acf":{"anmeldelse":null},"yoast_head":"<!-- This site is optimized with the Yoast SEO plugin v26.6 - https:\/\/yoast.com\/wordpress\/plugins\/seo\/ -->\n<title>Klostrene ved verdens ende - Pax<\/title>\n<meta name=\"robots\" content=\"noindex, follow, max-snippet:-1, max-image-preview:large, max-video-preview:-1\" \/>\n<meta property=\"og:locale\" content=\"nb_NO\" \/>\n<meta property=\"og:type\" content=\"article\" \/>\n<meta property=\"og:title\" content=\"Klostrene ved verdens ende - Pax\" \/>\n<meta property=\"og:description\" content=\"En bok om middelalderens cisterciensere . den mest spennende av tidens munke- og nonneordener. Cistercienserne spredte seg som ild i t\u00f8rt gress utover p\u00e5 1100-tallet og fikk fem klostre i Norge: Hoved\u00f8ya ved Oslo, Lyse og Nonneseter utenfor Bergen, og Munkeby og Tautra i Tr\u00f8ndelag. De to siste var ordenens nordligste, og samtiden mente de [&hellip;]\" \/>\n<meta property=\"og:url\" content=\"https:\/\/staging.forenteforlag.no\/pax\/produkt\/klostrene-ved-verdens-ende\/\" \/>\n<meta property=\"og:site_name\" content=\"Pax\" \/>\n<meta property=\"article:modified_time\" content=\"2025-08-27T08:48:48+00:00\" \/>\n<meta property=\"og:image\" content=\"https:\/\/staging.forenteforlag.no\/pax\/wp-content\/uploads\/sites\/5\/2025\/08\/jpg-7789.jpg\" \/>\n\t<meta property=\"og:image:width\" content=\"318\" \/>\n\t<meta property=\"og:image:height\" content=\"450\" \/>\n\t<meta property=\"og:image:type\" content=\"image\/jpeg\" \/>\n<meta name=\"twitter:card\" content=\"summary_large_image\" \/>\n<meta name=\"twitter:label1\" content=\"Ansl. lesetid\" \/>\n\t<meta name=\"twitter:data1\" content=\"1 minutt\" \/>\n<script type=\"application\/ld+json\" class=\"yoast-schema-graph\">{\"@context\":\"https:\/\/schema.org\",\"@graph\":[{\"@type\":\"WebPage\",\"@id\":\"https:\/\/staging.forenteforlag.no\/pax\/produkt\/klostrene-ved-verdens-ende\/\",\"url\":\"https:\/\/staging.forenteforlag.no\/pax\/produkt\/klostrene-ved-verdens-ende\/\",\"name\":\"Klostrene ved verdens ende - Pax\",\"isPartOf\":{\"@id\":\"https:\/\/staging.forenteforlag.no\/pax\/#website\"},\"primaryImageOfPage\":{\"@id\":\"https:\/\/staging.forenteforlag.no\/pax\/produkt\/klostrene-ved-verdens-ende\/#primaryimage\"},\"image\":{\"@id\":\"https:\/\/staging.forenteforlag.no\/pax\/produkt\/klostrene-ved-verdens-ende\/#primaryimage\"},\"thumbnailUrl\":\"https:\/\/staging.forenteforlag.no\/pax\/wp-content\/uploads\/sites\/5\/2025\/08\/jpg-7789.jpg\",\"datePublished\":\"2007-03-12T15:42:47+00:00\",\"dateModified\":\"2025-08-27T08:48:48+00:00\",\"breadcrumb\":{\"@id\":\"https:\/\/staging.forenteforlag.no\/pax\/produkt\/klostrene-ved-verdens-ende\/#breadcrumb\"},\"inLanguage\":\"nb-NO\",\"potentialAction\":[{\"@type\":\"ReadAction\",\"target\":[\"https:\/\/staging.forenteforlag.no\/pax\/produkt\/klostrene-ved-verdens-ende\/\"]}]},{\"@type\":\"ImageObject\",\"inLanguage\":\"nb-NO\",\"@id\":\"https:\/\/staging.forenteforlag.no\/pax\/produkt\/klostrene-ved-verdens-ende\/#primaryimage\",\"url\":\"https:\/\/staging.forenteforlag.no\/pax\/wp-content\/uploads\/sites\/5\/2025\/08\/jpg-7789.jpg\",\"contentUrl\":\"https:\/\/staging.forenteforlag.no\/pax\/wp-content\/uploads\/sites\/5\/2025\/08\/jpg-7789.jpg\",\"width\":318,\"height\":450},{\"@type\":\"BreadcrumbList\",\"@id\":\"https:\/\/staging.forenteforlag.no\/pax\/produkt\/klostrene-ved-verdens-ende\/#breadcrumb\",\"itemListElement\":[{\"@type\":\"ListItem\",\"position\":1,\"name\":\"Hjem\",\"item\":\"https:\/\/staging.forenteforlag.no\/pax\/\"},{\"@type\":\"ListItem\",\"position\":2,\"name\":\"Alle b\u00f8ker\",\"item\":\"https:\/\/staging.forenteforlag.no\/pax\/butikk\/\"},{\"@type\":\"ListItem\",\"position\":3,\"name\":\"Klostrene ved verdens ende\"}]},{\"@type\":\"WebSite\",\"@id\":\"https:\/\/staging.forenteforlag.no\/pax\/#website\",\"url\":\"https:\/\/staging.forenteforlag.no\/pax\/\",\"name\":\"Pax\",\"description\":\"\",\"potentialAction\":[{\"@type\":\"SearchAction\",\"target\":{\"@type\":\"EntryPoint\",\"urlTemplate\":\"https:\/\/staging.forenteforlag.no\/pax\/?s={search_term_string}\"},\"query-input\":{\"@type\":\"PropertyValueSpecification\",\"valueRequired\":true,\"valueName\":\"search_term_string\"}}],\"inLanguage\":\"nb-NO\"}]}<\/script>\n<!-- \/ Yoast SEO plugin. -->","yoast_head_json":{"title":"Klostrene ved verdens ende - Pax","robots":{"index":"noindex","follow":"follow","max-snippet":"max-snippet:-1","max-image-preview":"max-image-preview:large","max-video-preview":"max-video-preview:-1"},"og_locale":"nb_NO","og_type":"article","og_title":"Klostrene ved verdens ende - Pax","og_description":"En bok om middelalderens cisterciensere . den mest spennende av tidens munke- og nonneordener. Cistercienserne spredte seg som ild i t\u00f8rt gress utover p\u00e5 1100-tallet og fikk fem klostre i Norge: Hoved\u00f8ya ved Oslo, Lyse og Nonneseter utenfor Bergen, og Munkeby og Tautra i Tr\u00f8ndelag. De to siste var ordenens nordligste, og samtiden mente de [&hellip;]","og_url":"https:\/\/staging.forenteforlag.no\/pax\/produkt\/klostrene-ved-verdens-ende\/","og_site_name":"Pax","article_modified_time":"2025-08-27T08:48:48+00:00","og_image":[{"width":318,"height":450,"url":"https:\/\/staging.forenteforlag.no\/pax\/wp-content\/uploads\/sites\/5\/2025\/08\/jpg-7789.jpg","type":"image\/jpeg"}],"twitter_card":"summary_large_image","twitter_misc":{"Ansl. lesetid":"1 minutt"},"schema":{"@context":"https:\/\/schema.org","@graph":[{"@type":"WebPage","@id":"https:\/\/staging.forenteforlag.no\/pax\/produkt\/klostrene-ved-verdens-ende\/","url":"https:\/\/staging.forenteforlag.no\/pax\/produkt\/klostrene-ved-verdens-ende\/","name":"Klostrene ved verdens ende - Pax","isPartOf":{"@id":"https:\/\/staging.forenteforlag.no\/pax\/#website"},"primaryImageOfPage":{"@id":"https:\/\/staging.forenteforlag.no\/pax\/produkt\/klostrene-ved-verdens-ende\/#primaryimage"},"image":{"@id":"https:\/\/staging.forenteforlag.no\/pax\/produkt\/klostrene-ved-verdens-ende\/#primaryimage"},"thumbnailUrl":"https:\/\/staging.forenteforlag.no\/pax\/wp-content\/uploads\/sites\/5\/2025\/08\/jpg-7789.jpg","datePublished":"2007-03-12T15:42:47+00:00","dateModified":"2025-08-27T08:48:48+00:00","breadcrumb":{"@id":"https:\/\/staging.forenteforlag.no\/pax\/produkt\/klostrene-ved-verdens-ende\/#breadcrumb"},"inLanguage":"nb-NO","potentialAction":[{"@type":"ReadAction","target":["https:\/\/staging.forenteforlag.no\/pax\/produkt\/klostrene-ved-verdens-ende\/"]}]},{"@type":"ImageObject","inLanguage":"nb-NO","@id":"https:\/\/staging.forenteforlag.no\/pax\/produkt\/klostrene-ved-verdens-ende\/#primaryimage","url":"https:\/\/staging.forenteforlag.no\/pax\/wp-content\/uploads\/sites\/5\/2025\/08\/jpg-7789.jpg","contentUrl":"https:\/\/staging.forenteforlag.no\/pax\/wp-content\/uploads\/sites\/5\/2025\/08\/jpg-7789.jpg","width":318,"height":450},{"@type":"BreadcrumbList","@id":"https:\/\/staging.forenteforlag.no\/pax\/produkt\/klostrene-ved-verdens-ende\/#breadcrumb","itemListElement":[{"@type":"ListItem","position":1,"name":"Hjem","item":"https:\/\/staging.forenteforlag.no\/pax\/"},{"@type":"ListItem","position":2,"name":"Alle b\u00f8ker","item":"https:\/\/staging.forenteforlag.no\/pax\/butikk\/"},{"@type":"ListItem","position":3,"name":"Klostrene ved verdens ende"}]},{"@type":"WebSite","@id":"https:\/\/staging.forenteforlag.no\/pax\/#website","url":"https:\/\/staging.forenteforlag.no\/pax\/","name":"Pax","description":"","potentialAction":[{"@type":"SearchAction","target":{"@type":"EntryPoint","urlTemplate":"https:\/\/staging.forenteforlag.no\/pax\/?s={search_term_string}"},"query-input":{"@type":"PropertyValueSpecification","valueRequired":true,"valueName":"search_term_string"}}],"inLanguage":"nb-NO"}]}},"_links":{"self":[{"href":"https:\/\/staging.forenteforlag.no\/pax\/wp-json\/wp\/v2\/product\/20654","targetHints":{"allow":["GET"]}}],"collection":[{"href":"https:\/\/staging.forenteforlag.no\/pax\/wp-json\/wp\/v2\/product"}],"about":[{"href":"https:\/\/staging.forenteforlag.no\/pax\/wp-json\/wp\/v2\/types\/product"}],"wp:featuredmedia":[{"embeddable":true,"href":"https:\/\/staging.forenteforlag.no\/pax\/wp-json\/wp\/v2\/media\/28727"}],"wp:attachment":[{"href":"https:\/\/staging.forenteforlag.no\/pax\/wp-json\/wp\/v2\/media?parent=20654"}],"wp:term":[{"taxonomy":"product_brand","embeddable":true,"href":"https:\/\/staging.forenteforlag.no\/pax\/wp-json\/wp\/v2\/product_brand?post=20654"},{"taxonomy":"product_cat","embeddable":true,"href":"https:\/\/staging.forenteforlag.no\/pax\/wp-json\/wp\/v2\/product_cat?post=20654"},{"taxonomy":"product_tag","embeddable":true,"href":"https:\/\/staging.forenteforlag.no\/pax\/wp-json\/wp\/v2\/product_tag?post=20654"}],"curies":[{"name":"wp","href":"https:\/\/api.w.org\/{rel}","templated":true}]}}

<p>En bok om middelalderens cisterciensere . den mest spennende av tidens munke- og nonneordener. Cistercienserne spredte seg som ild i tørt gress utover på 1100-tallet og fikk fem klostre i Norge: Hovedøya ved Oslo, Lyse og Nonneseter utenfor Bergen, og Munkeby og Tautra i Trøndelag. De to siste var ordenens nordligste, og samtiden mente de lå ved verdens ende. Brødrene og søstrene gikk i kloster for å tilbe Herren og be for verden, de ville frelse sine liv og gjøre gode gjerninger. Samtidig ble de medarbeidere i et av tidens største multinasjonale konsern med virksomheter over hele Europa og med en bedriftskultur dagens konsernledere kan misunne dem. Vi er med dem fra de sto opp for å gå til døgnets første gudstjeneste midt på natten. Vi hører om de mange timene i kirken med vakker gregoriansk sang, og lar dem fortelle om lesning, bønn og meditasjon. Vi får vite hva de spiser og hvordan de sover og følger dem når de går ut av denne verden. Boka handler spesielt om de norske klostrene, hvor munker og nonner ofte levde under svært barske forhold. I flere hundre år var disse klostrene viktige faktorer i norsk samfunnsliv. Karl Gervin er idéhistoriker og teolog og arbeider nå som sogneprest i Oslo domkirke. Han har tidligere utgitt bl.a. Oslo domkirke. Mennesker og miljøer i 900 år (1998) og Det store bruddet. Reformasjonen i Norge (1999)</p>

<p>En bok om middelalderens cisterciensere . den mest spennende av tidens munke- og nonneordener. Cistercienserne spredte seg som ild i tørt gress utover på 1100-tallet og fikk fem klostre i Norge: Hovedøya ved Oslo, Lyse og Nonneseter utenfor Bergen, og Munkeby og Tautra i Trøndelag. De to siste var ordenens nordligste, og samtiden mente de [&hellip;]</p>

<!-- This site is optimized with the Yoast SEO plugin v26.6 - https://yoast.com/wordpress/plugins/seo/ -->
<title>Klostrene ved verdens ende - Pax</title>
<meta name="robots" content="noindex, follow, max-snippet:-1, max-image-preview:large, max-video-preview:-1" />
<meta property="og:locale" content="nb_NO" />
<meta property="og:type" content="article" />
<meta property="og:title" content="Klostrene ved verdens ende - Pax" />
<meta property="og:description" content="En bok om middelalderens cisterciensere . den mest spennende av tidens munke- og nonneordener. Cistercienserne spredte seg som ild i tørt gress utover på 1100-tallet og fikk fem klostre i Norge: Hovedøya ved Oslo, Lyse og Nonneseter utenfor Bergen, og Munkeby og Tautra i Trøndelag. De to siste var ordenens nordligste, og samtiden mente de [&hellip;]" />
<meta property="og:url" content="https://staging.forenteforlag.no/pax/produkt/klostrene-ved-verdens-ende/" />
<meta property="og:site_name" content="Pax" />
<meta property="article:modified_time" content="2025-08-27T08:48:48+00:00" />
<meta property="og:image" content="https://staging.forenteforlag.no/pax/wp-content/uploads/sites/5/2025/08/jpg-7789.jpg" />
	<meta property="og:image:width" content="318" />
	<meta property="og:image:height" content="450" />
	<meta property="og:image:type" content="image/jpeg" />
<meta name="twitter:card" content="summary_large_image" />
<meta name="twitter:label1" content="Ansl. lesetid" />
	<meta name="twitter:data1" content="1 minutt" />
<script type="application/ld+json" class="yoast-schema-graph">{"@context":"https://schema.org","@graph":[{"@type":"WebPage","@id":"https://staging.forenteforlag.no/pax/produkt/klostrene-ved-verdens-ende/","url":"https://staging.forenteforlag.no/pax/produkt/klostrene-ved-verdens-ende/","name":"Klostrene ved verdens ende - Pax","isPartOf":{"@id":"https://staging.forenteforlag.no/pax/#website"},"primaryImageOfPage":{"@id":"https://staging.forenteforlag.no/pax/produkt/klostrene-ved-verdens-ende/#primaryimage"},"image":{"@id":"https://staging.forenteforlag.no/pax/produkt/klostrene-ved-verdens-ende/#primaryimage"},"thumbnailUrl":"https://staging.forenteforlag.no/pax/wp-content/uploads/sites/5/2025/08/jpg-7789.jpg","datePublished":"2007-03-12T15:42:47+00:00","dateModified":"2025-08-27T08:48:48+00:00","breadcrumb":{"@id":"https://staging.forenteforlag.no/pax/produkt/klostrene-ved-verdens-ende/#breadcrumb"},"inLanguage":"nb-NO","potentialAction":[{"@type":"ReadAction","target":["https://staging.forenteforlag.no/pax/produkt/klostrene-ved-verdens-ende/"]}]},{"@type":"ImageObject","inLanguage":"nb-NO","@id":"https://staging.forenteforlag.no/pax/produkt/klostrene-ved-verdens-ende/#primaryimage","url":"https://staging.forenteforlag.no/pax/wp-content/uploads/sites/5/2025/08/jpg-7789.jpg","contentUrl":"https://staging.forenteforlag.no/pax/wp-content/uploads/sites/5/2025/08/jpg-7789.jpg","width":318,"height":450},{"@type":"BreadcrumbList","@id":"https://staging.forenteforlag.no/pax/produkt/klostrene-ved-verdens-ende/#breadcrumb","itemListElement":[{"@type":"ListItem","position":1,"name":"Hjem","item":"https://staging.forenteforlag.no/pax/"},{"@type":"ListItem","position":2,"name":"Alle bøker","item":"https://staging.forenteforlag.no/pax/butikk/"},{"@type":"ListItem","position":3,"name":"Klostrene ved verdens ende"}]},{"@type":"WebSite","@id":"https://staging.forenteforlag.no/pax/#website","url":"https://staging.forenteforlag.no/pax/","name":"Pax","description":"","potentialAction":[{"@type":"SearchAction","target":{"@type":"EntryPoint","urlTemplate":"https://staging.forenteforlag.no/pax/?s={search_term_string}"},"query-input":{"@type":"PropertyValueSpecification","valueRequired":true,"valueName":"search_term_string"}}],"inLanguage":"nb-NO"}]}</script>
<!-- / Yoast SEO plugin. -->

En bok om middelalderens cisterciensere . den mest spennende av tidens munke- og nonneordener. Cistercienserne spredte seg som ild i tørt gress utover på 1100-tallet og fikk fem klostre i Norge: Hovedøya ved Oslo, Lyse og Nonneseter utenfor Bergen, og Munkeby og Tautra i Trøndelag. De to siste var ordenens nordligste, og samtiden mente de [&hellip;]

Alle bøker
