{"id":20650,"date":"2011-04-18T02:00:00","date_gmt":"2011-04-18T00:00:00","guid":{"rendered":"https:\/\/pax.forenteforlag.no\/produkt\/mentalisering\/"},"modified":"2026-03-03T21:55:42","modified_gmt":"2026-03-03T20:55:42","slug":"mentalisering","status":"publish","type":"product","link":"https:\/\/staging.forenteforlag.no\/pax\/produkt\/mentalisering\/","title":{"rendered":"Mentalisering"},"content":{"rendered":"<p>Hva er virkelig og hva er inni mitt eget hode? Mentalisering har blitt et uomgjengelig begrep for v\u00e5r tids psykoterapi, ogs\u00e5 i Norge. Det handler om evnen til \u00e5 reflektere over egne og andres tanker, f\u00f8lelser og intensjoner, og slik er det en forutsetning for selverkjennelse, empati og sosialt samspill. Om evnen til \u00e5 t\u00e5le eller ikke t\u00e5le motgang uten at en negativ f\u00f8lelse eller depresjon tar overh\u00e5nd; evnen til \u00e5 holde begeistringen i sjakk uten at den tar av i urealistisk grandiositet; evnen til \u00e5 holde ut aggresjon uten \u00e5 sl\u00e5; evnen til \u00e5 bli krenket uten \u00e5 bli rammet av selvforsterkende destruktivitet.<\/p>\n","protected":false},"excerpt":{"rendered":"<p>Hva er virkelig og hva er inni mitt eget hode? Mentalisering har blitt et uomgjengelig begrep for v\u00e5r tids psykoterapi, ogs\u00e5 i Norge. Det handler om evnen til \u00e5 reflektere over egne og andres tanker, f\u00f8lelser og intensjoner, og slik er det en forutsetning for selverkjennelse, empati og sosialt samspill. Om evnen til \u00e5 t\u00e5le [&hellip;]<\/p>\n","protected":false},"featured_media":29308,"template":"","meta":{"_acf_changed":false,"inline_featured_image":false},"product_brand":[],"product_cat":[1782],"product_tag":[362,767],"class_list":{"0":"post-20650","1":"product","2":"type-product","3":"status-publish","4":"has-post-thumbnail","6":"product_cat-fripris","7":"product_tag-faglitteratur","8":"product_tag-mental-helse","10":"first","11":"instock","12":"shipping-taxable","13":"purchasable","14":"product-type-simple"},"acf":{"anmeldelse":null},"yoast_head":"<!-- This site is optimized with the Yoast SEO plugin v26.6 - https:\/\/yoast.com\/wordpress\/plugins\/seo\/ -->\n<title>Mentalisering - Pax<\/title>\n<meta name=\"robots\" content=\"noindex, follow, max-snippet:-1, max-image-preview:large, max-video-preview:-1\" \/>\n<meta property=\"og:locale\" content=\"nb_NO\" \/>\n<meta property=\"og:type\" content=\"article\" \/>\n<meta property=\"og:title\" content=\"Mentalisering - Pax\" \/>\n<meta property=\"og:description\" content=\"Hva er virkelig og hva er inni mitt eget hode? Mentalisering har blitt et uomgjengelig begrep for v\u00e5r tids psykoterapi, ogs\u00e5 i Norge. Det handler om evnen til \u00e5 reflektere over egne og andres tanker, f\u00f8lelser og intensjoner, og slik er det en forutsetning for selverkjennelse, empati og sosialt samspill. Om evnen til \u00e5 t\u00e5le [&hellip;]\" \/>\n<meta property=\"og:url\" content=\"https:\/\/staging.forenteforlag.no\/pax\/produkt\/mentalisering\/\" \/>\n<meta property=\"og:site_name\" content=\"Pax\" \/>\n<meta property=\"article:modified_time\" content=\"2026-03-03T20:55:42+00:00\" \/>\n<meta property=\"og:image\" content=\"https:\/\/staging.forenteforlag.no\/pax\/wp-content\/uploads\/sites\/5\/2025\/08\/jpg-9577.jpg\" \/>\n\t<meta property=\"og:image:width\" content=\"328\" \/>\n\t<meta property=\"og:image:height\" content=\"449\" \/>\n\t<meta property=\"og:image:type\" content=\"image\/jpeg\" \/>\n<meta name=\"twitter:card\" content=\"summary_large_image\" \/>\n<meta name=\"twitter:label1\" content=\"Ansl. lesetid\" \/>\n\t<meta name=\"twitter:data1\" content=\"1 minutt\" \/>\n<script type=\"application\/ld+json\" class=\"yoast-schema-graph\">{\"@context\":\"https:\/\/schema.org\",\"@graph\":[{\"@type\":\"WebPage\",\"@id\":\"https:\/\/staging.forenteforlag.no\/pax\/produkt\/mentalisering\/\",\"url\":\"https:\/\/staging.forenteforlag.no\/pax\/produkt\/mentalisering\/\",\"name\":\"Mentalisering - Pax\",\"isPartOf\":{\"@id\":\"https:\/\/staging.forenteforlag.no\/pax\/#website\"},\"primaryImageOfPage\":{\"@id\":\"https:\/\/staging.forenteforlag.no\/pax\/produkt\/mentalisering\/#primaryimage\"},\"image\":{\"@id\":\"https:\/\/staging.forenteforlag.no\/pax\/produkt\/mentalisering\/#primaryimage\"},\"thumbnailUrl\":\"https:\/\/staging.forenteforlag.no\/pax\/wp-content\/uploads\/sites\/5\/2025\/08\/jpg-9577.jpg\",\"datePublished\":\"2011-04-18T00:00:00+00:00\",\"dateModified\":\"2026-03-03T20:55:42+00:00\",\"breadcrumb\":{\"@id\":\"https:\/\/staging.forenteforlag.no\/pax\/produkt\/mentalisering\/#breadcrumb\"},\"inLanguage\":\"nb-NO\",\"potentialAction\":[{\"@type\":\"ReadAction\",\"target\":[\"https:\/\/staging.forenteforlag.no\/pax\/produkt\/mentalisering\/\"]}]},{\"@type\":\"ImageObject\",\"inLanguage\":\"nb-NO\",\"@id\":\"https:\/\/staging.forenteforlag.no\/pax\/produkt\/mentalisering\/#primaryimage\",\"url\":\"https:\/\/staging.forenteforlag.no\/pax\/wp-content\/uploads\/sites\/5\/2025\/08\/jpg-9577.jpg\",\"contentUrl\":\"https:\/\/staging.forenteforlag.no\/pax\/wp-content\/uploads\/sites\/5\/2025\/08\/jpg-9577.jpg\",\"width\":328,\"height\":449},{\"@type\":\"BreadcrumbList\",\"@id\":\"https:\/\/staging.forenteforlag.no\/pax\/produkt\/mentalisering\/#breadcrumb\",\"itemListElement\":[{\"@type\":\"ListItem\",\"position\":1,\"name\":\"Hjem\",\"item\":\"https:\/\/staging.forenteforlag.no\/pax\/\"},{\"@type\":\"ListItem\",\"position\":2,\"name\":\"Alle b\u00f8ker\",\"item\":\"https:\/\/staging.forenteforlag.no\/pax\/butikk\/\"},{\"@type\":\"ListItem\",\"position\":3,\"name\":\"Mentalisering\"}]},{\"@type\":\"WebSite\",\"@id\":\"https:\/\/staging.forenteforlag.no\/pax\/#website\",\"url\":\"https:\/\/staging.forenteforlag.no\/pax\/\",\"name\":\"Pax\",\"description\":\"\",\"potentialAction\":[{\"@type\":\"SearchAction\",\"target\":{\"@type\":\"EntryPoint\",\"urlTemplate\":\"https:\/\/staging.forenteforlag.no\/pax\/?s={search_term_string}\"},\"query-input\":{\"@type\":\"PropertyValueSpecification\",\"valueRequired\":true,\"valueName\":\"search_term_string\"}}],\"inLanguage\":\"nb-NO\"}]}<\/script>\n<!-- \/ Yoast SEO plugin. -->","yoast_head_json":{"title":"Mentalisering - Pax","robots":{"index":"noindex","follow":"follow","max-snippet":"max-snippet:-1","max-image-preview":"max-image-preview:large","max-video-preview":"max-video-preview:-1"},"og_locale":"nb_NO","og_type":"article","og_title":"Mentalisering - Pax","og_description":"Hva er virkelig og hva er inni mitt eget hode? Mentalisering har blitt et uomgjengelig begrep for v\u00e5r tids psykoterapi, ogs\u00e5 i Norge. Det handler om evnen til \u00e5 reflektere over egne og andres tanker, f\u00f8lelser og intensjoner, og slik er det en forutsetning for selverkjennelse, empati og sosialt samspill. Om evnen til \u00e5 t\u00e5le [&hellip;]","og_url":"https:\/\/staging.forenteforlag.no\/pax\/produkt\/mentalisering\/","og_site_name":"Pax","article_modified_time":"2026-03-03T20:55:42+00:00","og_image":[{"width":328,"height":449,"url":"https:\/\/staging.forenteforlag.no\/pax\/wp-content\/uploads\/sites\/5\/2025\/08\/jpg-9577.jpg","type":"image\/jpeg"}],"twitter_card":"summary_large_image","twitter_misc":{"Ansl. lesetid":"1 minutt"},"schema":{"@context":"https:\/\/schema.org","@graph":[{"@type":"WebPage","@id":"https:\/\/staging.forenteforlag.no\/pax\/produkt\/mentalisering\/","url":"https:\/\/staging.forenteforlag.no\/pax\/produkt\/mentalisering\/","name":"Mentalisering - Pax","isPartOf":{"@id":"https:\/\/staging.forenteforlag.no\/pax\/#website"},"primaryImageOfPage":{"@id":"https:\/\/staging.forenteforlag.no\/pax\/produkt\/mentalisering\/#primaryimage"},"image":{"@id":"https:\/\/staging.forenteforlag.no\/pax\/produkt\/mentalisering\/#primaryimage"},"thumbnailUrl":"https:\/\/staging.forenteforlag.no\/pax\/wp-content\/uploads\/sites\/5\/2025\/08\/jpg-9577.jpg","datePublished":"2011-04-18T00:00:00+00:00","dateModified":"2026-03-03T20:55:42+00:00","breadcrumb":{"@id":"https:\/\/staging.forenteforlag.no\/pax\/produkt\/mentalisering\/#breadcrumb"},"inLanguage":"nb-NO","potentialAction":[{"@type":"ReadAction","target":["https:\/\/staging.forenteforlag.no\/pax\/produkt\/mentalisering\/"]}]},{"@type":"ImageObject","inLanguage":"nb-NO","@id":"https:\/\/staging.forenteforlag.no\/pax\/produkt\/mentalisering\/#primaryimage","url":"https:\/\/staging.forenteforlag.no\/pax\/wp-content\/uploads\/sites\/5\/2025\/08\/jpg-9577.jpg","contentUrl":"https:\/\/staging.forenteforlag.no\/pax\/wp-content\/uploads\/sites\/5\/2025\/08\/jpg-9577.jpg","width":328,"height":449},{"@type":"BreadcrumbList","@id":"https:\/\/staging.forenteforlag.no\/pax\/produkt\/mentalisering\/#breadcrumb","itemListElement":[{"@type":"ListItem","position":1,"name":"Hjem","item":"https:\/\/staging.forenteforlag.no\/pax\/"},{"@type":"ListItem","position":2,"name":"Alle b\u00f8ker","item":"https:\/\/staging.forenteforlag.no\/pax\/butikk\/"},{"@type":"ListItem","position":3,"name":"Mentalisering"}]},{"@type":"WebSite","@id":"https:\/\/staging.forenteforlag.no\/pax\/#website","url":"https:\/\/staging.forenteforlag.no\/pax\/","name":"Pax","description":"","potentialAction":[{"@type":"SearchAction","target":{"@type":"EntryPoint","urlTemplate":"https:\/\/staging.forenteforlag.no\/pax\/?s={search_term_string}"},"query-input":{"@type":"PropertyValueSpecification","valueRequired":true,"valueName":"search_term_string"}}],"inLanguage":"nb-NO"}]}},"_links":{"self":[{"href":"https:\/\/staging.forenteforlag.no\/pax\/wp-json\/wp\/v2\/product\/20650","targetHints":{"allow":["GET"]}}],"collection":[{"href":"https:\/\/staging.forenteforlag.no\/pax\/wp-json\/wp\/v2\/product"}],"about":[{"href":"https:\/\/staging.forenteforlag.no\/pax\/wp-json\/wp\/v2\/types\/product"}],"wp:featuredmedia":[{"embeddable":true,"href":"https:\/\/staging.forenteforlag.no\/pax\/wp-json\/wp\/v2\/media\/29308"}],"wp:attachment":[{"href":"https:\/\/staging.forenteforlag.no\/pax\/wp-json\/wp\/v2\/media?parent=20650"}],"wp:term":[{"taxonomy":"product_brand","embeddable":true,"href":"https:\/\/staging.forenteforlag.no\/pax\/wp-json\/wp\/v2\/product_brand?post=20650"},{"taxonomy":"product_cat","embeddable":true,"href":"https:\/\/staging.forenteforlag.no\/pax\/wp-json\/wp\/v2\/product_cat?post=20650"},{"taxonomy":"product_tag","embeddable":true,"href":"https:\/\/staging.forenteforlag.no\/pax\/wp-json\/wp\/v2\/product_tag?post=20650"}],"curies":[{"name":"wp","href":"https:\/\/api.w.org\/{rel}","templated":true}]}}

<p>Hva er virkelig og hva er inni mitt eget hode? Mentalisering har blitt et uomgjengelig begrep for vår tids psykoterapi, også i Norge. Det handler om evnen til å reflektere over egne og andres tanker, følelser og intensjoner, og slik er det en forutsetning for selverkjennelse, empati og sosialt samspill. Om evnen til å tåle eller ikke tåle motgang uten at en negativ følelse eller depresjon tar overhånd; evnen til å holde begeistringen i sjakk uten at den tar av i urealistisk grandiositet; evnen til å holde ut aggresjon uten å slå; evnen til å bli krenket uten å bli rammet av selvforsterkende destruktivitet.</p>

<p>Hva er virkelig og hva er inni mitt eget hode? Mentalisering har blitt et uomgjengelig begrep for vår tids psykoterapi, også i Norge. Det handler om evnen til å reflektere over egne og andres tanker, følelser og intensjoner, og slik er det en forutsetning for selverkjennelse, empati og sosialt samspill. Om evnen til å tåle [&hellip;]</p>

<!-- This site is optimized with the Yoast SEO plugin v26.6 - https://yoast.com/wordpress/plugins/seo/ -->
<title>Mentalisering - Pax</title>
<meta name="robots" content="noindex, follow, max-snippet:-1, max-image-preview:large, max-video-preview:-1" />
<meta property="og:locale" content="nb_NO" />
<meta property="og:type" content="article" />
<meta property="og:title" content="Mentalisering - Pax" />
<meta property="og:description" content="Hva er virkelig og hva er inni mitt eget hode? Mentalisering har blitt et uomgjengelig begrep for vår tids psykoterapi, også i Norge. Det handler om evnen til å reflektere over egne og andres tanker, følelser og intensjoner, og slik er det en forutsetning for selverkjennelse, empati og sosialt samspill. Om evnen til å tåle [&hellip;]" />
<meta property="og:url" content="https://staging.forenteforlag.no/pax/produkt/mentalisering/" />
<meta property="og:site_name" content="Pax" />
<meta property="article:modified_time" content="2026-03-03T20:55:42+00:00" />
<meta property="og:image" content="https://staging.forenteforlag.no/pax/wp-content/uploads/sites/5/2025/08/jpg-9577.jpg" />
	<meta property="og:image:width" content="328" />
	<meta property="og:image:height" content="449" />
	<meta property="og:image:type" content="image/jpeg" />
<meta name="twitter:card" content="summary_large_image" />
<meta name="twitter:label1" content="Ansl. lesetid" />
	<meta name="twitter:data1" content="1 minutt" />
<script type="application/ld+json" class="yoast-schema-graph">{"@context":"https://schema.org","@graph":[{"@type":"WebPage","@id":"https://staging.forenteforlag.no/pax/produkt/mentalisering/","url":"https://staging.forenteforlag.no/pax/produkt/mentalisering/","name":"Mentalisering - Pax","isPartOf":{"@id":"https://staging.forenteforlag.no/pax/#website"},"primaryImageOfPage":{"@id":"https://staging.forenteforlag.no/pax/produkt/mentalisering/#primaryimage"},"image":{"@id":"https://staging.forenteforlag.no/pax/produkt/mentalisering/#primaryimage"},"thumbnailUrl":"https://staging.forenteforlag.no/pax/wp-content/uploads/sites/5/2025/08/jpg-9577.jpg","datePublished":"2011-04-18T00:00:00+00:00","dateModified":"2026-03-03T20:55:42+00:00","breadcrumb":{"@id":"https://staging.forenteforlag.no/pax/produkt/mentalisering/#breadcrumb"},"inLanguage":"nb-NO","potentialAction":[{"@type":"ReadAction","target":["https://staging.forenteforlag.no/pax/produkt/mentalisering/"]}]},{"@type":"ImageObject","inLanguage":"nb-NO","@id":"https://staging.forenteforlag.no/pax/produkt/mentalisering/#primaryimage","url":"https://staging.forenteforlag.no/pax/wp-content/uploads/sites/5/2025/08/jpg-9577.jpg","contentUrl":"https://staging.forenteforlag.no/pax/wp-content/uploads/sites/5/2025/08/jpg-9577.jpg","width":328,"height":449},{"@type":"BreadcrumbList","@id":"https://staging.forenteforlag.no/pax/produkt/mentalisering/#breadcrumb","itemListElement":[{"@type":"ListItem","position":1,"name":"Hjem","item":"https://staging.forenteforlag.no/pax/"},{"@type":"ListItem","position":2,"name":"Alle bøker","item":"https://staging.forenteforlag.no/pax/butikk/"},{"@type":"ListItem","position":3,"name":"Mentalisering"}]},{"@type":"WebSite","@id":"https://staging.forenteforlag.no/pax/#website","url":"https://staging.forenteforlag.no/pax/","name":"Pax","description":"","potentialAction":[{"@type":"SearchAction","target":{"@type":"EntryPoint","urlTemplate":"https://staging.forenteforlag.no/pax/?s={search_term_string}"},"query-input":{"@type":"PropertyValueSpecification","valueRequired":true,"valueName":"search_term_string"}}],"inLanguage":"nb-NO"}]}</script>
<!-- / Yoast SEO plugin. -->

Hva er virkelig og hva er inni mitt eget hode? Mentalisering har blitt et uomgjengelig begrep for vår tids psykoterapi, også i Norge. Det handler om evnen til å reflektere over egne og andres tanker, følelser og intensjoner, og slik er det en forutsetning for selverkjennelse, empati og sosialt samspill. Om evnen til å tåle [&hellip;]

Alle bøker
