{"id":20626,"date":"2002-03-12T16:42:43","date_gmt":"2002-03-12T15:42:43","guid":{"rendered":"https:\/\/pax.forenteforlag.no\/produkt\/himmelens-historie\/"},"modified":"2026-03-04T20:11:51","modified_gmt":"2026-03-04T19:11:51","slug":"himmelens-historie","status":"publish","type":"product","link":"https:\/\/staging.forenteforlag.no\/pax\/produkt\/himmelens-historie\/","title":{"rendered":"Himmelens historie"},"content":{"rendered":"<p>Boka forteller himmelens historie, fra den tidlige j\u00f8diske tro, fram til Dantes opplevelse av himmelen i den Guddommelige komedie p\u00e5 1300 tallet. Forfatteren forklarer hvordan himmelen er blitt beskrevet slik at den reflekterer de ytterste av alle menneskelige lengsler, mystikerens h\u00e5p om n\u00e6rhet til det guddommelige, en tilv\u00e6relse gjennomsyret av fullkommen kj\u00e6rlighet. Bokas andre del er en n\u00e6rlesning av Dantes Paradiso. Har register og litteraturliste.<\/p>\n","protected":false},"excerpt":{"rendered":"<p>Boka forteller himmelens historie, fra den tidlige j\u00f8diske tro, fram til Dantes opplevelse av himmelen i den Guddommelige komedie p\u00e5 1300 tallet. Forfatteren forklarer hvordan himmelen er blitt beskrevet slik at den reflekterer de ytterste av alle menneskelige lengsler, mystikerens h\u00e5p om n\u00e6rhet til det guddommelige, en tilv\u00e6relse gjennomsyret av fullkommen kj\u00e6rlighet. Bokas andre del [&hellip;]<\/p>\n","protected":false},"featured_media":30086,"template":"","meta":{"_acf_changed":false,"inline_featured_image":false},"product_brand":[],"product_cat":[1782],"product_tag":[1630,362,1631],"class_list":{"0":"post-20626","1":"product","2":"type-product","3":"status-publish","4":"has-post-thumbnail","6":"product_cat-fripris","7":"product_tag-eskatologi","8":"product_tag-faglitteratur","9":"product_tag-himmel-og-helvete","11":"first","12":"instock","13":"shipping-taxable","14":"purchasable","15":"product-type-simple"},"acf":{"anmeldelse":null},"yoast_head":"<!-- This site is optimized with the Yoast SEO plugin v26.6 - https:\/\/yoast.com\/wordpress\/plugins\/seo\/ -->\n<title>Himmelens historie - Pax<\/title>\n<meta name=\"robots\" content=\"noindex, follow, max-snippet:-1, max-image-preview:large, max-video-preview:-1\" \/>\n<meta property=\"og:locale\" content=\"nb_NO\" \/>\n<meta property=\"og:type\" content=\"article\" \/>\n<meta property=\"og:title\" content=\"Himmelens historie - Pax\" \/>\n<meta property=\"og:description\" content=\"Boka forteller himmelens historie, fra den tidlige j\u00f8diske tro, fram til Dantes opplevelse av himmelen i den Guddommelige komedie p\u00e5 1300 tallet. Forfatteren forklarer hvordan himmelen er blitt beskrevet slik at den reflekterer de ytterste av alle menneskelige lengsler, mystikerens h\u00e5p om n\u00e6rhet til det guddommelige, en tilv\u00e6relse gjennomsyret av fullkommen kj\u00e6rlighet. Bokas andre del [&hellip;]\" \/>\n<meta property=\"og:url\" content=\"https:\/\/staging.forenteforlag.no\/pax\/produkt\/himmelens-historie\/\" \/>\n<meta property=\"og:site_name\" content=\"Pax\" \/>\n<meta property=\"article:modified_time\" content=\"2026-03-04T19:11:51+00:00\" \/>\n<meta property=\"og:image\" content=\"https:\/\/staging.forenteforlag.no\/pax\/wp-content\/uploads\/sites\/5\/2026\/03\/9788253022093.jpg\" \/>\n\t<meta property=\"og:image:width\" content=\"720\" \/>\n\t<meta property=\"og:image:height\" content=\"1025\" \/>\n\t<meta property=\"og:image:type\" content=\"image\/jpeg\" \/>\n<meta name=\"twitter:card\" content=\"summary_large_image\" \/>\n<script type=\"application\/ld+json\" class=\"yoast-schema-graph\">{\"@context\":\"https:\/\/schema.org\",\"@graph\":[{\"@type\":\"WebPage\",\"@id\":\"https:\/\/staging.forenteforlag.no\/pax\/produkt\/himmelens-historie\/\",\"url\":\"https:\/\/staging.forenteforlag.no\/pax\/produkt\/himmelens-historie\/\",\"name\":\"Himmelens historie - Pax\",\"isPartOf\":{\"@id\":\"https:\/\/staging.forenteforlag.no\/pax\/#website\"},\"primaryImageOfPage\":{\"@id\":\"https:\/\/staging.forenteforlag.no\/pax\/produkt\/himmelens-historie\/#primaryimage\"},\"image\":{\"@id\":\"https:\/\/staging.forenteforlag.no\/pax\/produkt\/himmelens-historie\/#primaryimage\"},\"thumbnailUrl\":\"https:\/\/staging.forenteforlag.no\/pax\/wp-content\/uploads\/sites\/5\/2026\/03\/9788253022093.jpg\",\"datePublished\":\"2002-03-12T15:42:43+00:00\",\"dateModified\":\"2026-03-04T19:11:51+00:00\",\"breadcrumb\":{\"@id\":\"https:\/\/staging.forenteforlag.no\/pax\/produkt\/himmelens-historie\/#breadcrumb\"},\"inLanguage\":\"nb-NO\",\"potentialAction\":[{\"@type\":\"ReadAction\",\"target\":[\"https:\/\/staging.forenteforlag.no\/pax\/produkt\/himmelens-historie\/\"]}]},{\"@type\":\"ImageObject\",\"inLanguage\":\"nb-NO\",\"@id\":\"https:\/\/staging.forenteforlag.no\/pax\/produkt\/himmelens-historie\/#primaryimage\",\"url\":\"https:\/\/staging.forenteforlag.no\/pax\/wp-content\/uploads\/sites\/5\/2026\/03\/9788253022093.jpg\",\"contentUrl\":\"https:\/\/staging.forenteforlag.no\/pax\/wp-content\/uploads\/sites\/5\/2026\/03\/9788253022093.jpg\",\"width\":720,\"height\":1025},{\"@type\":\"BreadcrumbList\",\"@id\":\"https:\/\/staging.forenteforlag.no\/pax\/produkt\/himmelens-historie\/#breadcrumb\",\"itemListElement\":[{\"@type\":\"ListItem\",\"position\":1,\"name\":\"Hjem\",\"item\":\"https:\/\/staging.forenteforlag.no\/pax\/\"},{\"@type\":\"ListItem\",\"position\":2,\"name\":\"Alle b\u00f8ker\",\"item\":\"https:\/\/staging.forenteforlag.no\/pax\/butikk\/\"},{\"@type\":\"ListItem\",\"position\":3,\"name\":\"Himmelens historie\"}]},{\"@type\":\"WebSite\",\"@id\":\"https:\/\/staging.forenteforlag.no\/pax\/#website\",\"url\":\"https:\/\/staging.forenteforlag.no\/pax\/\",\"name\":\"Pax\",\"description\":\"\",\"potentialAction\":[{\"@type\":\"SearchAction\",\"target\":{\"@type\":\"EntryPoint\",\"urlTemplate\":\"https:\/\/staging.forenteforlag.no\/pax\/?s={search_term_string}\"},\"query-input\":{\"@type\":\"PropertyValueSpecification\",\"valueRequired\":true,\"valueName\":\"search_term_string\"}}],\"inLanguage\":\"nb-NO\"}]}<\/script>\n<!-- \/ Yoast SEO plugin. -->","yoast_head_json":{"title":"Himmelens historie - Pax","robots":{"index":"noindex","follow":"follow","max-snippet":"max-snippet:-1","max-image-preview":"max-image-preview:large","max-video-preview":"max-video-preview:-1"},"og_locale":"nb_NO","og_type":"article","og_title":"Himmelens historie - Pax","og_description":"Boka forteller himmelens historie, fra den tidlige j\u00f8diske tro, fram til Dantes opplevelse av himmelen i den Guddommelige komedie p\u00e5 1300 tallet. Forfatteren forklarer hvordan himmelen er blitt beskrevet slik at den reflekterer de ytterste av alle menneskelige lengsler, mystikerens h\u00e5p om n\u00e6rhet til det guddommelige, en tilv\u00e6relse gjennomsyret av fullkommen kj\u00e6rlighet. Bokas andre del [&hellip;]","og_url":"https:\/\/staging.forenteforlag.no\/pax\/produkt\/himmelens-historie\/","og_site_name":"Pax","article_modified_time":"2026-03-04T19:11:51+00:00","og_image":[{"width":720,"height":1025,"url":"https:\/\/staging.forenteforlag.no\/pax\/wp-content\/uploads\/sites\/5\/2026\/03\/9788253022093.jpg","type":"image\/jpeg"}],"twitter_card":"summary_large_image","schema":{"@context":"https:\/\/schema.org","@graph":[{"@type":"WebPage","@id":"https:\/\/staging.forenteforlag.no\/pax\/produkt\/himmelens-historie\/","url":"https:\/\/staging.forenteforlag.no\/pax\/produkt\/himmelens-historie\/","name":"Himmelens historie - Pax","isPartOf":{"@id":"https:\/\/staging.forenteforlag.no\/pax\/#website"},"primaryImageOfPage":{"@id":"https:\/\/staging.forenteforlag.no\/pax\/produkt\/himmelens-historie\/#primaryimage"},"image":{"@id":"https:\/\/staging.forenteforlag.no\/pax\/produkt\/himmelens-historie\/#primaryimage"},"thumbnailUrl":"https:\/\/staging.forenteforlag.no\/pax\/wp-content\/uploads\/sites\/5\/2026\/03\/9788253022093.jpg","datePublished":"2002-03-12T15:42:43+00:00","dateModified":"2026-03-04T19:11:51+00:00","breadcrumb":{"@id":"https:\/\/staging.forenteforlag.no\/pax\/produkt\/himmelens-historie\/#breadcrumb"},"inLanguage":"nb-NO","potentialAction":[{"@type":"ReadAction","target":["https:\/\/staging.forenteforlag.no\/pax\/produkt\/himmelens-historie\/"]}]},{"@type":"ImageObject","inLanguage":"nb-NO","@id":"https:\/\/staging.forenteforlag.no\/pax\/produkt\/himmelens-historie\/#primaryimage","url":"https:\/\/staging.forenteforlag.no\/pax\/wp-content\/uploads\/sites\/5\/2026\/03\/9788253022093.jpg","contentUrl":"https:\/\/staging.forenteforlag.no\/pax\/wp-content\/uploads\/sites\/5\/2026\/03\/9788253022093.jpg","width":720,"height":1025},{"@type":"BreadcrumbList","@id":"https:\/\/staging.forenteforlag.no\/pax\/produkt\/himmelens-historie\/#breadcrumb","itemListElement":[{"@type":"ListItem","position":1,"name":"Hjem","item":"https:\/\/staging.forenteforlag.no\/pax\/"},{"@type":"ListItem","position":2,"name":"Alle b\u00f8ker","item":"https:\/\/staging.forenteforlag.no\/pax\/butikk\/"},{"@type":"ListItem","position":3,"name":"Himmelens historie"}]},{"@type":"WebSite","@id":"https:\/\/staging.forenteforlag.no\/pax\/#website","url":"https:\/\/staging.forenteforlag.no\/pax\/","name":"Pax","description":"","potentialAction":[{"@type":"SearchAction","target":{"@type":"EntryPoint","urlTemplate":"https:\/\/staging.forenteforlag.no\/pax\/?s={search_term_string}"},"query-input":{"@type":"PropertyValueSpecification","valueRequired":true,"valueName":"search_term_string"}}],"inLanguage":"nb-NO"}]}},"_links":{"self":[{"href":"https:\/\/staging.forenteforlag.no\/pax\/wp-json\/wp\/v2\/product\/20626","targetHints":{"allow":["GET"]}}],"collection":[{"href":"https:\/\/staging.forenteforlag.no\/pax\/wp-json\/wp\/v2\/product"}],"about":[{"href":"https:\/\/staging.forenteforlag.no\/pax\/wp-json\/wp\/v2\/types\/product"}],"wp:featuredmedia":[{"embeddable":true,"href":"https:\/\/staging.forenteforlag.no\/pax\/wp-json\/wp\/v2\/media\/30086"}],"wp:attachment":[{"href":"https:\/\/staging.forenteforlag.no\/pax\/wp-json\/wp\/v2\/media?parent=20626"}],"wp:term":[{"taxonomy":"product_brand","embeddable":true,"href":"https:\/\/staging.forenteforlag.no\/pax\/wp-json\/wp\/v2\/product_brand?post=20626"},{"taxonomy":"product_cat","embeddable":true,"href":"https:\/\/staging.forenteforlag.no\/pax\/wp-json\/wp\/v2\/product_cat?post=20626"},{"taxonomy":"product_tag","embeddable":true,"href":"https:\/\/staging.forenteforlag.no\/pax\/wp-json\/wp\/v2\/product_tag?post=20626"}],"curies":[{"name":"wp","href":"https:\/\/api.w.org\/{rel}","templated":true}]}}

<p>Boka forteller himmelens historie, fra den tidlige jødiske tro, fram til Dantes opplevelse av himmelen i den Guddommelige komedie på 1300 tallet. Forfatteren forklarer hvordan himmelen er blitt beskrevet slik at den reflekterer de ytterste av alle menneskelige lengsler, mystikerens håp om nærhet til det guddommelige, en tilværelse gjennomsyret av fullkommen kjærlighet. Bokas andre del er en nærlesning av Dantes Paradiso. Har register og litteraturliste.</p>

<p>Boka forteller himmelens historie, fra den tidlige jødiske tro, fram til Dantes opplevelse av himmelen i den Guddommelige komedie på 1300 tallet. Forfatteren forklarer hvordan himmelen er blitt beskrevet slik at den reflekterer de ytterste av alle menneskelige lengsler, mystikerens håp om nærhet til det guddommelige, en tilværelse gjennomsyret av fullkommen kjærlighet. Bokas andre del [&hellip;]</p>

<!-- This site is optimized with the Yoast SEO plugin v26.6 - https://yoast.com/wordpress/plugins/seo/ -->
<title>Himmelens historie - Pax</title>
<meta name="robots" content="noindex, follow, max-snippet:-1, max-image-preview:large, max-video-preview:-1" />
<meta property="og:locale" content="nb_NO" />
<meta property="og:type" content="article" />
<meta property="og:title" content="Himmelens historie - Pax" />
<meta property="og:description" content="Boka forteller himmelens historie, fra den tidlige jødiske tro, fram til Dantes opplevelse av himmelen i den Guddommelige komedie på 1300 tallet. Forfatteren forklarer hvordan himmelen er blitt beskrevet slik at den reflekterer de ytterste av alle menneskelige lengsler, mystikerens håp om nærhet til det guddommelige, en tilværelse gjennomsyret av fullkommen kjærlighet. Bokas andre del [&hellip;]" />
<meta property="og:url" content="https://staging.forenteforlag.no/pax/produkt/himmelens-historie/" />
<meta property="og:site_name" content="Pax" />
<meta property="article:modified_time" content="2026-03-04T19:11:51+00:00" />
<meta property="og:image" content="https://staging.forenteforlag.no/pax/wp-content/uploads/sites/5/2026/03/9788253022093.jpg" />
	<meta property="og:image:width" content="720" />
	<meta property="og:image:height" content="1025" />
	<meta property="og:image:type" content="image/jpeg" />
<meta name="twitter:card" content="summary_large_image" />
<script type="application/ld+json" class="yoast-schema-graph">{"@context":"https://schema.org","@graph":[{"@type":"WebPage","@id":"https://staging.forenteforlag.no/pax/produkt/himmelens-historie/","url":"https://staging.forenteforlag.no/pax/produkt/himmelens-historie/","name":"Himmelens historie - Pax","isPartOf":{"@id":"https://staging.forenteforlag.no/pax/#website"},"primaryImageOfPage":{"@id":"https://staging.forenteforlag.no/pax/produkt/himmelens-historie/#primaryimage"},"image":{"@id":"https://staging.forenteforlag.no/pax/produkt/himmelens-historie/#primaryimage"},"thumbnailUrl":"https://staging.forenteforlag.no/pax/wp-content/uploads/sites/5/2026/03/9788253022093.jpg","datePublished":"2002-03-12T15:42:43+00:00","dateModified":"2026-03-04T19:11:51+00:00","breadcrumb":{"@id":"https://staging.forenteforlag.no/pax/produkt/himmelens-historie/#breadcrumb"},"inLanguage":"nb-NO","potentialAction":[{"@type":"ReadAction","target":["https://staging.forenteforlag.no/pax/produkt/himmelens-historie/"]}]},{"@type":"ImageObject","inLanguage":"nb-NO","@id":"https://staging.forenteforlag.no/pax/produkt/himmelens-historie/#primaryimage","url":"https://staging.forenteforlag.no/pax/wp-content/uploads/sites/5/2026/03/9788253022093.jpg","contentUrl":"https://staging.forenteforlag.no/pax/wp-content/uploads/sites/5/2026/03/9788253022093.jpg","width":720,"height":1025},{"@type":"BreadcrumbList","@id":"https://staging.forenteforlag.no/pax/produkt/himmelens-historie/#breadcrumb","itemListElement":[{"@type":"ListItem","position":1,"name":"Hjem","item":"https://staging.forenteforlag.no/pax/"},{"@type":"ListItem","position":2,"name":"Alle bøker","item":"https://staging.forenteforlag.no/pax/butikk/"},{"@type":"ListItem","position":3,"name":"Himmelens historie"}]},{"@type":"WebSite","@id":"https://staging.forenteforlag.no/pax/#website","url":"https://staging.forenteforlag.no/pax/","name":"Pax","description":"","potentialAction":[{"@type":"SearchAction","target":{"@type":"EntryPoint","urlTemplate":"https://staging.forenteforlag.no/pax/?s={search_term_string}"},"query-input":{"@type":"PropertyValueSpecification","valueRequired":true,"valueName":"search_term_string"}}],"inLanguage":"nb-NO"}]}</script>
<!-- / Yoast SEO plugin. -->

Boka forteller himmelens historie, fra den tidlige jødiske tro, fram til Dantes opplevelse av himmelen i den Guddommelige komedie på 1300 tallet. Forfatteren forklarer hvordan himmelen er blitt beskrevet slik at den reflekterer de ytterste av alle menneskelige lengsler, mystikerens håp om nærhet til det guddommelige, en tilværelse gjennomsyret av fullkommen kjærlighet. Bokas andre del [&hellip;]

Alle bøker
