{"id":20617,"date":"2013-11-27T01:00:00","date_gmt":"2013-11-27T00:00:00","guid":{"rendered":"https:\/\/pax.forenteforlag.no\/produkt\/tolkingar-av-grunnlova\/"},"modified":"2025-08-27T10:00:17","modified_gmt":"2025-08-27T08:00:17","slug":"tolkingar-av-grunnlova","status":"publish","type":"product","link":"https:\/\/staging.forenteforlag.no\/pax\/produkt\/tolkingar-av-grunnlova\/","title":{"rendered":"Tolkingar av Grunnlova"},"content":{"rendered":"<p>I 200 \u00e5r har norske juristar stilt dette sp\u00f8rsm\u00e5let. Og ikkje sjeldan har grunnlovstolkinga st\u00e5tt i sentrum for politisk strid. 1800-talets forfatningskampar mellom Kongen og Stortinget er historie, men fortidas tolkingssp\u00f8rsm\u00e5l er avl\u00f8yst av nye som f\u00f8lgje av utfordringane i v\u00e5r tid.<br \/>\nGrunnlova i dag er ei anna enn i 1814. Ikkje berre er grunnlovsteksten endra mange gongar i l\u00f8pet av desse to hundre\u00e5ra. Grunnlova har \u00f2g vore underkasta ulike og skiftande tolkingar som f\u00f8lgje av samfunnsutviklinga og politiske skifte. Kva rolle har grunnlovstolkinga spelt for forfatningsutviklinga i Noreg, og kva rolle b\u00f8r ho ha? I denne boka vert grunnlovstolkingas rolle i forfatningsutviklinga diskutert historisk og notidig og med blikk mot v\u00e5re nordiske naboland.<\/p>\n","protected":false},"excerpt":{"rendered":"<p>I 200 \u00e5r har norske juristar stilt dette sp\u00f8rsm\u00e5let. Og ikkje sjeldan har grunnlovstolkinga st\u00e5tt i sentrum for politisk strid. 1800-talets forfatningskampar mellom Kongen og Stortinget er historie, men fortidas tolkingssp\u00f8rsm\u00e5l er avl\u00f8yst av nye som f\u00f8lgje av utfordringane i v\u00e5r tid. Grunnlova i dag er ei anna enn i 1814. Ikkje berre er grunnlovsteksten [&hellip;]<\/p>\n","protected":false},"featured_media":28605,"template":"","meta":{"_acf_changed":false,"inline_featured_image":false},"product_brand":[],"product_cat":[1782,23],"product_tag":[394,441,557,362,657,439,599],"class_list":{"0":"post-20617","1":"product","2":"type-product","3":"status-publish","4":"has-post-thumbnail","6":"product_cat-fripris","7":"product_cat-historie","8":"product_tag-1800-tallet","9":"product_tag-1900-tallet","10":"product_tag-2000-tallet","11":"product_tag-faglitteratur","12":"product_tag-grunnloven","13":"product_tag-nord-norge","14":"product_tag-rettshistorie","15":"pa_format-innbundet","17":"first","18":"instock","19":"shipping-taxable","20":"purchasable","21":"product-type-simple"},"acf":{"anmeldelse":null},"yoast_head":"<!-- This site is optimized with the Yoast SEO plugin v26.6 - https:\/\/yoast.com\/wordpress\/plugins\/seo\/ -->\n<title>Tolkingar av Grunnlova - Pax<\/title>\n<meta name=\"robots\" content=\"noindex, follow, max-snippet:-1, max-image-preview:large, max-video-preview:-1\" \/>\n<meta property=\"og:locale\" content=\"nb_NO\" \/>\n<meta property=\"og:type\" content=\"article\" \/>\n<meta property=\"og:title\" content=\"Tolkingar av Grunnlova - Pax\" \/>\n<meta property=\"og:description\" content=\"I 200 \u00e5r har norske juristar stilt dette sp\u00f8rsm\u00e5let. Og ikkje sjeldan har grunnlovstolkinga st\u00e5tt i sentrum for politisk strid. 1800-talets forfatningskampar mellom Kongen og Stortinget er historie, men fortidas tolkingssp\u00f8rsm\u00e5l er avl\u00f8yst av nye som f\u00f8lgje av utfordringane i v\u00e5r tid. Grunnlova i dag er ei anna enn i 1814. Ikkje berre er grunnlovsteksten [&hellip;]\" \/>\n<meta property=\"og:url\" content=\"https:\/\/staging.forenteforlag.no\/pax\/produkt\/tolkingar-av-grunnlova\/\" \/>\n<meta property=\"og:site_name\" content=\"Pax\" \/>\n<meta property=\"article:modified_time\" content=\"2025-08-27T08:00:17+00:00\" \/>\n<meta property=\"og:image\" content=\"https:\/\/staging.forenteforlag.no\/pax\/wp-content\/uploads\/sites\/5\/2025\/08\/jpg-7440.jpg\" \/>\n\t<meta property=\"og:image:width\" content=\"325\" \/>\n\t<meta property=\"og:image:height\" content=\"449\" \/>\n\t<meta property=\"og:image:type\" content=\"image\/jpeg\" \/>\n<meta name=\"twitter:card\" content=\"summary_large_image\" \/>\n<meta name=\"twitter:label1\" content=\"Ansl. lesetid\" \/>\n\t<meta name=\"twitter:data1\" content=\"1 minutt\" \/>\n<script type=\"application\/ld+json\" class=\"yoast-schema-graph\">{\"@context\":\"https:\/\/schema.org\",\"@graph\":[{\"@type\":\"WebPage\",\"@id\":\"https:\/\/staging.forenteforlag.no\/pax\/produkt\/tolkingar-av-grunnlova\/\",\"url\":\"https:\/\/staging.forenteforlag.no\/pax\/produkt\/tolkingar-av-grunnlova\/\",\"name\":\"Tolkingar av Grunnlova - Pax\",\"isPartOf\":{\"@id\":\"https:\/\/staging.forenteforlag.no\/pax\/#website\"},\"primaryImageOfPage\":{\"@id\":\"https:\/\/staging.forenteforlag.no\/pax\/produkt\/tolkingar-av-grunnlova\/#primaryimage\"},\"image\":{\"@id\":\"https:\/\/staging.forenteforlag.no\/pax\/produkt\/tolkingar-av-grunnlova\/#primaryimage\"},\"thumbnailUrl\":\"https:\/\/staging.forenteforlag.no\/pax\/wp-content\/uploads\/sites\/5\/2025\/08\/jpg-7440.jpg\",\"datePublished\":\"2013-11-27T00:00:00+00:00\",\"dateModified\":\"2025-08-27T08:00:17+00:00\",\"breadcrumb\":{\"@id\":\"https:\/\/staging.forenteforlag.no\/pax\/produkt\/tolkingar-av-grunnlova\/#breadcrumb\"},\"inLanguage\":\"nb-NO\",\"potentialAction\":[{\"@type\":\"ReadAction\",\"target\":[\"https:\/\/staging.forenteforlag.no\/pax\/produkt\/tolkingar-av-grunnlova\/\"]}]},{\"@type\":\"ImageObject\",\"inLanguage\":\"nb-NO\",\"@id\":\"https:\/\/staging.forenteforlag.no\/pax\/produkt\/tolkingar-av-grunnlova\/#primaryimage\",\"url\":\"https:\/\/staging.forenteforlag.no\/pax\/wp-content\/uploads\/sites\/5\/2025\/08\/jpg-7440.jpg\",\"contentUrl\":\"https:\/\/staging.forenteforlag.no\/pax\/wp-content\/uploads\/sites\/5\/2025\/08\/jpg-7440.jpg\",\"width\":325,\"height\":449},{\"@type\":\"BreadcrumbList\",\"@id\":\"https:\/\/staging.forenteforlag.no\/pax\/produkt\/tolkingar-av-grunnlova\/#breadcrumb\",\"itemListElement\":[{\"@type\":\"ListItem\",\"position\":1,\"name\":\"Hjem\",\"item\":\"https:\/\/staging.forenteforlag.no\/pax\/\"},{\"@type\":\"ListItem\",\"position\":2,\"name\":\"Alle b\u00f8ker\",\"item\":\"https:\/\/staging.forenteforlag.no\/pax\/butikk\/\"},{\"@type\":\"ListItem\",\"position\":3,\"name\":\"Tolkingar av Grunnlova\"}]},{\"@type\":\"WebSite\",\"@id\":\"https:\/\/staging.forenteforlag.no\/pax\/#website\",\"url\":\"https:\/\/staging.forenteforlag.no\/pax\/\",\"name\":\"Pax\",\"description\":\"\",\"potentialAction\":[{\"@type\":\"SearchAction\",\"target\":{\"@type\":\"EntryPoint\",\"urlTemplate\":\"https:\/\/staging.forenteforlag.no\/pax\/?s={search_term_string}\"},\"query-input\":{\"@type\":\"PropertyValueSpecification\",\"valueRequired\":true,\"valueName\":\"search_term_string\"}}],\"inLanguage\":\"nb-NO\"}]}<\/script>\n<!-- \/ Yoast SEO plugin. -->","yoast_head_json":{"title":"Tolkingar av Grunnlova - Pax","robots":{"index":"noindex","follow":"follow","max-snippet":"max-snippet:-1","max-image-preview":"max-image-preview:large","max-video-preview":"max-video-preview:-1"},"og_locale":"nb_NO","og_type":"article","og_title":"Tolkingar av Grunnlova - Pax","og_description":"I 200 \u00e5r har norske juristar stilt dette sp\u00f8rsm\u00e5let. Og ikkje sjeldan har grunnlovstolkinga st\u00e5tt i sentrum for politisk strid. 1800-talets forfatningskampar mellom Kongen og Stortinget er historie, men fortidas tolkingssp\u00f8rsm\u00e5l er avl\u00f8yst av nye som f\u00f8lgje av utfordringane i v\u00e5r tid. Grunnlova i dag er ei anna enn i 1814. Ikkje berre er grunnlovsteksten [&hellip;]","og_url":"https:\/\/staging.forenteforlag.no\/pax\/produkt\/tolkingar-av-grunnlova\/","og_site_name":"Pax","article_modified_time":"2025-08-27T08:00:17+00:00","og_image":[{"width":325,"height":449,"url":"https:\/\/staging.forenteforlag.no\/pax\/wp-content\/uploads\/sites\/5\/2025\/08\/jpg-7440.jpg","type":"image\/jpeg"}],"twitter_card":"summary_large_image","twitter_misc":{"Ansl. lesetid":"1 minutt"},"schema":{"@context":"https:\/\/schema.org","@graph":[{"@type":"WebPage","@id":"https:\/\/staging.forenteforlag.no\/pax\/produkt\/tolkingar-av-grunnlova\/","url":"https:\/\/staging.forenteforlag.no\/pax\/produkt\/tolkingar-av-grunnlova\/","name":"Tolkingar av Grunnlova - Pax","isPartOf":{"@id":"https:\/\/staging.forenteforlag.no\/pax\/#website"},"primaryImageOfPage":{"@id":"https:\/\/staging.forenteforlag.no\/pax\/produkt\/tolkingar-av-grunnlova\/#primaryimage"},"image":{"@id":"https:\/\/staging.forenteforlag.no\/pax\/produkt\/tolkingar-av-grunnlova\/#primaryimage"},"thumbnailUrl":"https:\/\/staging.forenteforlag.no\/pax\/wp-content\/uploads\/sites\/5\/2025\/08\/jpg-7440.jpg","datePublished":"2013-11-27T00:00:00+00:00","dateModified":"2025-08-27T08:00:17+00:00","breadcrumb":{"@id":"https:\/\/staging.forenteforlag.no\/pax\/produkt\/tolkingar-av-grunnlova\/#breadcrumb"},"inLanguage":"nb-NO","potentialAction":[{"@type":"ReadAction","target":["https:\/\/staging.forenteforlag.no\/pax\/produkt\/tolkingar-av-grunnlova\/"]}]},{"@type":"ImageObject","inLanguage":"nb-NO","@id":"https:\/\/staging.forenteforlag.no\/pax\/produkt\/tolkingar-av-grunnlova\/#primaryimage","url":"https:\/\/staging.forenteforlag.no\/pax\/wp-content\/uploads\/sites\/5\/2025\/08\/jpg-7440.jpg","contentUrl":"https:\/\/staging.forenteforlag.no\/pax\/wp-content\/uploads\/sites\/5\/2025\/08\/jpg-7440.jpg","width":325,"height":449},{"@type":"BreadcrumbList","@id":"https:\/\/staging.forenteforlag.no\/pax\/produkt\/tolkingar-av-grunnlova\/#breadcrumb","itemListElement":[{"@type":"ListItem","position":1,"name":"Hjem","item":"https:\/\/staging.forenteforlag.no\/pax\/"},{"@type":"ListItem","position":2,"name":"Alle b\u00f8ker","item":"https:\/\/staging.forenteforlag.no\/pax\/butikk\/"},{"@type":"ListItem","position":3,"name":"Tolkingar av Grunnlova"}]},{"@type":"WebSite","@id":"https:\/\/staging.forenteforlag.no\/pax\/#website","url":"https:\/\/staging.forenteforlag.no\/pax\/","name":"Pax","description":"","potentialAction":[{"@type":"SearchAction","target":{"@type":"EntryPoint","urlTemplate":"https:\/\/staging.forenteforlag.no\/pax\/?s={search_term_string}"},"query-input":{"@type":"PropertyValueSpecification","valueRequired":true,"valueName":"search_term_string"}}],"inLanguage":"nb-NO"}]}},"_links":{"self":[{"href":"https:\/\/staging.forenteforlag.no\/pax\/wp-json\/wp\/v2\/product\/20617","targetHints":{"allow":["GET"]}}],"collection":[{"href":"https:\/\/staging.forenteforlag.no\/pax\/wp-json\/wp\/v2\/product"}],"about":[{"href":"https:\/\/staging.forenteforlag.no\/pax\/wp-json\/wp\/v2\/types\/product"}],"wp:featuredmedia":[{"embeddable":true,"href":"https:\/\/staging.forenteforlag.no\/pax\/wp-json\/wp\/v2\/media\/28605"}],"wp:attachment":[{"href":"https:\/\/staging.forenteforlag.no\/pax\/wp-json\/wp\/v2\/media?parent=20617"}],"wp:term":[{"taxonomy":"product_brand","embeddable":true,"href":"https:\/\/staging.forenteforlag.no\/pax\/wp-json\/wp\/v2\/product_brand?post=20617"},{"taxonomy":"product_cat","embeddable":true,"href":"https:\/\/staging.forenteforlag.no\/pax\/wp-json\/wp\/v2\/product_cat?post=20617"},{"taxonomy":"product_tag","embeddable":true,"href":"https:\/\/staging.forenteforlag.no\/pax\/wp-json\/wp\/v2\/product_tag?post=20617"}],"curies":[{"name":"wp","href":"https:\/\/api.w.org\/{rel}","templated":true}]}}