{"id":20609,"date":"2004-03-12T16:42:39","date_gmt":"2004-03-12T15:42:39","guid":{"rendered":"https:\/\/pax.forenteforlag.no\/produkt\/dommen-til-doden\/"},"modified":"2025-11-12T08:38:25","modified_gmt":"2025-11-12T07:38:25","slug":"dommen-til-doden","status":"publish","type":"product","link":"https:\/\/staging.forenteforlag.no\/pax\/produkt\/dommen-til-doden\/","title":{"rendered":"Dommen til d\u00f8den"},"content":{"rendered":"<p>Boka gir en fremstilling av m\u00e5ten d\u00f8dsstraffen ble praktisert p\u00e5 under Norges overgang til demokrati etter 1945.  Den omhandler de ulike sidene ved gjeninnf\u00f8ringen: lovgivning, rettspraksis og opinion. Her presenteres innsiden av det norske samfunn, de innestengte f\u00f8lelsene av hat og trang til hevn i 1945, men ogs\u00e5 de h\u00f8yverdige idealene som disse f\u00f8lelsene ble veid imot. Har litteraturliste.<\/p>\n","protected":false},"excerpt":{"rendered":"<p>Boka gir en fremstilling av m\u00e5ten d\u00f8dsstraffen ble praktisert p\u00e5 under Norges overgang til demokrati etter 1945. Den omhandler de ulike sidene ved gjeninnf\u00f8ringen: lovgivning, rettspraksis og opinion. Her presenteres innsiden av det norske samfunn, de innestengte f\u00f8lelsene av hat og trang til hevn i 1945, men ogs\u00e5 de h\u00f8yverdige idealene som disse f\u00f8lelsene ble [&hellip;]<\/p>\n","protected":false},"featured_media":28174,"template":"","meta":{"_acf_changed":false,"inline_featured_image":false},"product_brand":[],"product_cat":[1782,23],"product_tag":[362],"class_list":{"0":"post-20609","1":"product","2":"type-product","3":"status-publish","4":"has-post-thumbnail","6":"product_cat-fripris","7":"product_cat-historie","8":"product_tag-faglitteratur","9":"pa_format-innbundet","11":"first","12":"instock","13":"shipping-taxable","14":"purchasable","15":"product-type-simple"},"acf":{"anmeldelse":null},"yoast_head":"<!-- This site is optimized with the Yoast SEO plugin v26.6 - https:\/\/yoast.com\/wordpress\/plugins\/seo\/ -->\n<title>Dommen til d\u00f8den - Pax<\/title>\n<meta name=\"robots\" content=\"noindex, follow, max-snippet:-1, max-image-preview:large, max-video-preview:-1\" \/>\n<meta property=\"og:locale\" content=\"nb_NO\" \/>\n<meta property=\"og:type\" content=\"article\" \/>\n<meta property=\"og:title\" content=\"Dommen til d\u00f8den - Pax\" \/>\n<meta property=\"og:description\" content=\"Boka gir en fremstilling av m\u00e5ten d\u00f8dsstraffen ble praktisert p\u00e5 under Norges overgang til demokrati etter 1945. Den omhandler de ulike sidene ved gjeninnf\u00f8ringen: lovgivning, rettspraksis og opinion. Her presenteres innsiden av det norske samfunn, de innestengte f\u00f8lelsene av hat og trang til hevn i 1945, men ogs\u00e5 de h\u00f8yverdige idealene som disse f\u00f8lelsene ble [&hellip;]\" \/>\n<meta property=\"og:url\" content=\"https:\/\/staging.forenteforlag.no\/pax\/produkt\/dommen-til-doden\/\" \/>\n<meta property=\"og:site_name\" content=\"Pax\" \/>\n<meta property=\"article:modified_time\" content=\"2025-11-12T07:38:25+00:00\" \/>\n<meta property=\"og:image\" content=\"https:\/\/staging.forenteforlag.no\/pax\/wp-content\/uploads\/sites\/5\/2025\/08\/jpg-6191.jpg\" \/>\n\t<meta property=\"og:image:width\" content=\"326\" \/>\n\t<meta property=\"og:image:height\" content=\"449\" \/>\n\t<meta property=\"og:image:type\" content=\"image\/jpeg\" \/>\n<meta name=\"twitter:card\" content=\"summary_large_image\" \/>\n<script type=\"application\/ld+json\" class=\"yoast-schema-graph\">{\"@context\":\"https:\/\/schema.org\",\"@graph\":[{\"@type\":\"WebPage\",\"@id\":\"https:\/\/staging.forenteforlag.no\/pax\/produkt\/dommen-til-doden\/\",\"url\":\"https:\/\/staging.forenteforlag.no\/pax\/produkt\/dommen-til-doden\/\",\"name\":\"Dommen til d\u00f8den - Pax\",\"isPartOf\":{\"@id\":\"https:\/\/staging.forenteforlag.no\/pax\/#website\"},\"primaryImageOfPage\":{\"@id\":\"https:\/\/staging.forenteforlag.no\/pax\/produkt\/dommen-til-doden\/#primaryimage\"},\"image\":{\"@id\":\"https:\/\/staging.forenteforlag.no\/pax\/produkt\/dommen-til-doden\/#primaryimage\"},\"thumbnailUrl\":\"https:\/\/staging.forenteforlag.no\/pax\/wp-content\/uploads\/sites\/5\/2025\/08\/jpg-6191.jpg\",\"datePublished\":\"2004-03-12T15:42:39+00:00\",\"dateModified\":\"2025-11-12T07:38:25+00:00\",\"breadcrumb\":{\"@id\":\"https:\/\/staging.forenteforlag.no\/pax\/produkt\/dommen-til-doden\/#breadcrumb\"},\"inLanguage\":\"nb-NO\",\"potentialAction\":[{\"@type\":\"ReadAction\",\"target\":[\"https:\/\/staging.forenteforlag.no\/pax\/produkt\/dommen-til-doden\/\"]}]},{\"@type\":\"ImageObject\",\"inLanguage\":\"nb-NO\",\"@id\":\"https:\/\/staging.forenteforlag.no\/pax\/produkt\/dommen-til-doden\/#primaryimage\",\"url\":\"https:\/\/staging.forenteforlag.no\/pax\/wp-content\/uploads\/sites\/5\/2025\/08\/jpg-6191.jpg\",\"contentUrl\":\"https:\/\/staging.forenteforlag.no\/pax\/wp-content\/uploads\/sites\/5\/2025\/08\/jpg-6191.jpg\",\"width\":326,\"height\":449},{\"@type\":\"BreadcrumbList\",\"@id\":\"https:\/\/staging.forenteforlag.no\/pax\/produkt\/dommen-til-doden\/#breadcrumb\",\"itemListElement\":[{\"@type\":\"ListItem\",\"position\":1,\"name\":\"Hjem\",\"item\":\"https:\/\/staging.forenteforlag.no\/pax\/\"},{\"@type\":\"ListItem\",\"position\":2,\"name\":\"Alle b\u00f8ker\",\"item\":\"https:\/\/staging.forenteforlag.no\/pax\/butikk\/\"},{\"@type\":\"ListItem\",\"position\":3,\"name\":\"Dommen til d\u00f8den\"}]},{\"@type\":\"WebSite\",\"@id\":\"https:\/\/staging.forenteforlag.no\/pax\/#website\",\"url\":\"https:\/\/staging.forenteforlag.no\/pax\/\",\"name\":\"Pax\",\"description\":\"\",\"potentialAction\":[{\"@type\":\"SearchAction\",\"target\":{\"@type\":\"EntryPoint\",\"urlTemplate\":\"https:\/\/staging.forenteforlag.no\/pax\/?s={search_term_string}\"},\"query-input\":{\"@type\":\"PropertyValueSpecification\",\"valueRequired\":true,\"valueName\":\"search_term_string\"}}],\"inLanguage\":\"nb-NO\"}]}<\/script>\n<!-- \/ Yoast SEO plugin. -->","yoast_head_json":{"title":"Dommen til d\u00f8den - Pax","robots":{"index":"noindex","follow":"follow","max-snippet":"max-snippet:-1","max-image-preview":"max-image-preview:large","max-video-preview":"max-video-preview:-1"},"og_locale":"nb_NO","og_type":"article","og_title":"Dommen til d\u00f8den - Pax","og_description":"Boka gir en fremstilling av m\u00e5ten d\u00f8dsstraffen ble praktisert p\u00e5 under Norges overgang til demokrati etter 1945. Den omhandler de ulike sidene ved gjeninnf\u00f8ringen: lovgivning, rettspraksis og opinion. Her presenteres innsiden av det norske samfunn, de innestengte f\u00f8lelsene av hat og trang til hevn i 1945, men ogs\u00e5 de h\u00f8yverdige idealene som disse f\u00f8lelsene ble [&hellip;]","og_url":"https:\/\/staging.forenteforlag.no\/pax\/produkt\/dommen-til-doden\/","og_site_name":"Pax","article_modified_time":"2025-11-12T07:38:25+00:00","og_image":[{"width":326,"height":449,"url":"https:\/\/staging.forenteforlag.no\/pax\/wp-content\/uploads\/sites\/5\/2025\/08\/jpg-6191.jpg","type":"image\/jpeg"}],"twitter_card":"summary_large_image","schema":{"@context":"https:\/\/schema.org","@graph":[{"@type":"WebPage","@id":"https:\/\/staging.forenteforlag.no\/pax\/produkt\/dommen-til-doden\/","url":"https:\/\/staging.forenteforlag.no\/pax\/produkt\/dommen-til-doden\/","name":"Dommen til d\u00f8den - Pax","isPartOf":{"@id":"https:\/\/staging.forenteforlag.no\/pax\/#website"},"primaryImageOfPage":{"@id":"https:\/\/staging.forenteforlag.no\/pax\/produkt\/dommen-til-doden\/#primaryimage"},"image":{"@id":"https:\/\/staging.forenteforlag.no\/pax\/produkt\/dommen-til-doden\/#primaryimage"},"thumbnailUrl":"https:\/\/staging.forenteforlag.no\/pax\/wp-content\/uploads\/sites\/5\/2025\/08\/jpg-6191.jpg","datePublished":"2004-03-12T15:42:39+00:00","dateModified":"2025-11-12T07:38:25+00:00","breadcrumb":{"@id":"https:\/\/staging.forenteforlag.no\/pax\/produkt\/dommen-til-doden\/#breadcrumb"},"inLanguage":"nb-NO","potentialAction":[{"@type":"ReadAction","target":["https:\/\/staging.forenteforlag.no\/pax\/produkt\/dommen-til-doden\/"]}]},{"@type":"ImageObject","inLanguage":"nb-NO","@id":"https:\/\/staging.forenteforlag.no\/pax\/produkt\/dommen-til-doden\/#primaryimage","url":"https:\/\/staging.forenteforlag.no\/pax\/wp-content\/uploads\/sites\/5\/2025\/08\/jpg-6191.jpg","contentUrl":"https:\/\/staging.forenteforlag.no\/pax\/wp-content\/uploads\/sites\/5\/2025\/08\/jpg-6191.jpg","width":326,"height":449},{"@type":"BreadcrumbList","@id":"https:\/\/staging.forenteforlag.no\/pax\/produkt\/dommen-til-doden\/#breadcrumb","itemListElement":[{"@type":"ListItem","position":1,"name":"Hjem","item":"https:\/\/staging.forenteforlag.no\/pax\/"},{"@type":"ListItem","position":2,"name":"Alle b\u00f8ker","item":"https:\/\/staging.forenteforlag.no\/pax\/butikk\/"},{"@type":"ListItem","position":3,"name":"Dommen til d\u00f8den"}]},{"@type":"WebSite","@id":"https:\/\/staging.forenteforlag.no\/pax\/#website","url":"https:\/\/staging.forenteforlag.no\/pax\/","name":"Pax","description":"","potentialAction":[{"@type":"SearchAction","target":{"@type":"EntryPoint","urlTemplate":"https:\/\/staging.forenteforlag.no\/pax\/?s={search_term_string}"},"query-input":{"@type":"PropertyValueSpecification","valueRequired":true,"valueName":"search_term_string"}}],"inLanguage":"nb-NO"}]}},"_links":{"self":[{"href":"https:\/\/staging.forenteforlag.no\/pax\/wp-json\/wp\/v2\/product\/20609","targetHints":{"allow":["GET"]}}],"collection":[{"href":"https:\/\/staging.forenteforlag.no\/pax\/wp-json\/wp\/v2\/product"}],"about":[{"href":"https:\/\/staging.forenteforlag.no\/pax\/wp-json\/wp\/v2\/types\/product"}],"wp:featuredmedia":[{"embeddable":true,"href":"https:\/\/staging.forenteforlag.no\/pax\/wp-json\/wp\/v2\/media\/28174"}],"wp:attachment":[{"href":"https:\/\/staging.forenteforlag.no\/pax\/wp-json\/wp\/v2\/media?parent=20609"}],"wp:term":[{"taxonomy":"product_brand","embeddable":true,"href":"https:\/\/staging.forenteforlag.no\/pax\/wp-json\/wp\/v2\/product_brand?post=20609"},{"taxonomy":"product_cat","embeddable":true,"href":"https:\/\/staging.forenteforlag.no\/pax\/wp-json\/wp\/v2\/product_cat?post=20609"},{"taxonomy":"product_tag","embeddable":true,"href":"https:\/\/staging.forenteforlag.no\/pax\/wp-json\/wp\/v2\/product_tag?post=20609"}],"curies":[{"name":"wp","href":"https:\/\/api.w.org\/{rel}","templated":true}]}}

Dommen til døden

<p>Boka gir en fremstilling av måten dødsstraffen ble praktisert på under Norges overgang til demokrati etter 1945.  Den omhandler de ulike sidene ved gjeninnføringen: lovgivning, rettspraksis og opinion. Her presenteres innsiden av det norske samfunn, de innestengte følelsene av hat og trang til hevn i 1945, men også de høyverdige idealene som disse følelsene ble veid imot. Har litteraturliste.</p>

<p>Boka gir en fremstilling av måten dødsstraffen ble praktisert på under Norges overgang til demokrati etter 1945. Den omhandler de ulike sidene ved gjeninnføringen: lovgivning, rettspraksis og opinion. Her presenteres innsiden av det norske samfunn, de innestengte følelsene av hat og trang til hevn i 1945, men også de høyverdige idealene som disse følelsene ble [&hellip;]</p>

<!-- This site is optimized with the Yoast SEO plugin v26.6 - https://yoast.com/wordpress/plugins/seo/ -->
<title>Dommen til døden - Pax</title>
<meta name="robots" content="noindex, follow, max-snippet:-1, max-image-preview:large, max-video-preview:-1" />
<meta property="og:locale" content="nb_NO" />
<meta property="og:type" content="article" />
<meta property="og:title" content="Dommen til døden - Pax" />
<meta property="og:description" content="Boka gir en fremstilling av måten dødsstraffen ble praktisert på under Norges overgang til demokrati etter 1945. Den omhandler de ulike sidene ved gjeninnføringen: lovgivning, rettspraksis og opinion. Her presenteres innsiden av det norske samfunn, de innestengte følelsene av hat og trang til hevn i 1945, men også de høyverdige idealene som disse følelsene ble [&hellip;]" />
<meta property="og:url" content="https://staging.forenteforlag.no/pax/produkt/dommen-til-doden/" />
<meta property="og:site_name" content="Pax" />
<meta property="article:modified_time" content="2025-11-12T07:38:25+00:00" />
<meta property="og:image" content="https://staging.forenteforlag.no/pax/wp-content/uploads/sites/5/2025/08/jpg-6191.jpg" />
	<meta property="og:image:width" content="326" />
	<meta property="og:image:height" content="449" />
	<meta property="og:image:type" content="image/jpeg" />
<meta name="twitter:card" content="summary_large_image" />
<script type="application/ld+json" class="yoast-schema-graph">{"@context":"https://schema.org","@graph":[{"@type":"WebPage","@id":"https://staging.forenteforlag.no/pax/produkt/dommen-til-doden/","url":"https://staging.forenteforlag.no/pax/produkt/dommen-til-doden/","name":"Dommen til døden - Pax","isPartOf":{"@id":"https://staging.forenteforlag.no/pax/#website"},"primaryImageOfPage":{"@id":"https://staging.forenteforlag.no/pax/produkt/dommen-til-doden/#primaryimage"},"image":{"@id":"https://staging.forenteforlag.no/pax/produkt/dommen-til-doden/#primaryimage"},"thumbnailUrl":"https://staging.forenteforlag.no/pax/wp-content/uploads/sites/5/2025/08/jpg-6191.jpg","datePublished":"2004-03-12T15:42:39+00:00","dateModified":"2025-11-12T07:38:25+00:00","breadcrumb":{"@id":"https://staging.forenteforlag.no/pax/produkt/dommen-til-doden/#breadcrumb"},"inLanguage":"nb-NO","potentialAction":[{"@type":"ReadAction","target":["https://staging.forenteforlag.no/pax/produkt/dommen-til-doden/"]}]},{"@type":"ImageObject","inLanguage":"nb-NO","@id":"https://staging.forenteforlag.no/pax/produkt/dommen-til-doden/#primaryimage","url":"https://staging.forenteforlag.no/pax/wp-content/uploads/sites/5/2025/08/jpg-6191.jpg","contentUrl":"https://staging.forenteforlag.no/pax/wp-content/uploads/sites/5/2025/08/jpg-6191.jpg","width":326,"height":449},{"@type":"BreadcrumbList","@id":"https://staging.forenteforlag.no/pax/produkt/dommen-til-doden/#breadcrumb","itemListElement":[{"@type":"ListItem","position":1,"name":"Hjem","item":"https://staging.forenteforlag.no/pax/"},{"@type":"ListItem","position":2,"name":"Alle bøker","item":"https://staging.forenteforlag.no/pax/butikk/"},{"@type":"ListItem","position":3,"name":"Dommen til døden"}]},{"@type":"WebSite","@id":"https://staging.forenteforlag.no/pax/#website","url":"https://staging.forenteforlag.no/pax/","name":"Pax","description":"","potentialAction":[{"@type":"SearchAction","target":{"@type":"EntryPoint","urlTemplate":"https://staging.forenteforlag.no/pax/?s={search_term_string}"},"query-input":{"@type":"PropertyValueSpecification","valueRequired":true,"valueName":"search_term_string"}}],"inLanguage":"nb-NO"}]}</script>
<!-- / Yoast SEO plugin. -->

Dommen til døden - Pax

Boka gir en fremstilling av måten dødsstraffen ble praktisert på under Norges overgang til demokrati etter 1945. Den omhandler de ulike sidene ved gjeninnføringen: lovgivning, rettspraksis og opinion. Her presenteres innsiden av det norske samfunn, de innestengte følelsene av hat og trang til hevn i 1945, men også de høyverdige idealene som disse følelsene ble [&hellip;]

Alle bøker
