{"id":20590,"date":"2017-10-16T02:00:00","date_gmt":"2017-10-16T00:00:00","guid":{"rendered":"https:\/\/pax.forenteforlag.no\/produkt\/hold-meg\/"},"modified":"2026-03-03T22:49:04","modified_gmt":"2026-03-03T21:49:04","slug":"hold-meg","status":"publish","type":"product","link":"https:\/\/staging.forenteforlag.no\/pax\/produkt\/hold-meg\/","title":{"rendered":"Hold meg"},"content":{"rendered":"<p>De fleste vil en eller annen gang m\u00f8te veggen i et kj\u00e6rlighetsforhold. F\u00f8lelser blir uh\u00e5ndterbare, krangler oppst\u00e5r, smertefulle m\u00f8nstre repeteres, og forholdet til den vi elsker oppleves faretruende skj\u00f8rt. Vi trekker oss tilbake i taushet, for \u00e5 forsvare oss. Vi s\u00e5rer hverandre, kritiserer, raser og an klager n\u00e5r vi egentlig \u00f8nsker det motsatte, \u00e5 leve lykkelig sammen. Hvordan kan vi komme ut av slike onde sirkler og holde kj\u00e6rligheten levende? I denne ber\u00f8mte bruksboken inviterer psykolog Sue Johnson oss inn til syv avgj\u00f8rende samtaler i terapi -rommet, hvor par klarer \u00e5 finne sammen igjen. Hun beskriver inng\u00e5ende logikken i de destruktive m\u00f8ns -trene, hvordan de kan brytes og hvordan trygghet og tillit kan gjenreises i parforholdet. &laquo;Hold meg&raquo; er b\u00e5de det kartet par trenger i n\u00f8dens stund og den veiviseren vi trenger for \u00e5 forebygge at kj\u00e6rligheten forvitrer.<\/p>\n","protected":false},"excerpt":{"rendered":"<p>De fleste vil en eller annen gang m\u00f8te veggen i et kj\u00e6rlighetsforhold. F\u00f8lelser blir uh\u00e5ndterbare, krangler oppst\u00e5r, smertefulle m\u00f8nstre repeteres, og forholdet til den vi elsker oppleves faretruende skj\u00f8rt. Vi trekker oss tilbake i taushet, for \u00e5 forsvare oss. Vi s\u00e5rer hverandre, kritiserer, raser og an klager n\u00e5r vi egentlig \u00f8nsker det motsatte, \u00e5 leve [&hellip;]<\/p>\n","protected":false},"featured_media":27947,"template":"","meta":{"_acf_changed":false,"inline_featured_image":false},"product_brand":[],"product_cat":[1782],"product_tag":[470,362,510,1642],"class_list":{"0":"post-20590","1":"product","2":"type-product","3":"status-publish","4":"has-post-thumbnail","6":"product_cat-fripris","7":"product_tag-ekteskap-og-parforhold","8":"product_tag-faglitteratur","9":"product_tag-kjaerlighet","10":"product_tag-parterapi","12":"first","13":"instock","14":"shipping-taxable","15":"purchasable","16":"product-type-simple"},"acf":{"anmeldelse":null},"yoast_head":"<!-- This site is optimized with the Yoast SEO plugin v26.6 - https:\/\/yoast.com\/wordpress\/plugins\/seo\/ -->\n<title>Hold meg - Pax<\/title>\n<meta name=\"robots\" content=\"noindex, follow, max-snippet:-1, max-image-preview:large, max-video-preview:-1\" \/>\n<meta property=\"og:locale\" content=\"nb_NO\" \/>\n<meta property=\"og:type\" content=\"article\" \/>\n<meta property=\"og:title\" content=\"Hold meg - Pax\" \/>\n<meta property=\"og:description\" content=\"De fleste vil en eller annen gang m\u00f8te veggen i et kj\u00e6rlighetsforhold. F\u00f8lelser blir uh\u00e5ndterbare, krangler oppst\u00e5r, smertefulle m\u00f8nstre repeteres, og forholdet til den vi elsker oppleves faretruende skj\u00f8rt. Vi trekker oss tilbake i taushet, for \u00e5 forsvare oss. Vi s\u00e5rer hverandre, kritiserer, raser og an klager n\u00e5r vi egentlig \u00f8nsker det motsatte, \u00e5 leve [&hellip;]\" \/>\n<meta property=\"og:url\" content=\"https:\/\/staging.forenteforlag.no\/pax\/produkt\/hold-meg\/\" \/>\n<meta property=\"og:site_name\" content=\"Pax\" \/>\n<meta property=\"article:modified_time\" content=\"2026-03-03T21:49:04+00:00\" \/>\n<meta property=\"og:image\" content=\"https:\/\/staging.forenteforlag.no\/pax\/wp-content\/uploads\/sites\/5\/2025\/08\/jpg-5560-scaled.jpg\" \/>\n\t<meta property=\"og:image:width\" content=\"1192\" \/>\n\t<meta property=\"og:image:height\" content=\"1920\" \/>\n\t<meta property=\"og:image:type\" content=\"image\/jpeg\" \/>\n<meta name=\"twitter:card\" content=\"summary_large_image\" \/>\n<meta name=\"twitter:label1\" content=\"Ansl. lesetid\" \/>\n\t<meta name=\"twitter:data1\" content=\"1 minutt\" \/>\n<script type=\"application\/ld+json\" class=\"yoast-schema-graph\">{\"@context\":\"https:\/\/schema.org\",\"@graph\":[{\"@type\":\"WebPage\",\"@id\":\"https:\/\/staging.forenteforlag.no\/pax\/produkt\/hold-meg\/\",\"url\":\"https:\/\/staging.forenteforlag.no\/pax\/produkt\/hold-meg\/\",\"name\":\"Hold meg - Pax\",\"isPartOf\":{\"@id\":\"https:\/\/staging.forenteforlag.no\/pax\/#website\"},\"primaryImageOfPage\":{\"@id\":\"https:\/\/staging.forenteforlag.no\/pax\/produkt\/hold-meg\/#primaryimage\"},\"image\":{\"@id\":\"https:\/\/staging.forenteforlag.no\/pax\/produkt\/hold-meg\/#primaryimage\"},\"thumbnailUrl\":\"https:\/\/staging.forenteforlag.no\/pax\/wp-content\/uploads\/sites\/5\/2025\/08\/jpg-5560-scaled.jpg\",\"datePublished\":\"2017-10-16T00:00:00+00:00\",\"dateModified\":\"2026-03-03T21:49:04+00:00\",\"breadcrumb\":{\"@id\":\"https:\/\/staging.forenteforlag.no\/pax\/produkt\/hold-meg\/#breadcrumb\"},\"inLanguage\":\"nb-NO\",\"potentialAction\":[{\"@type\":\"ReadAction\",\"target\":[\"https:\/\/staging.forenteforlag.no\/pax\/produkt\/hold-meg\/\"]}]},{\"@type\":\"ImageObject\",\"inLanguage\":\"nb-NO\",\"@id\":\"https:\/\/staging.forenteforlag.no\/pax\/produkt\/hold-meg\/#primaryimage\",\"url\":\"https:\/\/staging.forenteforlag.no\/pax\/wp-content\/uploads\/sites\/5\/2025\/08\/jpg-5560-scaled.jpg\",\"contentUrl\":\"https:\/\/staging.forenteforlag.no\/pax\/wp-content\/uploads\/sites\/5\/2025\/08\/jpg-5560-scaled.jpg\",\"width\":1192,\"height\":1920},{\"@type\":\"BreadcrumbList\",\"@id\":\"https:\/\/staging.forenteforlag.no\/pax\/produkt\/hold-meg\/#breadcrumb\",\"itemListElement\":[{\"@type\":\"ListItem\",\"position\":1,\"name\":\"Hjem\",\"item\":\"https:\/\/staging.forenteforlag.no\/pax\/\"},{\"@type\":\"ListItem\",\"position\":2,\"name\":\"Alle b\u00f8ker\",\"item\":\"https:\/\/staging.forenteforlag.no\/pax\/butikk\/\"},{\"@type\":\"ListItem\",\"position\":3,\"name\":\"Hold meg\"}]},{\"@type\":\"WebSite\",\"@id\":\"https:\/\/staging.forenteforlag.no\/pax\/#website\",\"url\":\"https:\/\/staging.forenteforlag.no\/pax\/\",\"name\":\"Pax\",\"description\":\"\",\"potentialAction\":[{\"@type\":\"SearchAction\",\"target\":{\"@type\":\"EntryPoint\",\"urlTemplate\":\"https:\/\/staging.forenteforlag.no\/pax\/?s={search_term_string}\"},\"query-input\":{\"@type\":\"PropertyValueSpecification\",\"valueRequired\":true,\"valueName\":\"search_term_string\"}}],\"inLanguage\":\"nb-NO\"}]}<\/script>\n<!-- \/ Yoast SEO plugin. -->","yoast_head_json":{"title":"Hold meg - Pax","robots":{"index":"noindex","follow":"follow","max-snippet":"max-snippet:-1","max-image-preview":"max-image-preview:large","max-video-preview":"max-video-preview:-1"},"og_locale":"nb_NO","og_type":"article","og_title":"Hold meg - Pax","og_description":"De fleste vil en eller annen gang m\u00f8te veggen i et kj\u00e6rlighetsforhold. F\u00f8lelser blir uh\u00e5ndterbare, krangler oppst\u00e5r, smertefulle m\u00f8nstre repeteres, og forholdet til den vi elsker oppleves faretruende skj\u00f8rt. Vi trekker oss tilbake i taushet, for \u00e5 forsvare oss. Vi s\u00e5rer hverandre, kritiserer, raser og an klager n\u00e5r vi egentlig \u00f8nsker det motsatte, \u00e5 leve [&hellip;]","og_url":"https:\/\/staging.forenteforlag.no\/pax\/produkt\/hold-meg\/","og_site_name":"Pax","article_modified_time":"2026-03-03T21:49:04+00:00","og_image":[{"width":1192,"height":1920,"url":"https:\/\/staging.forenteforlag.no\/pax\/wp-content\/uploads\/sites\/5\/2025\/08\/jpg-5560-scaled.jpg","type":"image\/jpeg"}],"twitter_card":"summary_large_image","twitter_misc":{"Ansl. lesetid":"1 minutt"},"schema":{"@context":"https:\/\/schema.org","@graph":[{"@type":"WebPage","@id":"https:\/\/staging.forenteforlag.no\/pax\/produkt\/hold-meg\/","url":"https:\/\/staging.forenteforlag.no\/pax\/produkt\/hold-meg\/","name":"Hold meg - Pax","isPartOf":{"@id":"https:\/\/staging.forenteforlag.no\/pax\/#website"},"primaryImageOfPage":{"@id":"https:\/\/staging.forenteforlag.no\/pax\/produkt\/hold-meg\/#primaryimage"},"image":{"@id":"https:\/\/staging.forenteforlag.no\/pax\/produkt\/hold-meg\/#primaryimage"},"thumbnailUrl":"https:\/\/staging.forenteforlag.no\/pax\/wp-content\/uploads\/sites\/5\/2025\/08\/jpg-5560-scaled.jpg","datePublished":"2017-10-16T00:00:00+00:00","dateModified":"2026-03-03T21:49:04+00:00","breadcrumb":{"@id":"https:\/\/staging.forenteforlag.no\/pax\/produkt\/hold-meg\/#breadcrumb"},"inLanguage":"nb-NO","potentialAction":[{"@type":"ReadAction","target":["https:\/\/staging.forenteforlag.no\/pax\/produkt\/hold-meg\/"]}]},{"@type":"ImageObject","inLanguage":"nb-NO","@id":"https:\/\/staging.forenteforlag.no\/pax\/produkt\/hold-meg\/#primaryimage","url":"https:\/\/staging.forenteforlag.no\/pax\/wp-content\/uploads\/sites\/5\/2025\/08\/jpg-5560-scaled.jpg","contentUrl":"https:\/\/staging.forenteforlag.no\/pax\/wp-content\/uploads\/sites\/5\/2025\/08\/jpg-5560-scaled.jpg","width":1192,"height":1920},{"@type":"BreadcrumbList","@id":"https:\/\/staging.forenteforlag.no\/pax\/produkt\/hold-meg\/#breadcrumb","itemListElement":[{"@type":"ListItem","position":1,"name":"Hjem","item":"https:\/\/staging.forenteforlag.no\/pax\/"},{"@type":"ListItem","position":2,"name":"Alle b\u00f8ker","item":"https:\/\/staging.forenteforlag.no\/pax\/butikk\/"},{"@type":"ListItem","position":3,"name":"Hold meg"}]},{"@type":"WebSite","@id":"https:\/\/staging.forenteforlag.no\/pax\/#website","url":"https:\/\/staging.forenteforlag.no\/pax\/","name":"Pax","description":"","potentialAction":[{"@type":"SearchAction","target":{"@type":"EntryPoint","urlTemplate":"https:\/\/staging.forenteforlag.no\/pax\/?s={search_term_string}"},"query-input":{"@type":"PropertyValueSpecification","valueRequired":true,"valueName":"search_term_string"}}],"inLanguage":"nb-NO"}]}},"_links":{"self":[{"href":"https:\/\/staging.forenteforlag.no\/pax\/wp-json\/wp\/v2\/product\/20590","targetHints":{"allow":["GET"]}}],"collection":[{"href":"https:\/\/staging.forenteforlag.no\/pax\/wp-json\/wp\/v2\/product"}],"about":[{"href":"https:\/\/staging.forenteforlag.no\/pax\/wp-json\/wp\/v2\/types\/product"}],"wp:featuredmedia":[{"embeddable":true,"href":"https:\/\/staging.forenteforlag.no\/pax\/wp-json\/wp\/v2\/media\/27947"}],"wp:attachment":[{"href":"https:\/\/staging.forenteforlag.no\/pax\/wp-json\/wp\/v2\/media?parent=20590"}],"wp:term":[{"taxonomy":"product_brand","embeddable":true,"href":"https:\/\/staging.forenteforlag.no\/pax\/wp-json\/wp\/v2\/product_brand?post=20590"},{"taxonomy":"product_cat","embeddable":true,"href":"https:\/\/staging.forenteforlag.no\/pax\/wp-json\/wp\/v2\/product_cat?post=20590"},{"taxonomy":"product_tag","embeddable":true,"href":"https:\/\/staging.forenteforlag.no\/pax\/wp-json\/wp\/v2\/product_tag?post=20590"}],"curies":[{"name":"wp","href":"https:\/\/api.w.org\/{rel}","templated":true}]}}