{"id":20584,"date":"2018-05-08T02:00:00","date_gmt":"2018-05-08T00:00:00","guid":{"rendered":"https:\/\/pax.forenteforlag.no\/produkt\/vaeren-og-tid-2\/"},"modified":"2026-03-03T22:52:21","modified_gmt":"2026-03-03T21:52:21","slug":"vaeren-og-tid-2","status":"publish","type":"product","link":"https:\/\/staging.forenteforlag.no\/pax\/produkt\/vaeren-og-tid-2\/","title":{"rendered":"V\u00e6ren og tid"},"content":{"rendered":"<p>\u00abDet er f\u00f8rst i den egentlige v\u00e6ren til d\u00f8den at vi virkelig forst\u00e5r at tiden ligger til grunn for den menneskelige eksistensen som en helhet.\u00bb <br \/>Lars Holm-Hansen i innledningen <br \/>Sp\u00f8rsm\u00e5let om v\u00e6ren er if\u00f8lge Martin Heidegger det sentrale sp\u00f8rsm\u00e5let i all filosofi. I sitt hovedverk V\u00e6ren og tid unders\u00f8ker han menneskets eksistens i dens grunnleggende form. Heidegger definerte sitt filosofiske prosjekt som fenomenologi. I sine fenomenologiske analyser viser han hvordan v\u00e5r verden ikke er totaliteten av alt som finnes, men en forst\u00e5elseshorisont eller livsverden, som ligger til grunn for hvordan de enkelte tingene fremtrer for oss. Helt sentral i denne forst\u00e5elseshorisonten er tiden.<\/p>\n","protected":false},"excerpt":{"rendered":"<p>\u00abDet er f\u00f8rst i den egentlige v\u00e6ren til d\u00f8den at vi virkelig forst\u00e5r at tiden ligger til grunn for den menneskelige eksistensen som en helhet.\u00bb Lars Holm-Hansen i innledningen Sp\u00f8rsm\u00e5let om v\u00e6ren er if\u00f8lge Martin Heidegger det sentrale sp\u00f8rsm\u00e5let i all filosofi. I sitt hovedverk V\u00e6ren og tid unders\u00f8ker han menneskets eksistens i dens grunnleggende [&hellip;]<\/p>\n","protected":false},"featured_media":29091,"template":"","meta":{"_acf_changed":false,"inline_featured_image":false},"product_brand":[],"product_cat":[1782],"product_tag":[362,854,1287],"class_list":{"0":"post-20584","1":"product","2":"type-product","3":"status-publish","4":"has-post-thumbnail","6":"product_cat-fripris","7":"product_tag-faglitteratur","8":"product_tag-kritisk-filosofi","9":"product_tag-ontologi","11":"first","12":"instock","13":"shipping-taxable","14":"purchasable","15":"product-type-simple"},"acf":{"anmeldelse":null},"yoast_head":"<!-- This site is optimized with the Yoast SEO plugin v26.6 - https:\/\/yoast.com\/wordpress\/plugins\/seo\/ -->\n<title>V\u00e6ren og tid - Pax<\/title>\n<meta name=\"robots\" content=\"noindex, follow, max-snippet:-1, max-image-preview:large, max-video-preview:-1\" \/>\n<meta property=\"og:locale\" content=\"nb_NO\" \/>\n<meta property=\"og:type\" content=\"article\" \/>\n<meta property=\"og:title\" content=\"V\u00e6ren og tid - Pax\" \/>\n<meta property=\"og:description\" content=\"\u00abDet er f\u00f8rst i den egentlige v\u00e6ren til d\u00f8den at vi virkelig forst\u00e5r at tiden ligger til grunn for den menneskelige eksistensen som en helhet.\u00bb Lars Holm-Hansen i innledningen Sp\u00f8rsm\u00e5let om v\u00e6ren er if\u00f8lge Martin Heidegger det sentrale sp\u00f8rsm\u00e5let i all filosofi. I sitt hovedverk V\u00e6ren og tid unders\u00f8ker han menneskets eksistens i dens grunnleggende [&hellip;]\" \/>\n<meta property=\"og:url\" content=\"https:\/\/staging.forenteforlag.no\/pax\/produkt\/vaeren-og-tid-2\/\" \/>\n<meta property=\"og:site_name\" content=\"Pax\" \/>\n<meta property=\"article:modified_time\" content=\"2026-03-03T21:52:21+00:00\" \/>\n<meta property=\"og:image\" content=\"https:\/\/staging.forenteforlag.no\/pax\/wp-content\/uploads\/sites\/5\/2025\/08\/jpg-8854.jpg\" \/>\n\t<meta property=\"og:image:width\" content=\"596\" \/>\n\t<meta property=\"og:image:height\" content=\"808\" \/>\n\t<meta property=\"og:image:type\" content=\"image\/jpeg\" \/>\n<meta name=\"twitter:card\" content=\"summary_large_image\" \/>\n<meta name=\"twitter:label1\" content=\"Ansl. lesetid\" \/>\n\t<meta name=\"twitter:data1\" content=\"1 minutt\" \/>\n<script type=\"application\/ld+json\" class=\"yoast-schema-graph\">{\"@context\":\"https:\/\/schema.org\",\"@graph\":[{\"@type\":\"WebPage\",\"@id\":\"https:\/\/staging.forenteforlag.no\/pax\/produkt\/vaeren-og-tid-2\/\",\"url\":\"https:\/\/staging.forenteforlag.no\/pax\/produkt\/vaeren-og-tid-2\/\",\"name\":\"V\u00e6ren og tid - Pax\",\"isPartOf\":{\"@id\":\"https:\/\/staging.forenteforlag.no\/pax\/#website\"},\"primaryImageOfPage\":{\"@id\":\"https:\/\/staging.forenteforlag.no\/pax\/produkt\/vaeren-og-tid-2\/#primaryimage\"},\"image\":{\"@id\":\"https:\/\/staging.forenteforlag.no\/pax\/produkt\/vaeren-og-tid-2\/#primaryimage\"},\"thumbnailUrl\":\"https:\/\/staging.forenteforlag.no\/pax\/wp-content\/uploads\/sites\/5\/2025\/08\/jpg-8854.jpg\",\"datePublished\":\"2018-05-08T00:00:00+00:00\",\"dateModified\":\"2026-03-03T21:52:21+00:00\",\"breadcrumb\":{\"@id\":\"https:\/\/staging.forenteforlag.no\/pax\/produkt\/vaeren-og-tid-2\/#breadcrumb\"},\"inLanguage\":\"nb-NO\",\"potentialAction\":[{\"@type\":\"ReadAction\",\"target\":[\"https:\/\/staging.forenteforlag.no\/pax\/produkt\/vaeren-og-tid-2\/\"]}]},{\"@type\":\"ImageObject\",\"inLanguage\":\"nb-NO\",\"@id\":\"https:\/\/staging.forenteforlag.no\/pax\/produkt\/vaeren-og-tid-2\/#primaryimage\",\"url\":\"https:\/\/staging.forenteforlag.no\/pax\/wp-content\/uploads\/sites\/5\/2025\/08\/jpg-8854.jpg\",\"contentUrl\":\"https:\/\/staging.forenteforlag.no\/pax\/wp-content\/uploads\/sites\/5\/2025\/08\/jpg-8854.jpg\",\"width\":596,\"height\":808},{\"@type\":\"BreadcrumbList\",\"@id\":\"https:\/\/staging.forenteforlag.no\/pax\/produkt\/vaeren-og-tid-2\/#breadcrumb\",\"itemListElement\":[{\"@type\":\"ListItem\",\"position\":1,\"name\":\"Hjem\",\"item\":\"https:\/\/staging.forenteforlag.no\/pax\/\"},{\"@type\":\"ListItem\",\"position\":2,\"name\":\"Alle b\u00f8ker\",\"item\":\"https:\/\/staging.forenteforlag.no\/pax\/butikk\/\"},{\"@type\":\"ListItem\",\"position\":3,\"name\":\"V\u00e6ren og tid\"}]},{\"@type\":\"WebSite\",\"@id\":\"https:\/\/staging.forenteforlag.no\/pax\/#website\",\"url\":\"https:\/\/staging.forenteforlag.no\/pax\/\",\"name\":\"Pax\",\"description\":\"\",\"potentialAction\":[{\"@type\":\"SearchAction\",\"target\":{\"@type\":\"EntryPoint\",\"urlTemplate\":\"https:\/\/staging.forenteforlag.no\/pax\/?s={search_term_string}\"},\"query-input\":{\"@type\":\"PropertyValueSpecification\",\"valueRequired\":true,\"valueName\":\"search_term_string\"}}],\"inLanguage\":\"nb-NO\"}]}<\/script>\n<!-- \/ Yoast SEO plugin. -->","yoast_head_json":{"title":"V\u00e6ren og tid - Pax","robots":{"index":"noindex","follow":"follow","max-snippet":"max-snippet:-1","max-image-preview":"max-image-preview:large","max-video-preview":"max-video-preview:-1"},"og_locale":"nb_NO","og_type":"article","og_title":"V\u00e6ren og tid - Pax","og_description":"\u00abDet er f\u00f8rst i den egentlige v\u00e6ren til d\u00f8den at vi virkelig forst\u00e5r at tiden ligger til grunn for den menneskelige eksistensen som en helhet.\u00bb Lars Holm-Hansen i innledningen Sp\u00f8rsm\u00e5let om v\u00e6ren er if\u00f8lge Martin Heidegger det sentrale sp\u00f8rsm\u00e5let i all filosofi. I sitt hovedverk V\u00e6ren og tid unders\u00f8ker han menneskets eksistens i dens grunnleggende [&hellip;]","og_url":"https:\/\/staging.forenteforlag.no\/pax\/produkt\/vaeren-og-tid-2\/","og_site_name":"Pax","article_modified_time":"2026-03-03T21:52:21+00:00","og_image":[{"width":596,"height":808,"url":"https:\/\/staging.forenteforlag.no\/pax\/wp-content\/uploads\/sites\/5\/2025\/08\/jpg-8854.jpg","type":"image\/jpeg"}],"twitter_card":"summary_large_image","twitter_misc":{"Ansl. lesetid":"1 minutt"},"schema":{"@context":"https:\/\/schema.org","@graph":[{"@type":"WebPage","@id":"https:\/\/staging.forenteforlag.no\/pax\/produkt\/vaeren-og-tid-2\/","url":"https:\/\/staging.forenteforlag.no\/pax\/produkt\/vaeren-og-tid-2\/","name":"V\u00e6ren og tid - Pax","isPartOf":{"@id":"https:\/\/staging.forenteforlag.no\/pax\/#website"},"primaryImageOfPage":{"@id":"https:\/\/staging.forenteforlag.no\/pax\/produkt\/vaeren-og-tid-2\/#primaryimage"},"image":{"@id":"https:\/\/staging.forenteforlag.no\/pax\/produkt\/vaeren-og-tid-2\/#primaryimage"},"thumbnailUrl":"https:\/\/staging.forenteforlag.no\/pax\/wp-content\/uploads\/sites\/5\/2025\/08\/jpg-8854.jpg","datePublished":"2018-05-08T00:00:00+00:00","dateModified":"2026-03-03T21:52:21+00:00","breadcrumb":{"@id":"https:\/\/staging.forenteforlag.no\/pax\/produkt\/vaeren-og-tid-2\/#breadcrumb"},"inLanguage":"nb-NO","potentialAction":[{"@type":"ReadAction","target":["https:\/\/staging.forenteforlag.no\/pax\/produkt\/vaeren-og-tid-2\/"]}]},{"@type":"ImageObject","inLanguage":"nb-NO","@id":"https:\/\/staging.forenteforlag.no\/pax\/produkt\/vaeren-og-tid-2\/#primaryimage","url":"https:\/\/staging.forenteforlag.no\/pax\/wp-content\/uploads\/sites\/5\/2025\/08\/jpg-8854.jpg","contentUrl":"https:\/\/staging.forenteforlag.no\/pax\/wp-content\/uploads\/sites\/5\/2025\/08\/jpg-8854.jpg","width":596,"height":808},{"@type":"BreadcrumbList","@id":"https:\/\/staging.forenteforlag.no\/pax\/produkt\/vaeren-og-tid-2\/#breadcrumb","itemListElement":[{"@type":"ListItem","position":1,"name":"Hjem","item":"https:\/\/staging.forenteforlag.no\/pax\/"},{"@type":"ListItem","position":2,"name":"Alle b\u00f8ker","item":"https:\/\/staging.forenteforlag.no\/pax\/butikk\/"},{"@type":"ListItem","position":3,"name":"V\u00e6ren og tid"}]},{"@type":"WebSite","@id":"https:\/\/staging.forenteforlag.no\/pax\/#website","url":"https:\/\/staging.forenteforlag.no\/pax\/","name":"Pax","description":"","potentialAction":[{"@type":"SearchAction","target":{"@type":"EntryPoint","urlTemplate":"https:\/\/staging.forenteforlag.no\/pax\/?s={search_term_string}"},"query-input":{"@type":"PropertyValueSpecification","valueRequired":true,"valueName":"search_term_string"}}],"inLanguage":"nb-NO"}]}},"_links":{"self":[{"href":"https:\/\/staging.forenteforlag.no\/pax\/wp-json\/wp\/v2\/product\/20584","targetHints":{"allow":["GET"]}}],"collection":[{"href":"https:\/\/staging.forenteforlag.no\/pax\/wp-json\/wp\/v2\/product"}],"about":[{"href":"https:\/\/staging.forenteforlag.no\/pax\/wp-json\/wp\/v2\/types\/product"}],"wp:featuredmedia":[{"embeddable":true,"href":"https:\/\/staging.forenteforlag.no\/pax\/wp-json\/wp\/v2\/media\/29091"}],"wp:attachment":[{"href":"https:\/\/staging.forenteforlag.no\/pax\/wp-json\/wp\/v2\/media?parent=20584"}],"wp:term":[{"taxonomy":"product_brand","embeddable":true,"href":"https:\/\/staging.forenteforlag.no\/pax\/wp-json\/wp\/v2\/product_brand?post=20584"},{"taxonomy":"product_cat","embeddable":true,"href":"https:\/\/staging.forenteforlag.no\/pax\/wp-json\/wp\/v2\/product_cat?post=20584"},{"taxonomy":"product_tag","embeddable":true,"href":"https:\/\/staging.forenteforlag.no\/pax\/wp-json\/wp\/v2\/product_tag?post=20584"}],"curies":[{"name":"wp","href":"https:\/\/api.w.org\/{rel}","templated":true}]}}