{"id":20571,"date":"2024-12-10T23:51:11","date_gmt":"2024-12-10T22:51:11","guid":{"rendered":"https:\/\/pax.forenteforlag.no\/produkt\/moden-alder\/"},"modified":"2026-03-04T21:13:06","modified_gmt":"2026-03-04T20:13:06","slug":"moden-alder","status":"publish","type":"product","link":"https:\/\/staging.forenteforlag.no\/pax\/produkt\/moden-alder\/","title":{"rendered":"Moden alder"},"content":{"rendered":"<p>Simone de Beauvoir er ber\u00f8mt for Det annet kj\u00f8nn og for sine mange romaner. Moden alder (La force de l.\u00e2ge) er en fortsettelse av den popul\u00e6re oppvekstskildringen En veloppdragen pikes erindringer, som allerede er blitt oversatt og utgitt p\u00e5 Pax Forlag. Beauvoirs selvbiografiske b\u00f8ker er skoleeksempler p\u00e5 et eksistensialistisk selvstendighetsprosjekt. Flere av romanene hennes har riktignok ogs\u00e5 selvbiografiske trekk, men erindringsb\u00f8kene utgj\u00f8r en virkelig selvbiografi. En veloppdragen pikes erindringer f\u00f8rte frem til m\u00f8tet med kameraten, fagkollegaen og kj\u00e6resten Jean-Paul Sartre. I Moden alder fortsetter Beauvoir beretningen om sin egen utvikling som kvinne, tenker og samfunnsakt\u00f8r. Her er hun kommet til .skjels \u00e5r og alder. og er aktiv som filosof, feminist og forfatter. Hun skriver om erfaringene fra milj\u00f8et rundt tidsskriftet Les Temps Modernes (der hun selv, Sartre og Camus var sentrale akt\u00f8rer) og dr\u00f8fter utviklingen av eksistensialismen som filosofisk retning. Beauvoir reflekterer rundt diktningen, kvinnesaken og samfunnsinstitusjonene. Videre forteller hun om den politiske situasjonen i mellomkrigstidens Paris, livet p\u00e5 Caf\u00e9 de Flore og tilstanden i Europa f\u00f8r og under 2. verdenskrig. Ikke minst handler boken om \u00e5rene med Sartre: samarbeidet, samtalene, .pakten., vennene, engasjementet og reisene. Handlingen g\u00e5r frem til slutten av 2. verdenskrig, til frigj\u00f8ringen av Paris i 1944.<\/p>\n","protected":false},"excerpt":{"rendered":"<p>Simone de Beauvoir er ber\u00f8mt for Det annet kj\u00f8nn og for sine mange romaner. Moden alder (La force de l.\u00e2ge) er en fortsettelse av den popul\u00e6re oppvekstskildringen En veloppdragen pikes erindringer, som allerede er blitt oversatt og utgitt p\u00e5 Pax Forlag. Beauvoirs selvbiografiske b\u00f8ker er skoleeksempler p\u00e5 et eksistensialistisk selvstendighetsprosjekt. Flere av romanene hennes har [&hellip;]<\/p>\n","protected":false},"featured_media":28008,"template":"","meta":{"_acf_changed":false,"inline_featured_image":false},"product_brand":[],"product_cat":[1782],"product_tag":[362,379,413,777,417],"class_list":{"0":"post-20571","1":"product","2":"type-product","3":"status-publish","4":"has-post-thumbnail","6":"product_cat-fripris","7":"product_tag-faglitteratur","8":"product_tag-feminisme","9":"product_tag-forfattere","10":"product_tag-frankrike","11":"product_tag-selvbiografier","13":"first","14":"outofstock","15":"taxable","16":"shipping-taxable","17":"purchasable","18":"product-type-simple"},"acf":{"anmeldelse":null},"yoast_head":"<!-- This site is optimized with the Yoast SEO plugin v26.6 - https:\/\/yoast.com\/wordpress\/plugins\/seo\/ -->\n<title>Moden alder - Pax<\/title>\n<meta name=\"robots\" content=\"noindex, follow, max-snippet:-1, max-image-preview:large, max-video-preview:-1\" \/>\n<meta property=\"og:locale\" content=\"nb_NO\" \/>\n<meta property=\"og:type\" content=\"article\" \/>\n<meta property=\"og:title\" content=\"Moden alder - Pax\" \/>\n<meta property=\"og:description\" content=\"Simone de Beauvoir er ber\u00f8mt for Det annet kj\u00f8nn og for sine mange romaner. Moden alder (La force de l.\u00e2ge) er en fortsettelse av den popul\u00e6re oppvekstskildringen En veloppdragen pikes erindringer, som allerede er blitt oversatt og utgitt p\u00e5 Pax Forlag. Beauvoirs selvbiografiske b\u00f8ker er skoleeksempler p\u00e5 et eksistensialistisk selvstendighetsprosjekt. Flere av romanene hennes har [&hellip;]\" \/>\n<meta property=\"og:url\" content=\"https:\/\/staging.forenteforlag.no\/pax\/produkt\/moden-alder\/\" \/>\n<meta property=\"og:site_name\" content=\"Pax\" \/>\n<meta property=\"article:modified_time\" content=\"2026-03-04T20:13:06+00:00\" \/>\n<meta property=\"og:image\" content=\"https:\/\/staging.forenteforlag.no\/pax\/wp-content\/uploads\/sites\/5\/2025\/08\/jpg-5738.jpg\" \/>\n\t<meta property=\"og:image:width\" content=\"278\" \/>\n\t<meta property=\"og:image:height\" content=\"449\" \/>\n\t<meta property=\"og:image:type\" content=\"image\/jpeg\" \/>\n<meta name=\"twitter:card\" content=\"summary_large_image\" \/>\n<meta name=\"twitter:label1\" content=\"Ansl. lesetid\" \/>\n\t<meta name=\"twitter:data1\" content=\"1 minutt\" \/>\n<script type=\"application\/ld+json\" class=\"yoast-schema-graph\">{\"@context\":\"https:\/\/schema.org\",\"@graph\":[{\"@type\":\"WebPage\",\"@id\":\"https:\/\/staging.forenteforlag.no\/pax\/produkt\/moden-alder\/\",\"url\":\"https:\/\/staging.forenteforlag.no\/pax\/produkt\/moden-alder\/\",\"name\":\"Moden alder - Pax\",\"isPartOf\":{\"@id\":\"https:\/\/staging.forenteforlag.no\/pax\/#website\"},\"primaryImageOfPage\":{\"@id\":\"https:\/\/staging.forenteforlag.no\/pax\/produkt\/moden-alder\/#primaryimage\"},\"image\":{\"@id\":\"https:\/\/staging.forenteforlag.no\/pax\/produkt\/moden-alder\/#primaryimage\"},\"thumbnailUrl\":\"https:\/\/staging.forenteforlag.no\/pax\/wp-content\/uploads\/sites\/5\/2025\/08\/jpg-5738.jpg\",\"datePublished\":\"2024-12-10T22:51:11+00:00\",\"dateModified\":\"2026-03-04T20:13:06+00:00\",\"breadcrumb\":{\"@id\":\"https:\/\/staging.forenteforlag.no\/pax\/produkt\/moden-alder\/#breadcrumb\"},\"inLanguage\":\"nb-NO\",\"potentialAction\":[{\"@type\":\"ReadAction\",\"target\":[\"https:\/\/staging.forenteforlag.no\/pax\/produkt\/moden-alder\/\"]}]},{\"@type\":\"ImageObject\",\"inLanguage\":\"nb-NO\",\"@id\":\"https:\/\/staging.forenteforlag.no\/pax\/produkt\/moden-alder\/#primaryimage\",\"url\":\"https:\/\/staging.forenteforlag.no\/pax\/wp-content\/uploads\/sites\/5\/2025\/08\/jpg-5738.jpg\",\"contentUrl\":\"https:\/\/staging.forenteforlag.no\/pax\/wp-content\/uploads\/sites\/5\/2025\/08\/jpg-5738.jpg\",\"width\":278,\"height\":449},{\"@type\":\"BreadcrumbList\",\"@id\":\"https:\/\/staging.forenteforlag.no\/pax\/produkt\/moden-alder\/#breadcrumb\",\"itemListElement\":[{\"@type\":\"ListItem\",\"position\":1,\"name\":\"Hjem\",\"item\":\"https:\/\/staging.forenteforlag.no\/pax\/\"},{\"@type\":\"ListItem\",\"position\":2,\"name\":\"Alle b\u00f8ker\",\"item\":\"https:\/\/staging.forenteforlag.no\/pax\/butikk\/\"},{\"@type\":\"ListItem\",\"position\":3,\"name\":\"Moden alder\"}]},{\"@type\":\"WebSite\",\"@id\":\"https:\/\/staging.forenteforlag.no\/pax\/#website\",\"url\":\"https:\/\/staging.forenteforlag.no\/pax\/\",\"name\":\"Pax\",\"description\":\"\",\"potentialAction\":[{\"@type\":\"SearchAction\",\"target\":{\"@type\":\"EntryPoint\",\"urlTemplate\":\"https:\/\/staging.forenteforlag.no\/pax\/?s={search_term_string}\"},\"query-input\":{\"@type\":\"PropertyValueSpecification\",\"valueRequired\":true,\"valueName\":\"search_term_string\"}}],\"inLanguage\":\"nb-NO\"}]}<\/script>\n<!-- \/ Yoast SEO plugin. -->","yoast_head_json":{"title":"Moden alder - Pax","robots":{"index":"noindex","follow":"follow","max-snippet":"max-snippet:-1","max-image-preview":"max-image-preview:large","max-video-preview":"max-video-preview:-1"},"og_locale":"nb_NO","og_type":"article","og_title":"Moden alder - Pax","og_description":"Simone de Beauvoir er ber\u00f8mt for Det annet kj\u00f8nn og for sine mange romaner. Moden alder (La force de l.\u00e2ge) er en fortsettelse av den popul\u00e6re oppvekstskildringen En veloppdragen pikes erindringer, som allerede er blitt oversatt og utgitt p\u00e5 Pax Forlag. Beauvoirs selvbiografiske b\u00f8ker er skoleeksempler p\u00e5 et eksistensialistisk selvstendighetsprosjekt. Flere av romanene hennes har [&hellip;]","og_url":"https:\/\/staging.forenteforlag.no\/pax\/produkt\/moden-alder\/","og_site_name":"Pax","article_modified_time":"2026-03-04T20:13:06+00:00","og_image":[{"width":278,"height":449,"url":"https:\/\/staging.forenteforlag.no\/pax\/wp-content\/uploads\/sites\/5\/2025\/08\/jpg-5738.jpg","type":"image\/jpeg"}],"twitter_card":"summary_large_image","twitter_misc":{"Ansl. lesetid":"1 minutt"},"schema":{"@context":"https:\/\/schema.org","@graph":[{"@type":"WebPage","@id":"https:\/\/staging.forenteforlag.no\/pax\/produkt\/moden-alder\/","url":"https:\/\/staging.forenteforlag.no\/pax\/produkt\/moden-alder\/","name":"Moden alder - Pax","isPartOf":{"@id":"https:\/\/staging.forenteforlag.no\/pax\/#website"},"primaryImageOfPage":{"@id":"https:\/\/staging.forenteforlag.no\/pax\/produkt\/moden-alder\/#primaryimage"},"image":{"@id":"https:\/\/staging.forenteforlag.no\/pax\/produkt\/moden-alder\/#primaryimage"},"thumbnailUrl":"https:\/\/staging.forenteforlag.no\/pax\/wp-content\/uploads\/sites\/5\/2025\/08\/jpg-5738.jpg","datePublished":"2024-12-10T22:51:11+00:00","dateModified":"2026-03-04T20:13:06+00:00","breadcrumb":{"@id":"https:\/\/staging.forenteforlag.no\/pax\/produkt\/moden-alder\/#breadcrumb"},"inLanguage":"nb-NO","potentialAction":[{"@type":"ReadAction","target":["https:\/\/staging.forenteforlag.no\/pax\/produkt\/moden-alder\/"]}]},{"@type":"ImageObject","inLanguage":"nb-NO","@id":"https:\/\/staging.forenteforlag.no\/pax\/produkt\/moden-alder\/#primaryimage","url":"https:\/\/staging.forenteforlag.no\/pax\/wp-content\/uploads\/sites\/5\/2025\/08\/jpg-5738.jpg","contentUrl":"https:\/\/staging.forenteforlag.no\/pax\/wp-content\/uploads\/sites\/5\/2025\/08\/jpg-5738.jpg","width":278,"height":449},{"@type":"BreadcrumbList","@id":"https:\/\/staging.forenteforlag.no\/pax\/produkt\/moden-alder\/#breadcrumb","itemListElement":[{"@type":"ListItem","position":1,"name":"Hjem","item":"https:\/\/staging.forenteforlag.no\/pax\/"},{"@type":"ListItem","position":2,"name":"Alle b\u00f8ker","item":"https:\/\/staging.forenteforlag.no\/pax\/butikk\/"},{"@type":"ListItem","position":3,"name":"Moden alder"}]},{"@type":"WebSite","@id":"https:\/\/staging.forenteforlag.no\/pax\/#website","url":"https:\/\/staging.forenteforlag.no\/pax\/","name":"Pax","description":"","potentialAction":[{"@type":"SearchAction","target":{"@type":"EntryPoint","urlTemplate":"https:\/\/staging.forenteforlag.no\/pax\/?s={search_term_string}"},"query-input":{"@type":"PropertyValueSpecification","valueRequired":true,"valueName":"search_term_string"}}],"inLanguage":"nb-NO"}]}},"_links":{"self":[{"href":"https:\/\/staging.forenteforlag.no\/pax\/wp-json\/wp\/v2\/product\/20571","targetHints":{"allow":["GET"]}}],"collection":[{"href":"https:\/\/staging.forenteforlag.no\/pax\/wp-json\/wp\/v2\/product"}],"about":[{"href":"https:\/\/staging.forenteforlag.no\/pax\/wp-json\/wp\/v2\/types\/product"}],"wp:featuredmedia":[{"embeddable":true,"href":"https:\/\/staging.forenteforlag.no\/pax\/wp-json\/wp\/v2\/media\/28008"}],"wp:attachment":[{"href":"https:\/\/staging.forenteforlag.no\/pax\/wp-json\/wp\/v2\/media?parent=20571"}],"wp:term":[{"taxonomy":"product_brand","embeddable":true,"href":"https:\/\/staging.forenteforlag.no\/pax\/wp-json\/wp\/v2\/product_brand?post=20571"},{"taxonomy":"product_cat","embeddable":true,"href":"https:\/\/staging.forenteforlag.no\/pax\/wp-json\/wp\/v2\/product_cat?post=20571"},{"taxonomy":"product_tag","embeddable":true,"href":"https:\/\/staging.forenteforlag.no\/pax\/wp-json\/wp\/v2\/product_tag?post=20571"}],"curies":[{"name":"wp","href":"https:\/\/api.w.org\/{rel}","templated":true}]}}

<p>Simone de Beauvoir er berømt for Det annet kjønn og for sine mange romaner. Moden alder (La force de l.âge) er en fortsettelse av den populære oppvekstskildringen En veloppdragen pikes erindringer, som allerede er blitt oversatt og utgitt på Pax Forlag. Beauvoirs selvbiografiske bøker er skoleeksempler på et eksistensialistisk selvstendighetsprosjekt. Flere av romanene hennes har riktignok også selvbiografiske trekk, men erindringsbøkene utgjør en virkelig selvbiografi. En veloppdragen pikes erindringer førte frem til møtet med kameraten, fagkollegaen og kjæresten Jean-Paul Sartre. I Moden alder fortsetter Beauvoir beretningen om sin egen utvikling som kvinne, tenker og samfunnsaktør. Her er hun kommet til .skjels år og alder. og er aktiv som filosof, feminist og forfatter. Hun skriver om erfaringene fra miljøet rundt tidsskriftet Les Temps Modernes (der hun selv, Sartre og Camus var sentrale aktører) og drøfter utviklingen av eksistensialismen som filosofisk retning. Beauvoir reflekterer rundt diktningen, kvinnesaken og samfunnsinstitusjonene. Videre forteller hun om den politiske situasjonen i mellomkrigstidens Paris, livet på Café de Flore og tilstanden i Europa før og under 2. verdenskrig. Ikke minst handler boken om årene med Sartre: samarbeidet, samtalene, .pakten., vennene, engasjementet og reisene. Handlingen går frem til slutten av 2. verdenskrig, til frigjøringen av Paris i 1944.</p>

<p>Simone de Beauvoir er berømt for Det annet kjønn og for sine mange romaner. Moden alder (La force de l.âge) er en fortsettelse av den populære oppvekstskildringen En veloppdragen pikes erindringer, som allerede er blitt oversatt og utgitt på Pax Forlag. Beauvoirs selvbiografiske bøker er skoleeksempler på et eksistensialistisk selvstendighetsprosjekt. Flere av romanene hennes har [&hellip;]</p>

<!-- This site is optimized with the Yoast SEO plugin v26.6 - https://yoast.com/wordpress/plugins/seo/ -->
<title>Moden alder - Pax</title>
<meta name="robots" content="noindex, follow, max-snippet:-1, max-image-preview:large, max-video-preview:-1" />
<meta property="og:locale" content="nb_NO" />
<meta property="og:type" content="article" />
<meta property="og:title" content="Moden alder - Pax" />
<meta property="og:description" content="Simone de Beauvoir er berømt for Det annet kjønn og for sine mange romaner. Moden alder (La force de l.âge) er en fortsettelse av den populære oppvekstskildringen En veloppdragen pikes erindringer, som allerede er blitt oversatt og utgitt på Pax Forlag. Beauvoirs selvbiografiske bøker er skoleeksempler på et eksistensialistisk selvstendighetsprosjekt. Flere av romanene hennes har [&hellip;]" />
<meta property="og:url" content="https://staging.forenteforlag.no/pax/produkt/moden-alder/" />
<meta property="og:site_name" content="Pax" />
<meta property="article:modified_time" content="2026-03-04T20:13:06+00:00" />
<meta property="og:image" content="https://staging.forenteforlag.no/pax/wp-content/uploads/sites/5/2025/08/jpg-5738.jpg" />
	<meta property="og:image:width" content="278" />
	<meta property="og:image:height" content="449" />
	<meta property="og:image:type" content="image/jpeg" />
<meta name="twitter:card" content="summary_large_image" />
<meta name="twitter:label1" content="Ansl. lesetid" />
	<meta name="twitter:data1" content="1 minutt" />
<script type="application/ld+json" class="yoast-schema-graph">{"@context":"https://schema.org","@graph":[{"@type":"WebPage","@id":"https://staging.forenteforlag.no/pax/produkt/moden-alder/","url":"https://staging.forenteforlag.no/pax/produkt/moden-alder/","name":"Moden alder - Pax","isPartOf":{"@id":"https://staging.forenteforlag.no/pax/#website"},"primaryImageOfPage":{"@id":"https://staging.forenteforlag.no/pax/produkt/moden-alder/#primaryimage"},"image":{"@id":"https://staging.forenteforlag.no/pax/produkt/moden-alder/#primaryimage"},"thumbnailUrl":"https://staging.forenteforlag.no/pax/wp-content/uploads/sites/5/2025/08/jpg-5738.jpg","datePublished":"2024-12-10T22:51:11+00:00","dateModified":"2026-03-04T20:13:06+00:00","breadcrumb":{"@id":"https://staging.forenteforlag.no/pax/produkt/moden-alder/#breadcrumb"},"inLanguage":"nb-NO","potentialAction":[{"@type":"ReadAction","target":["https://staging.forenteforlag.no/pax/produkt/moden-alder/"]}]},{"@type":"ImageObject","inLanguage":"nb-NO","@id":"https://staging.forenteforlag.no/pax/produkt/moden-alder/#primaryimage","url":"https://staging.forenteforlag.no/pax/wp-content/uploads/sites/5/2025/08/jpg-5738.jpg","contentUrl":"https://staging.forenteforlag.no/pax/wp-content/uploads/sites/5/2025/08/jpg-5738.jpg","width":278,"height":449},{"@type":"BreadcrumbList","@id":"https://staging.forenteforlag.no/pax/produkt/moden-alder/#breadcrumb","itemListElement":[{"@type":"ListItem","position":1,"name":"Hjem","item":"https://staging.forenteforlag.no/pax/"},{"@type":"ListItem","position":2,"name":"Alle bøker","item":"https://staging.forenteforlag.no/pax/butikk/"},{"@type":"ListItem","position":3,"name":"Moden alder"}]},{"@type":"WebSite","@id":"https://staging.forenteforlag.no/pax/#website","url":"https://staging.forenteforlag.no/pax/","name":"Pax","description":"","potentialAction":[{"@type":"SearchAction","target":{"@type":"EntryPoint","urlTemplate":"https://staging.forenteforlag.no/pax/?s={search_term_string}"},"query-input":{"@type":"PropertyValueSpecification","valueRequired":true,"valueName":"search_term_string"}}],"inLanguage":"nb-NO"}]}</script>
<!-- / Yoast SEO plugin. -->

Simone de Beauvoir er berømt for Det annet kjønn og for sine mange romaner. Moden alder (La force de l.âge) er en fortsettelse av den populære oppvekstskildringen En veloppdragen pikes erindringer, som allerede er blitt oversatt og utgitt på Pax Forlag. Beauvoirs selvbiografiske bøker er skoleeksempler på et eksistensialistisk selvstendighetsprosjekt. Flere av romanene hennes har [&hellip;]

Alle bøker
