{"id":20560,"date":"2019-06-12T02:00:00","date_gmt":"2019-06-12T00:00:00","guid":{"rendered":"https:\/\/pax.forenteforlag.no\/produkt\/samfunnsbyggeren\/"},"modified":"2025-08-27T09:51:54","modified_gmt":"2025-08-27T07:51:54","slug":"samfunnsbyggeren","status":"publish","type":"product","link":"https:\/\/staging.forenteforlag.no\/pax\/produkt\/samfunnsbyggeren\/","title":{"rendered":"Samfunnsbyggeren"},"content":{"rendered":"<p>Kan vi tenke oss en verden uten elektrisitet? En tilv\u00e6relse uten lamper, gatelys og opplysning &#8211; der sola, v\u00e6ret og d\u00f8gnets tider bestemmer hvor lyst det skal v\u00e6re? For hundre \u00e5r siden var dette hverdagen for innbyggerne i Nord-Tr\u00f8ndelag. Men s\u00e5, med teknologiens tryllekunst og en enkel bryter, kastet ei spinkel gl\u00f8dep\u00e6re lys over omgivelsene og framtida. <\/p>\n<p>Denne boka handler om Nord-Tr\u00f8ndelag Elektrisitetsverk og elektrisitetens betydning i Nord-Tr\u00f8ndelag. NTE har formet dette fylket, men ogs\u00e5 omvendt: Nord-Tr\u00f8ndelag som samfunn har preget bedriften NTE og bidratt til \u00e5 reise et byggverk som har st\u00e5tt st\u00f8dig i et helt \u00e5rhundre. <\/p>\n<p>For elektrisitet er mer enn lys i hver stue. Det er industri og arbeidsplasser, n\u00e6ringsutvikling og vekstdr\u00f8mmer, det er store anlegg og naturinngrep, mobiltelefoner, elbiler og andre former for kommunikasjon, det er str\u00f8mstyring og smartm\u00e5lere. Elektrisitet er forming av samfunn. Alt sammen skyldes at vann &#8211; og etter hvert ogs\u00e5 andre energikilder &#8211; kan brukes til \u00e5 lage lys, varme og kraft. NTEs historie er ei fortelling om all denne krafta som n\u00e5 er blitt selvf\u00f8lgelig, men som har revolusjonert hverdagen i Nord-Tr\u00f8ndelag, som p\u00e5 andre steder.<\/p>\n","protected":false},"excerpt":{"rendered":"<p>Kan vi tenke oss en verden uten elektrisitet? En tilv\u00e6relse uten lamper, gatelys og opplysning &#8211; der sola, v\u00e6ret og d\u00f8gnets tider bestemmer hvor lyst det skal v\u00e6re? For hundre \u00e5r siden var dette hverdagen for innbyggerne i Nord-Tr\u00f8ndelag. Men s\u00e5, med teknologiens tryllekunst og en enkel bryter, kastet ei spinkel gl\u00f8dep\u00e6re lys over omgivelsene [&hellip;]<\/p>\n","protected":false},"featured_media":28565,"template":"","meta":{"_acf_changed":false,"inline_featured_image":false},"product_brand":[],"product_cat":[20,1782],"product_tag":[1685,362,437,525,1015],"class_list":{"0":"post-20560","1":"product","2":"type-product","3":"status-publish","4":"has-post-thumbnail","6":"product_cat-biografier-og-memoarer","7":"product_cat-fripris","8":"product_tag-elektrisitet","9":"product_tag-faglitteratur","10":"product_tag-jubileumsboker","11":"product_tag-lokalhistorie","12":"product_tag-nord-trondelag","13":"pa_format-innbundet","15":"first","16":"instock","17":"shipping-taxable","18":"purchasable","19":"product-type-simple"},"acf":{"anmeldelse":null},"yoast_head":"<!-- This site is optimized with the Yoast SEO plugin v26.6 - https:\/\/yoast.com\/wordpress\/plugins\/seo\/ -->\n<title>Samfunnsbyggeren - Pax<\/title>\n<meta name=\"robots\" content=\"noindex, follow, max-snippet:-1, max-image-preview:large, max-video-preview:-1\" \/>\n<meta property=\"og:locale\" content=\"nb_NO\" \/>\n<meta property=\"og:type\" content=\"article\" \/>\n<meta property=\"og:title\" content=\"Samfunnsbyggeren - Pax\" \/>\n<meta property=\"og:description\" content=\"Kan vi tenke oss en verden uten elektrisitet? En tilv\u00e6relse uten lamper, gatelys og opplysning &#8211; der sola, v\u00e6ret og d\u00f8gnets tider bestemmer hvor lyst det skal v\u00e6re? For hundre \u00e5r siden var dette hverdagen for innbyggerne i Nord-Tr\u00f8ndelag. Men s\u00e5, med teknologiens tryllekunst og en enkel bryter, kastet ei spinkel gl\u00f8dep\u00e6re lys over omgivelsene [&hellip;]\" \/>\n<meta property=\"og:url\" content=\"https:\/\/staging.forenteforlag.no\/pax\/produkt\/samfunnsbyggeren\/\" \/>\n<meta property=\"og:site_name\" content=\"Pax\" \/>\n<meta property=\"article:modified_time\" content=\"2025-08-27T07:51:54+00:00\" \/>\n<meta property=\"og:image\" content=\"https:\/\/staging.forenteforlag.no\/pax\/wp-content\/uploads\/sites\/5\/2025\/08\/jpg-7323-scaled-1-scaled.jpg\" \/>\n\t<meta property=\"og:image:width\" content=\"1920\" \/>\n\t<meta property=\"og:image:height\" content=\"1830\" \/>\n\t<meta property=\"og:image:type\" content=\"image\/jpeg\" \/>\n<meta name=\"twitter:card\" content=\"summary_large_image\" \/>\n<meta name=\"twitter:label1\" content=\"Ansl. lesetid\" \/>\n\t<meta name=\"twitter:data1\" content=\"1 minutt\" \/>\n<script type=\"application\/ld+json\" class=\"yoast-schema-graph\">{\"@context\":\"https:\/\/schema.org\",\"@graph\":[{\"@type\":\"WebPage\",\"@id\":\"https:\/\/staging.forenteforlag.no\/pax\/produkt\/samfunnsbyggeren\/\",\"url\":\"https:\/\/staging.forenteforlag.no\/pax\/produkt\/samfunnsbyggeren\/\",\"name\":\"Samfunnsbyggeren - Pax\",\"isPartOf\":{\"@id\":\"https:\/\/staging.forenteforlag.no\/pax\/#website\"},\"primaryImageOfPage\":{\"@id\":\"https:\/\/staging.forenteforlag.no\/pax\/produkt\/samfunnsbyggeren\/#primaryimage\"},\"image\":{\"@id\":\"https:\/\/staging.forenteforlag.no\/pax\/produkt\/samfunnsbyggeren\/#primaryimage\"},\"thumbnailUrl\":\"https:\/\/staging.forenteforlag.no\/pax\/wp-content\/uploads\/sites\/5\/2025\/08\/jpg-7323-scaled-1-scaled.jpg\",\"datePublished\":\"2019-06-12T00:00:00+00:00\",\"dateModified\":\"2025-08-27T07:51:54+00:00\",\"breadcrumb\":{\"@id\":\"https:\/\/staging.forenteforlag.no\/pax\/produkt\/samfunnsbyggeren\/#breadcrumb\"},\"inLanguage\":\"nb-NO\",\"potentialAction\":[{\"@type\":\"ReadAction\",\"target\":[\"https:\/\/staging.forenteforlag.no\/pax\/produkt\/samfunnsbyggeren\/\"]}]},{\"@type\":\"ImageObject\",\"inLanguage\":\"nb-NO\",\"@id\":\"https:\/\/staging.forenteforlag.no\/pax\/produkt\/samfunnsbyggeren\/#primaryimage\",\"url\":\"https:\/\/staging.forenteforlag.no\/pax\/wp-content\/uploads\/sites\/5\/2025\/08\/jpg-7323-scaled-1-scaled.jpg\",\"contentUrl\":\"https:\/\/staging.forenteforlag.no\/pax\/wp-content\/uploads\/sites\/5\/2025\/08\/jpg-7323-scaled-1-scaled.jpg\",\"width\":1920,\"height\":1830},{\"@type\":\"BreadcrumbList\",\"@id\":\"https:\/\/staging.forenteforlag.no\/pax\/produkt\/samfunnsbyggeren\/#breadcrumb\",\"itemListElement\":[{\"@type\":\"ListItem\",\"position\":1,\"name\":\"Hjem\",\"item\":\"https:\/\/staging.forenteforlag.no\/pax\/\"},{\"@type\":\"ListItem\",\"position\":2,\"name\":\"Alle b\u00f8ker\",\"item\":\"https:\/\/staging.forenteforlag.no\/pax\/butikk\/\"},{\"@type\":\"ListItem\",\"position\":3,\"name\":\"Samfunnsbyggeren\"}]},{\"@type\":\"WebSite\",\"@id\":\"https:\/\/staging.forenteforlag.no\/pax\/#website\",\"url\":\"https:\/\/staging.forenteforlag.no\/pax\/\",\"name\":\"Pax\",\"description\":\"\",\"potentialAction\":[{\"@type\":\"SearchAction\",\"target\":{\"@type\":\"EntryPoint\",\"urlTemplate\":\"https:\/\/staging.forenteforlag.no\/pax\/?s={search_term_string}\"},\"query-input\":{\"@type\":\"PropertyValueSpecification\",\"valueRequired\":true,\"valueName\":\"search_term_string\"}}],\"inLanguage\":\"nb-NO\"}]}<\/script>\n<!-- \/ Yoast SEO plugin. -->","yoast_head_json":{"title":"Samfunnsbyggeren - Pax","robots":{"index":"noindex","follow":"follow","max-snippet":"max-snippet:-1","max-image-preview":"max-image-preview:large","max-video-preview":"max-video-preview:-1"},"og_locale":"nb_NO","og_type":"article","og_title":"Samfunnsbyggeren - Pax","og_description":"Kan vi tenke oss en verden uten elektrisitet? En tilv\u00e6relse uten lamper, gatelys og opplysning &#8211; der sola, v\u00e6ret og d\u00f8gnets tider bestemmer hvor lyst det skal v\u00e6re? For hundre \u00e5r siden var dette hverdagen for innbyggerne i Nord-Tr\u00f8ndelag. Men s\u00e5, med teknologiens tryllekunst og en enkel bryter, kastet ei spinkel gl\u00f8dep\u00e6re lys over omgivelsene [&hellip;]","og_url":"https:\/\/staging.forenteforlag.no\/pax\/produkt\/samfunnsbyggeren\/","og_site_name":"Pax","article_modified_time":"2025-08-27T07:51:54+00:00","og_image":[{"width":1920,"height":1830,"url":"https:\/\/staging.forenteforlag.no\/pax\/wp-content\/uploads\/sites\/5\/2025\/08\/jpg-7323-scaled-1-scaled.jpg","type":"image\/jpeg"}],"twitter_card":"summary_large_image","twitter_misc":{"Ansl. lesetid":"1 minutt"},"schema":{"@context":"https:\/\/schema.org","@graph":[{"@type":"WebPage","@id":"https:\/\/staging.forenteforlag.no\/pax\/produkt\/samfunnsbyggeren\/","url":"https:\/\/staging.forenteforlag.no\/pax\/produkt\/samfunnsbyggeren\/","name":"Samfunnsbyggeren - Pax","isPartOf":{"@id":"https:\/\/staging.forenteforlag.no\/pax\/#website"},"primaryImageOfPage":{"@id":"https:\/\/staging.forenteforlag.no\/pax\/produkt\/samfunnsbyggeren\/#primaryimage"},"image":{"@id":"https:\/\/staging.forenteforlag.no\/pax\/produkt\/samfunnsbyggeren\/#primaryimage"},"thumbnailUrl":"https:\/\/staging.forenteforlag.no\/pax\/wp-content\/uploads\/sites\/5\/2025\/08\/jpg-7323-scaled-1-scaled.jpg","datePublished":"2019-06-12T00:00:00+00:00","dateModified":"2025-08-27T07:51:54+00:00","breadcrumb":{"@id":"https:\/\/staging.forenteforlag.no\/pax\/produkt\/samfunnsbyggeren\/#breadcrumb"},"inLanguage":"nb-NO","potentialAction":[{"@type":"ReadAction","target":["https:\/\/staging.forenteforlag.no\/pax\/produkt\/samfunnsbyggeren\/"]}]},{"@type":"ImageObject","inLanguage":"nb-NO","@id":"https:\/\/staging.forenteforlag.no\/pax\/produkt\/samfunnsbyggeren\/#primaryimage","url":"https:\/\/staging.forenteforlag.no\/pax\/wp-content\/uploads\/sites\/5\/2025\/08\/jpg-7323-scaled-1-scaled.jpg","contentUrl":"https:\/\/staging.forenteforlag.no\/pax\/wp-content\/uploads\/sites\/5\/2025\/08\/jpg-7323-scaled-1-scaled.jpg","width":1920,"height":1830},{"@type":"BreadcrumbList","@id":"https:\/\/staging.forenteforlag.no\/pax\/produkt\/samfunnsbyggeren\/#breadcrumb","itemListElement":[{"@type":"ListItem","position":1,"name":"Hjem","item":"https:\/\/staging.forenteforlag.no\/pax\/"},{"@type":"ListItem","position":2,"name":"Alle b\u00f8ker","item":"https:\/\/staging.forenteforlag.no\/pax\/butikk\/"},{"@type":"ListItem","position":3,"name":"Samfunnsbyggeren"}]},{"@type":"WebSite","@id":"https:\/\/staging.forenteforlag.no\/pax\/#website","url":"https:\/\/staging.forenteforlag.no\/pax\/","name":"Pax","description":"","potentialAction":[{"@type":"SearchAction","target":{"@type":"EntryPoint","urlTemplate":"https:\/\/staging.forenteforlag.no\/pax\/?s={search_term_string}"},"query-input":{"@type":"PropertyValueSpecification","valueRequired":true,"valueName":"search_term_string"}}],"inLanguage":"nb-NO"}]}},"_links":{"self":[{"href":"https:\/\/staging.forenteforlag.no\/pax\/wp-json\/wp\/v2\/product\/20560","targetHints":{"allow":["GET"]}}],"collection":[{"href":"https:\/\/staging.forenteforlag.no\/pax\/wp-json\/wp\/v2\/product"}],"about":[{"href":"https:\/\/staging.forenteforlag.no\/pax\/wp-json\/wp\/v2\/types\/product"}],"wp:featuredmedia":[{"embeddable":true,"href":"https:\/\/staging.forenteforlag.no\/pax\/wp-json\/wp\/v2\/media\/28565"}],"wp:attachment":[{"href":"https:\/\/staging.forenteforlag.no\/pax\/wp-json\/wp\/v2\/media?parent=20560"}],"wp:term":[{"taxonomy":"product_brand","embeddable":true,"href":"https:\/\/staging.forenteforlag.no\/pax\/wp-json\/wp\/v2\/product_brand?post=20560"},{"taxonomy":"product_cat","embeddable":true,"href":"https:\/\/staging.forenteforlag.no\/pax\/wp-json\/wp\/v2\/product_cat?post=20560"},{"taxonomy":"product_tag","embeddable":true,"href":"https:\/\/staging.forenteforlag.no\/pax\/wp-json\/wp\/v2\/product_tag?post=20560"}],"curies":[{"name":"wp","href":"https:\/\/api.w.org\/{rel}","templated":true}]}}