{"id":20550,"date":"2019-06-11T02:00:00","date_gmt":"2019-06-11T00:00:00","guid":{"rendered":"https:\/\/pax.forenteforlag.no\/produkt\/frie-ord-i-norden\/"},"modified":"2025-09-02T08:00:02","modified_gmt":"2025-09-02T06:00:02","slug":"frie-ord-i-norden","status":"publish","type":"product","link":"https:\/\/staging.forenteforlag.no\/pax\/produkt\/frie-ord-i-norden\/","title":{"rendered":"Frie ord i Norden?"},"content":{"rendered":"<p>Frie ord i Norden? \u00abTrykkefrihed b\u00f8r finde sted\u00bb het det i den norske Grunnloven av 1814, men ytringsfriheten har alltid hatt begrensninger, og offentligheten har aldri v\u00e6rt like tilgjengelig for alle. Hva var vilk\u00e5rene for fremveksten av offentlighet og ytringsfrihet i de nordiske landene gjennom det avgj\u00f8rende 1800-tallet? I denne boken dr\u00f8fter en rekke nordiske forskere ulike sider ved denne historien. Det er en historie om konfliktfylte sp\u00f8rsm\u00e5l og motstridende interesser, om gradvise endringer og tilbakeslag, men ogs\u00e5 om fremvekst av en friere offentlighet for stadig flere medborgere. Det er ogs\u00e5 en historie om kontakt og konflikt, om paralleller og forskjeller mellom de nordiske landene, om europeisk innflytelse og om transatlantisk utveksling. Frie ord i Norden kan ikke tas for gitt. Det viser med all tydelighet den nordiske historien som er denne bokens tema.<\/p>\n","protected":false},"excerpt":{"rendered":"<p>Frie ord i Norden? \u00abTrykkefrihed b\u00f8r finde sted\u00bb het det i den norske Grunnloven av 1814, men ytringsfriheten har alltid hatt begrensninger, og offentligheten har aldri v\u00e6rt like tilgjengelig for alle. Hva var vilk\u00e5rene for fremveksten av offentlighet og ytringsfrihet i de nordiske landene gjennom det avgj\u00f8rende 1800-tallet? I denne boken dr\u00f8fter en rekke nordiske [&hellip;]<\/p>\n","protected":false},"featured_media":28108,"template":"","meta":{"_acf_changed":false,"inline_featured_image":false},"product_brand":[],"product_cat":[1782,23],"product_tag":[394,397,362,502,460,599,695],"class_list":{"0":"post-20550","1":"product","2":"type-product","3":"status-publish","4":"has-post-thumbnail","6":"product_cat-fripris","7":"product_cat-historie","8":"product_tag-1800-tallet","9":"product_tag-1900-1914","10":"product_tag-faglitteratur","11":"product_tag-laereboker-hoyere-utd","12":"product_tag-norden","13":"product_tag-rettshistorie","14":"product_tag-ytringsfrihet","15":"pa_format-innbundet","17":"first","18":"instock","19":"shipping-taxable","20":"purchasable","21":"product-type-simple"},"acf":{"anmeldelse":null},"yoast_head":"<!-- This site is optimized with the Yoast SEO plugin v26.6 - https:\/\/yoast.com\/wordpress\/plugins\/seo\/ -->\n<title>Frie ord i Norden? - Pax<\/title>\n<meta name=\"robots\" content=\"noindex, follow, max-snippet:-1, max-image-preview:large, max-video-preview:-1\" \/>\n<meta property=\"og:locale\" content=\"nb_NO\" \/>\n<meta property=\"og:type\" content=\"article\" \/>\n<meta property=\"og:title\" content=\"Frie ord i Norden? - Pax\" \/>\n<meta property=\"og:description\" content=\"Frie ord i Norden? \u00abTrykkefrihed b\u00f8r finde sted\u00bb het det i den norske Grunnloven av 1814, men ytringsfriheten har alltid hatt begrensninger, og offentligheten har aldri v\u00e6rt like tilgjengelig for alle. Hva var vilk\u00e5rene for fremveksten av offentlighet og ytringsfrihet i de nordiske landene gjennom det avgj\u00f8rende 1800-tallet? I denne boken dr\u00f8fter en rekke nordiske [&hellip;]\" \/>\n<meta property=\"og:url\" content=\"https:\/\/staging.forenteforlag.no\/pax\/produkt\/frie-ord-i-norden\/\" \/>\n<meta property=\"og:site_name\" content=\"Pax\" \/>\n<meta property=\"article:modified_time\" content=\"2025-09-02T06:00:02+00:00\" \/>\n<meta property=\"og:image\" content=\"https:\/\/staging.forenteforlag.no\/pax\/wp-content\/uploads\/sites\/5\/2025\/08\/jpg-6027.jpg\" \/>\n\t<meta property=\"og:image:width\" content=\"529\" \/>\n\t<meta property=\"og:image:height\" content=\"768\" \/>\n\t<meta property=\"og:image:type\" content=\"image\/jpeg\" \/>\n<meta name=\"twitter:card\" content=\"summary_large_image\" \/>\n<meta name=\"twitter:label1\" content=\"Ansl. lesetid\" \/>\n\t<meta name=\"twitter:data1\" content=\"1 minutt\" \/>\n<script type=\"application\/ld+json\" class=\"yoast-schema-graph\">{\"@context\":\"https:\/\/schema.org\",\"@graph\":[{\"@type\":\"WebPage\",\"@id\":\"https:\/\/staging.forenteforlag.no\/pax\/produkt\/frie-ord-i-norden\/\",\"url\":\"https:\/\/staging.forenteforlag.no\/pax\/produkt\/frie-ord-i-norden\/\",\"name\":\"Frie ord i Norden? - Pax\",\"isPartOf\":{\"@id\":\"https:\/\/staging.forenteforlag.no\/pax\/#website\"},\"primaryImageOfPage\":{\"@id\":\"https:\/\/staging.forenteforlag.no\/pax\/produkt\/frie-ord-i-norden\/#primaryimage\"},\"image\":{\"@id\":\"https:\/\/staging.forenteforlag.no\/pax\/produkt\/frie-ord-i-norden\/#primaryimage\"},\"thumbnailUrl\":\"https:\/\/staging.forenteforlag.no\/pax\/wp-content\/uploads\/sites\/5\/2025\/08\/jpg-6027.jpg\",\"datePublished\":\"2019-06-11T00:00:00+00:00\",\"dateModified\":\"2025-09-02T06:00:02+00:00\",\"breadcrumb\":{\"@id\":\"https:\/\/staging.forenteforlag.no\/pax\/produkt\/frie-ord-i-norden\/#breadcrumb\"},\"inLanguage\":\"nb-NO\",\"potentialAction\":[{\"@type\":\"ReadAction\",\"target\":[\"https:\/\/staging.forenteforlag.no\/pax\/produkt\/frie-ord-i-norden\/\"]}]},{\"@type\":\"ImageObject\",\"inLanguage\":\"nb-NO\",\"@id\":\"https:\/\/staging.forenteforlag.no\/pax\/produkt\/frie-ord-i-norden\/#primaryimage\",\"url\":\"https:\/\/staging.forenteforlag.no\/pax\/wp-content\/uploads\/sites\/5\/2025\/08\/jpg-6027.jpg\",\"contentUrl\":\"https:\/\/staging.forenteforlag.no\/pax\/wp-content\/uploads\/sites\/5\/2025\/08\/jpg-6027.jpg\",\"width\":529,\"height\":768},{\"@type\":\"BreadcrumbList\",\"@id\":\"https:\/\/staging.forenteforlag.no\/pax\/produkt\/frie-ord-i-norden\/#breadcrumb\",\"itemListElement\":[{\"@type\":\"ListItem\",\"position\":1,\"name\":\"Hjem\",\"item\":\"https:\/\/staging.forenteforlag.no\/pax\/\"},{\"@type\":\"ListItem\",\"position\":2,\"name\":\"Alle b\u00f8ker\",\"item\":\"https:\/\/staging.forenteforlag.no\/pax\/butikk\/\"},{\"@type\":\"ListItem\",\"position\":3,\"name\":\"Frie ord i Norden?\"}]},{\"@type\":\"WebSite\",\"@id\":\"https:\/\/staging.forenteforlag.no\/pax\/#website\",\"url\":\"https:\/\/staging.forenteforlag.no\/pax\/\",\"name\":\"Pax\",\"description\":\"\",\"potentialAction\":[{\"@type\":\"SearchAction\",\"target\":{\"@type\":\"EntryPoint\",\"urlTemplate\":\"https:\/\/staging.forenteforlag.no\/pax\/?s={search_term_string}\"},\"query-input\":{\"@type\":\"PropertyValueSpecification\",\"valueRequired\":true,\"valueName\":\"search_term_string\"}}],\"inLanguage\":\"nb-NO\"}]}<\/script>\n<!-- \/ Yoast SEO plugin. -->","yoast_head_json":{"title":"Frie ord i Norden? - Pax","robots":{"index":"noindex","follow":"follow","max-snippet":"max-snippet:-1","max-image-preview":"max-image-preview:large","max-video-preview":"max-video-preview:-1"},"og_locale":"nb_NO","og_type":"article","og_title":"Frie ord i Norden? - Pax","og_description":"Frie ord i Norden? \u00abTrykkefrihed b\u00f8r finde sted\u00bb het det i den norske Grunnloven av 1814, men ytringsfriheten har alltid hatt begrensninger, og offentligheten har aldri v\u00e6rt like tilgjengelig for alle. Hva var vilk\u00e5rene for fremveksten av offentlighet og ytringsfrihet i de nordiske landene gjennom det avgj\u00f8rende 1800-tallet? I denne boken dr\u00f8fter en rekke nordiske [&hellip;]","og_url":"https:\/\/staging.forenteforlag.no\/pax\/produkt\/frie-ord-i-norden\/","og_site_name":"Pax","article_modified_time":"2025-09-02T06:00:02+00:00","og_image":[{"width":529,"height":768,"url":"https:\/\/staging.forenteforlag.no\/pax\/wp-content\/uploads\/sites\/5\/2025\/08\/jpg-6027.jpg","type":"image\/jpeg"}],"twitter_card":"summary_large_image","twitter_misc":{"Ansl. lesetid":"1 minutt"},"schema":{"@context":"https:\/\/schema.org","@graph":[{"@type":"WebPage","@id":"https:\/\/staging.forenteforlag.no\/pax\/produkt\/frie-ord-i-norden\/","url":"https:\/\/staging.forenteforlag.no\/pax\/produkt\/frie-ord-i-norden\/","name":"Frie ord i Norden? - Pax","isPartOf":{"@id":"https:\/\/staging.forenteforlag.no\/pax\/#website"},"primaryImageOfPage":{"@id":"https:\/\/staging.forenteforlag.no\/pax\/produkt\/frie-ord-i-norden\/#primaryimage"},"image":{"@id":"https:\/\/staging.forenteforlag.no\/pax\/produkt\/frie-ord-i-norden\/#primaryimage"},"thumbnailUrl":"https:\/\/staging.forenteforlag.no\/pax\/wp-content\/uploads\/sites\/5\/2025\/08\/jpg-6027.jpg","datePublished":"2019-06-11T00:00:00+00:00","dateModified":"2025-09-02T06:00:02+00:00","breadcrumb":{"@id":"https:\/\/staging.forenteforlag.no\/pax\/produkt\/frie-ord-i-norden\/#breadcrumb"},"inLanguage":"nb-NO","potentialAction":[{"@type":"ReadAction","target":["https:\/\/staging.forenteforlag.no\/pax\/produkt\/frie-ord-i-norden\/"]}]},{"@type":"ImageObject","inLanguage":"nb-NO","@id":"https:\/\/staging.forenteforlag.no\/pax\/produkt\/frie-ord-i-norden\/#primaryimage","url":"https:\/\/staging.forenteforlag.no\/pax\/wp-content\/uploads\/sites\/5\/2025\/08\/jpg-6027.jpg","contentUrl":"https:\/\/staging.forenteforlag.no\/pax\/wp-content\/uploads\/sites\/5\/2025\/08\/jpg-6027.jpg","width":529,"height":768},{"@type":"BreadcrumbList","@id":"https:\/\/staging.forenteforlag.no\/pax\/produkt\/frie-ord-i-norden\/#breadcrumb","itemListElement":[{"@type":"ListItem","position":1,"name":"Hjem","item":"https:\/\/staging.forenteforlag.no\/pax\/"},{"@type":"ListItem","position":2,"name":"Alle b\u00f8ker","item":"https:\/\/staging.forenteforlag.no\/pax\/butikk\/"},{"@type":"ListItem","position":3,"name":"Frie ord i Norden?"}]},{"@type":"WebSite","@id":"https:\/\/staging.forenteforlag.no\/pax\/#website","url":"https:\/\/staging.forenteforlag.no\/pax\/","name":"Pax","description":"","potentialAction":[{"@type":"SearchAction","target":{"@type":"EntryPoint","urlTemplate":"https:\/\/staging.forenteforlag.no\/pax\/?s={search_term_string}"},"query-input":{"@type":"PropertyValueSpecification","valueRequired":true,"valueName":"search_term_string"}}],"inLanguage":"nb-NO"}]}},"_links":{"self":[{"href":"https:\/\/staging.forenteforlag.no\/pax\/wp-json\/wp\/v2\/product\/20550","targetHints":{"allow":["GET"]}}],"collection":[{"href":"https:\/\/staging.forenteforlag.no\/pax\/wp-json\/wp\/v2\/product"}],"about":[{"href":"https:\/\/staging.forenteforlag.no\/pax\/wp-json\/wp\/v2\/types\/product"}],"wp:featuredmedia":[{"embeddable":true,"href":"https:\/\/staging.forenteforlag.no\/pax\/wp-json\/wp\/v2\/media\/28108"}],"wp:attachment":[{"href":"https:\/\/staging.forenteforlag.no\/pax\/wp-json\/wp\/v2\/media?parent=20550"}],"wp:term":[{"taxonomy":"product_brand","embeddable":true,"href":"https:\/\/staging.forenteforlag.no\/pax\/wp-json\/wp\/v2\/product_brand?post=20550"},{"taxonomy":"product_cat","embeddable":true,"href":"https:\/\/staging.forenteforlag.no\/pax\/wp-json\/wp\/v2\/product_cat?post=20550"},{"taxonomy":"product_tag","embeddable":true,"href":"https:\/\/staging.forenteforlag.no\/pax\/wp-json\/wp\/v2\/product_tag?post=20550"}],"curies":[{"name":"wp","href":"https:\/\/api.w.org\/{rel}","templated":true}]}}

<p>Frie ord i Norden? «Trykkefrihed bør finde sted» het det i den norske Grunnloven av 1814, men ytringsfriheten har alltid hatt begrensninger, og offentligheten har aldri vært like tilgjengelig for alle. Hva var vilkårene for fremveksten av offentlighet og ytringsfrihet i de nordiske landene gjennom det avgjørende 1800-tallet? I denne boken drøfter en rekke nordiske forskere ulike sider ved denne historien. Det er en historie om konfliktfylte spørsmål og motstridende interesser, om gradvise endringer og tilbakeslag, men også om fremvekst av en friere offentlighet for stadig flere medborgere. Det er også en historie om kontakt og konflikt, om paralleller og forskjeller mellom de nordiske landene, om europeisk innflytelse og om transatlantisk utveksling. Frie ord i Norden kan ikke tas for gitt. Det viser med all tydelighet den nordiske historien som er denne bokens tema.</p>

<p>Frie ord i Norden? «Trykkefrihed bør finde sted» het det i den norske Grunnloven av 1814, men ytringsfriheten har alltid hatt begrensninger, og offentligheten har aldri vært like tilgjengelig for alle. Hva var vilkårene for fremveksten av offentlighet og ytringsfrihet i de nordiske landene gjennom det avgjørende 1800-tallet? I denne boken drøfter en rekke nordiske [&hellip;]</p>

<!-- This site is optimized with the Yoast SEO plugin v26.6 - https://yoast.com/wordpress/plugins/seo/ -->
<title>Frie ord i Norden? - Pax</title>
<meta name="robots" content="noindex, follow, max-snippet:-1, max-image-preview:large, max-video-preview:-1" />
<meta property="og:locale" content="nb_NO" />
<meta property="og:type" content="article" />
<meta property="og:title" content="Frie ord i Norden? - Pax" />
<meta property="og:description" content="Frie ord i Norden? «Trykkefrihed bør finde sted» het det i den norske Grunnloven av 1814, men ytringsfriheten har alltid hatt begrensninger, og offentligheten har aldri vært like tilgjengelig for alle. Hva var vilkårene for fremveksten av offentlighet og ytringsfrihet i de nordiske landene gjennom det avgjørende 1800-tallet? I denne boken drøfter en rekke nordiske [&hellip;]" />
<meta property="og:url" content="https://staging.forenteforlag.no/pax/produkt/frie-ord-i-norden/" />
<meta property="og:site_name" content="Pax" />
<meta property="article:modified_time" content="2025-09-02T06:00:02+00:00" />
<meta property="og:image" content="https://staging.forenteforlag.no/pax/wp-content/uploads/sites/5/2025/08/jpg-6027.jpg" />
	<meta property="og:image:width" content="529" />
	<meta property="og:image:height" content="768" />
	<meta property="og:image:type" content="image/jpeg" />
<meta name="twitter:card" content="summary_large_image" />
<meta name="twitter:label1" content="Ansl. lesetid" />
	<meta name="twitter:data1" content="1 minutt" />
<script type="application/ld+json" class="yoast-schema-graph">{"@context":"https://schema.org","@graph":[{"@type":"WebPage","@id":"https://staging.forenteforlag.no/pax/produkt/frie-ord-i-norden/","url":"https://staging.forenteforlag.no/pax/produkt/frie-ord-i-norden/","name":"Frie ord i Norden? - Pax","isPartOf":{"@id":"https://staging.forenteforlag.no/pax/#website"},"primaryImageOfPage":{"@id":"https://staging.forenteforlag.no/pax/produkt/frie-ord-i-norden/#primaryimage"},"image":{"@id":"https://staging.forenteforlag.no/pax/produkt/frie-ord-i-norden/#primaryimage"},"thumbnailUrl":"https://staging.forenteforlag.no/pax/wp-content/uploads/sites/5/2025/08/jpg-6027.jpg","datePublished":"2019-06-11T00:00:00+00:00","dateModified":"2025-09-02T06:00:02+00:00","breadcrumb":{"@id":"https://staging.forenteforlag.no/pax/produkt/frie-ord-i-norden/#breadcrumb"},"inLanguage":"nb-NO","potentialAction":[{"@type":"ReadAction","target":["https://staging.forenteforlag.no/pax/produkt/frie-ord-i-norden/"]}]},{"@type":"ImageObject","inLanguage":"nb-NO","@id":"https://staging.forenteforlag.no/pax/produkt/frie-ord-i-norden/#primaryimage","url":"https://staging.forenteforlag.no/pax/wp-content/uploads/sites/5/2025/08/jpg-6027.jpg","contentUrl":"https://staging.forenteforlag.no/pax/wp-content/uploads/sites/5/2025/08/jpg-6027.jpg","width":529,"height":768},{"@type":"BreadcrumbList","@id":"https://staging.forenteforlag.no/pax/produkt/frie-ord-i-norden/#breadcrumb","itemListElement":[{"@type":"ListItem","position":1,"name":"Hjem","item":"https://staging.forenteforlag.no/pax/"},{"@type":"ListItem","position":2,"name":"Alle bøker","item":"https://staging.forenteforlag.no/pax/butikk/"},{"@type":"ListItem","position":3,"name":"Frie ord i Norden?"}]},{"@type":"WebSite","@id":"https://staging.forenteforlag.no/pax/#website","url":"https://staging.forenteforlag.no/pax/","name":"Pax","description":"","potentialAction":[{"@type":"SearchAction","target":{"@type":"EntryPoint","urlTemplate":"https://staging.forenteforlag.no/pax/?s={search_term_string}"},"query-input":{"@type":"PropertyValueSpecification","valueRequired":true,"valueName":"search_term_string"}}],"inLanguage":"nb-NO"}]}</script>
<!-- / Yoast SEO plugin. -->

Frie ord i Norden? «Trykkefrihed bør finde sted» het det i den norske Grunnloven av 1814, men ytringsfriheten har alltid hatt begrensninger, og offentligheten har aldri vært like tilgjengelig for alle. Hva var vilkårene for fremveksten av offentlighet og ytringsfrihet i de nordiske landene gjennom det avgjørende 1800-tallet? I denne boken drøfter en rekke nordiske [&hellip;]

Alle bøker
