{"id":20446,"date":"2013-01-08T01:00:00","date_gmt":"2013-01-08T00:00:00","guid":{"rendered":"https:\/\/pax.forenteforlag.no\/produkt\/fredssak-og-selvbestemmelse-1890-1909\/"},"modified":"2025-08-27T11:54:27","modified_gmt":"2025-08-27T09:54:27","slug":"fredssak-og-selvbestemmelse-1890-1909","status":"publish","type":"product","link":"https:\/\/staging.forenteforlag.no\/pax\/produkt\/fredssak-og-selvbestemmelse-1890-1909\/","title":{"rendered":"Fredssak og selvbestemmelse 1890-1909"},"content":{"rendered":"<p>Symbolpolitikk og nasjonale verdier er blant Norges fremste merkevarer i internasjonale relasjoner. Tradisjonen startet i 1890 da Venstre benyttet freds- og voldgiftssaken og Grunnloven for \u00e5 fremme en egen plass for Norge i det internasjonale samfunn, der Norge ble lansert som et foregangsland. Fokuset var p\u00e5 voldgift som id\u00e9. Men Stortinget viste liten interesse for det n\u00e6rmere innholdet av voldgiftsinstituttet, eller hva folkeretten sa om Norges stilling i unionen. Denne boken gir en f\u00f8rste gjennomgang av Stortinget rolle i det internasjonale fredsarbeidet f\u00f8r dannelsen av Folkeforbundet. Her samles ogs\u00e5 folkerettsvitenskapens diskusjoner om Norges stilling i unionen, hvilke prinsipper som kunne gi Norge rett til ensidig \u00e5 si opp unionsavtalen, hvilken betydning Grunnloven hadde for sp\u00f8rsm\u00e5let og hvilken folkerettslig betydning Riksakten hadde.<\/p>\n","protected":false},"excerpt":{"rendered":"<p>Symbolpolitikk og nasjonale verdier er blant Norges fremste merkevarer i internasjonale relasjoner. Tradisjonen startet i 1890 da Venstre benyttet freds- og voldgiftssaken og Grunnloven for \u00e5 fremme en egen plass for Norge i det internasjonale samfunn, der Norge ble lansert som et foregangsland. Fokuset var p\u00e5 voldgift som id\u00e9. Men Stortinget viste liten interesse for [&hellip;]<\/p>\n","protected":false},"featured_media":29053,"template":"","meta":{"_acf_changed":false,"inline_featured_image":false},"product_brand":[],"product_cat":[1782,23],"product_tag":[394,397,362,429,880,439,599],"class_list":{"0":"post-20446","1":"product","2":"type-product","3":"status-publish","4":"has-post-thumbnail","6":"product_cat-fripris","7":"product_cat-historie","8":"product_tag-1800-tallet","9":"product_tag-1900-1914","10":"product_tag-faglitteratur","11":"product_tag-folkerett","12":"product_tag-fredsarbeid","13":"product_tag-nord-norge","14":"product_tag-rettshistorie","15":"pa_format-mykperm","17":"first","18":"instock","19":"shipping-taxable","20":"purchasable","21":"product-type-simple"},"acf":{"anmeldelse":null},"yoast_head":"<!-- This site is optimized with the Yoast SEO plugin v26.6 - https:\/\/yoast.com\/wordpress\/plugins\/seo\/ -->\n<title>Fredssak og selvbestemmelse 1890-1909 - Pax<\/title>\n<meta name=\"robots\" content=\"noindex, follow, max-snippet:-1, max-image-preview:large, max-video-preview:-1\" \/>\n<meta property=\"og:locale\" content=\"nb_NO\" \/>\n<meta property=\"og:type\" content=\"article\" \/>\n<meta property=\"og:title\" content=\"Fredssak og selvbestemmelse 1890-1909 - Pax\" \/>\n<meta property=\"og:description\" content=\"Symbolpolitikk og nasjonale verdier er blant Norges fremste merkevarer i internasjonale relasjoner. Tradisjonen startet i 1890 da Venstre benyttet freds- og voldgiftssaken og Grunnloven for \u00e5 fremme en egen plass for Norge i det internasjonale samfunn, der Norge ble lansert som et foregangsland. Fokuset var p\u00e5 voldgift som id\u00e9. Men Stortinget viste liten interesse for [&hellip;]\" \/>\n<meta property=\"og:url\" content=\"https:\/\/staging.forenteforlag.no\/pax\/produkt\/fredssak-og-selvbestemmelse-1890-1909\/\" \/>\n<meta property=\"og:site_name\" content=\"Pax\" \/>\n<meta property=\"article:modified_time\" content=\"2025-08-27T09:54:27+00:00\" \/>\n<meta property=\"og:image\" content=\"https:\/\/staging.forenteforlag.no\/pax\/wp-content\/uploads\/sites\/5\/2025\/08\/jpg-8772.jpg\" \/>\n\t<meta property=\"og:image:width\" content=\"339\" \/>\n\t<meta property=\"og:image:height\" content=\"449\" \/>\n\t<meta property=\"og:image:type\" content=\"image\/jpeg\" \/>\n<meta name=\"twitter:card\" content=\"summary_large_image\" \/>\n<meta name=\"twitter:label1\" content=\"Ansl. lesetid\" \/>\n\t<meta name=\"twitter:data1\" content=\"1 minutt\" \/>\n<script type=\"application\/ld+json\" class=\"yoast-schema-graph\">{\"@context\":\"https:\/\/schema.org\",\"@graph\":[{\"@type\":\"WebPage\",\"@id\":\"https:\/\/staging.forenteforlag.no\/pax\/produkt\/fredssak-og-selvbestemmelse-1890-1909\/\",\"url\":\"https:\/\/staging.forenteforlag.no\/pax\/produkt\/fredssak-og-selvbestemmelse-1890-1909\/\",\"name\":\"Fredssak og selvbestemmelse 1890-1909 - Pax\",\"isPartOf\":{\"@id\":\"https:\/\/staging.forenteforlag.no\/pax\/#website\"},\"primaryImageOfPage\":{\"@id\":\"https:\/\/staging.forenteforlag.no\/pax\/produkt\/fredssak-og-selvbestemmelse-1890-1909\/#primaryimage\"},\"image\":{\"@id\":\"https:\/\/staging.forenteforlag.no\/pax\/produkt\/fredssak-og-selvbestemmelse-1890-1909\/#primaryimage\"},\"thumbnailUrl\":\"https:\/\/staging.forenteforlag.no\/pax\/wp-content\/uploads\/sites\/5\/2025\/08\/jpg-8772.jpg\",\"datePublished\":\"2013-01-08T00:00:00+00:00\",\"dateModified\":\"2025-08-27T09:54:27+00:00\",\"breadcrumb\":{\"@id\":\"https:\/\/staging.forenteforlag.no\/pax\/produkt\/fredssak-og-selvbestemmelse-1890-1909\/#breadcrumb\"},\"inLanguage\":\"nb-NO\",\"potentialAction\":[{\"@type\":\"ReadAction\",\"target\":[\"https:\/\/staging.forenteforlag.no\/pax\/produkt\/fredssak-og-selvbestemmelse-1890-1909\/\"]}]},{\"@type\":\"ImageObject\",\"inLanguage\":\"nb-NO\",\"@id\":\"https:\/\/staging.forenteforlag.no\/pax\/produkt\/fredssak-og-selvbestemmelse-1890-1909\/#primaryimage\",\"url\":\"https:\/\/staging.forenteforlag.no\/pax\/wp-content\/uploads\/sites\/5\/2025\/08\/jpg-8772.jpg\",\"contentUrl\":\"https:\/\/staging.forenteforlag.no\/pax\/wp-content\/uploads\/sites\/5\/2025\/08\/jpg-8772.jpg\",\"width\":339,\"height\":449},{\"@type\":\"BreadcrumbList\",\"@id\":\"https:\/\/staging.forenteforlag.no\/pax\/produkt\/fredssak-og-selvbestemmelse-1890-1909\/#breadcrumb\",\"itemListElement\":[{\"@type\":\"ListItem\",\"position\":1,\"name\":\"Hjem\",\"item\":\"https:\/\/staging.forenteforlag.no\/pax\/\"},{\"@type\":\"ListItem\",\"position\":2,\"name\":\"Alle b\u00f8ker\",\"item\":\"https:\/\/staging.forenteforlag.no\/pax\/butikk\/\"},{\"@type\":\"ListItem\",\"position\":3,\"name\":\"Fredssak og selvbestemmelse 1890-1909\"}]},{\"@type\":\"WebSite\",\"@id\":\"https:\/\/staging.forenteforlag.no\/pax\/#website\",\"url\":\"https:\/\/staging.forenteforlag.no\/pax\/\",\"name\":\"Pax\",\"description\":\"\",\"potentialAction\":[{\"@type\":\"SearchAction\",\"target\":{\"@type\":\"EntryPoint\",\"urlTemplate\":\"https:\/\/staging.forenteforlag.no\/pax\/?s={search_term_string}\"},\"query-input\":{\"@type\":\"PropertyValueSpecification\",\"valueRequired\":true,\"valueName\":\"search_term_string\"}}],\"inLanguage\":\"nb-NO\"}]}<\/script>\n<!-- \/ Yoast SEO plugin. -->","yoast_head_json":{"title":"Fredssak og selvbestemmelse 1890-1909 - Pax","robots":{"index":"noindex","follow":"follow","max-snippet":"max-snippet:-1","max-image-preview":"max-image-preview:large","max-video-preview":"max-video-preview:-1"},"og_locale":"nb_NO","og_type":"article","og_title":"Fredssak og selvbestemmelse 1890-1909 - Pax","og_description":"Symbolpolitikk og nasjonale verdier er blant Norges fremste merkevarer i internasjonale relasjoner. Tradisjonen startet i 1890 da Venstre benyttet freds- og voldgiftssaken og Grunnloven for \u00e5 fremme en egen plass for Norge i det internasjonale samfunn, der Norge ble lansert som et foregangsland. Fokuset var p\u00e5 voldgift som id\u00e9. Men Stortinget viste liten interesse for [&hellip;]","og_url":"https:\/\/staging.forenteforlag.no\/pax\/produkt\/fredssak-og-selvbestemmelse-1890-1909\/","og_site_name":"Pax","article_modified_time":"2025-08-27T09:54:27+00:00","og_image":[{"width":339,"height":449,"url":"https:\/\/staging.forenteforlag.no\/pax\/wp-content\/uploads\/sites\/5\/2025\/08\/jpg-8772.jpg","type":"image\/jpeg"}],"twitter_card":"summary_large_image","twitter_misc":{"Ansl. lesetid":"1 minutt"},"schema":{"@context":"https:\/\/schema.org","@graph":[{"@type":"WebPage","@id":"https:\/\/staging.forenteforlag.no\/pax\/produkt\/fredssak-og-selvbestemmelse-1890-1909\/","url":"https:\/\/staging.forenteforlag.no\/pax\/produkt\/fredssak-og-selvbestemmelse-1890-1909\/","name":"Fredssak og selvbestemmelse 1890-1909 - Pax","isPartOf":{"@id":"https:\/\/staging.forenteforlag.no\/pax\/#website"},"primaryImageOfPage":{"@id":"https:\/\/staging.forenteforlag.no\/pax\/produkt\/fredssak-og-selvbestemmelse-1890-1909\/#primaryimage"},"image":{"@id":"https:\/\/staging.forenteforlag.no\/pax\/produkt\/fredssak-og-selvbestemmelse-1890-1909\/#primaryimage"},"thumbnailUrl":"https:\/\/staging.forenteforlag.no\/pax\/wp-content\/uploads\/sites\/5\/2025\/08\/jpg-8772.jpg","datePublished":"2013-01-08T00:00:00+00:00","dateModified":"2025-08-27T09:54:27+00:00","breadcrumb":{"@id":"https:\/\/staging.forenteforlag.no\/pax\/produkt\/fredssak-og-selvbestemmelse-1890-1909\/#breadcrumb"},"inLanguage":"nb-NO","potentialAction":[{"@type":"ReadAction","target":["https:\/\/staging.forenteforlag.no\/pax\/produkt\/fredssak-og-selvbestemmelse-1890-1909\/"]}]},{"@type":"ImageObject","inLanguage":"nb-NO","@id":"https:\/\/staging.forenteforlag.no\/pax\/produkt\/fredssak-og-selvbestemmelse-1890-1909\/#primaryimage","url":"https:\/\/staging.forenteforlag.no\/pax\/wp-content\/uploads\/sites\/5\/2025\/08\/jpg-8772.jpg","contentUrl":"https:\/\/staging.forenteforlag.no\/pax\/wp-content\/uploads\/sites\/5\/2025\/08\/jpg-8772.jpg","width":339,"height":449},{"@type":"BreadcrumbList","@id":"https:\/\/staging.forenteforlag.no\/pax\/produkt\/fredssak-og-selvbestemmelse-1890-1909\/#breadcrumb","itemListElement":[{"@type":"ListItem","position":1,"name":"Hjem","item":"https:\/\/staging.forenteforlag.no\/pax\/"},{"@type":"ListItem","position":2,"name":"Alle b\u00f8ker","item":"https:\/\/staging.forenteforlag.no\/pax\/butikk\/"},{"@type":"ListItem","position":3,"name":"Fredssak og selvbestemmelse 1890-1909"}]},{"@type":"WebSite","@id":"https:\/\/staging.forenteforlag.no\/pax\/#website","url":"https:\/\/staging.forenteforlag.no\/pax\/","name":"Pax","description":"","potentialAction":[{"@type":"SearchAction","target":{"@type":"EntryPoint","urlTemplate":"https:\/\/staging.forenteforlag.no\/pax\/?s={search_term_string}"},"query-input":{"@type":"PropertyValueSpecification","valueRequired":true,"valueName":"search_term_string"}}],"inLanguage":"nb-NO"}]}},"_links":{"self":[{"href":"https:\/\/staging.forenteforlag.no\/pax\/wp-json\/wp\/v2\/product\/20446","targetHints":{"allow":["GET"]}}],"collection":[{"href":"https:\/\/staging.forenteforlag.no\/pax\/wp-json\/wp\/v2\/product"}],"about":[{"href":"https:\/\/staging.forenteforlag.no\/pax\/wp-json\/wp\/v2\/types\/product"}],"wp:featuredmedia":[{"embeddable":true,"href":"https:\/\/staging.forenteforlag.no\/pax\/wp-json\/wp\/v2\/media\/29053"}],"wp:attachment":[{"href":"https:\/\/staging.forenteforlag.no\/pax\/wp-json\/wp\/v2\/media?parent=20446"}],"wp:term":[{"taxonomy":"product_brand","embeddable":true,"href":"https:\/\/staging.forenteforlag.no\/pax\/wp-json\/wp\/v2\/product_brand?post=20446"},{"taxonomy":"product_cat","embeddable":true,"href":"https:\/\/staging.forenteforlag.no\/pax\/wp-json\/wp\/v2\/product_cat?post=20446"},{"taxonomy":"product_tag","embeddable":true,"href":"https:\/\/staging.forenteforlag.no\/pax\/wp-json\/wp\/v2\/product_tag?post=20446"}],"curies":[{"name":"wp","href":"https:\/\/api.w.org\/{rel}","templated":true}]}}

<p>Symbolpolitikk og nasjonale verdier er blant Norges fremste merkevarer i internasjonale relasjoner. Tradisjonen startet i 1890 da Venstre benyttet freds- og voldgiftssaken og Grunnloven for å fremme en egen plass for Norge i det internasjonale samfunn, der Norge ble lansert som et foregangsland. Fokuset var på voldgift som idé. Men Stortinget viste liten interesse for det nærmere innholdet av voldgiftsinstituttet, eller hva folkeretten sa om Norges stilling i unionen. Denne boken gir en første gjennomgang av Stortinget rolle i det internasjonale fredsarbeidet før dannelsen av Folkeforbundet. Her samles også folkerettsvitenskapens diskusjoner om Norges stilling i unionen, hvilke prinsipper som kunne gi Norge rett til ensidig å si opp unionsavtalen, hvilken betydning Grunnloven hadde for spørsmålet og hvilken folkerettslig betydning Riksakten hadde.</p>

<p>Symbolpolitikk og nasjonale verdier er blant Norges fremste merkevarer i internasjonale relasjoner. Tradisjonen startet i 1890 da Venstre benyttet freds- og voldgiftssaken og Grunnloven for å fremme en egen plass for Norge i det internasjonale samfunn, der Norge ble lansert som et foregangsland. Fokuset var på voldgift som idé. Men Stortinget viste liten interesse for [&hellip;]</p>

<!-- This site is optimized with the Yoast SEO plugin v26.6 - https://yoast.com/wordpress/plugins/seo/ -->
<title>Fredssak og selvbestemmelse 1890-1909 - Pax</title>
<meta name="robots" content="noindex, follow, max-snippet:-1, max-image-preview:large, max-video-preview:-1" />
<meta property="og:locale" content="nb_NO" />
<meta property="og:type" content="article" />
<meta property="og:title" content="Fredssak og selvbestemmelse 1890-1909 - Pax" />
<meta property="og:description" content="Symbolpolitikk og nasjonale verdier er blant Norges fremste merkevarer i internasjonale relasjoner. Tradisjonen startet i 1890 da Venstre benyttet freds- og voldgiftssaken og Grunnloven for å fremme en egen plass for Norge i det internasjonale samfunn, der Norge ble lansert som et foregangsland. Fokuset var på voldgift som idé. Men Stortinget viste liten interesse for [&hellip;]" />
<meta property="og:url" content="https://staging.forenteforlag.no/pax/produkt/fredssak-og-selvbestemmelse-1890-1909/" />
<meta property="og:site_name" content="Pax" />
<meta property="article:modified_time" content="2025-08-27T09:54:27+00:00" />
<meta property="og:image" content="https://staging.forenteforlag.no/pax/wp-content/uploads/sites/5/2025/08/jpg-8772.jpg" />
	<meta property="og:image:width" content="339" />
	<meta property="og:image:height" content="449" />
	<meta property="og:image:type" content="image/jpeg" />
<meta name="twitter:card" content="summary_large_image" />
<meta name="twitter:label1" content="Ansl. lesetid" />
	<meta name="twitter:data1" content="1 minutt" />
<script type="application/ld+json" class="yoast-schema-graph">{"@context":"https://schema.org","@graph":[{"@type":"WebPage","@id":"https://staging.forenteforlag.no/pax/produkt/fredssak-og-selvbestemmelse-1890-1909/","url":"https://staging.forenteforlag.no/pax/produkt/fredssak-og-selvbestemmelse-1890-1909/","name":"Fredssak og selvbestemmelse 1890-1909 - Pax","isPartOf":{"@id":"https://staging.forenteforlag.no/pax/#website"},"primaryImageOfPage":{"@id":"https://staging.forenteforlag.no/pax/produkt/fredssak-og-selvbestemmelse-1890-1909/#primaryimage"},"image":{"@id":"https://staging.forenteforlag.no/pax/produkt/fredssak-og-selvbestemmelse-1890-1909/#primaryimage"},"thumbnailUrl":"https://staging.forenteforlag.no/pax/wp-content/uploads/sites/5/2025/08/jpg-8772.jpg","datePublished":"2013-01-08T00:00:00+00:00","dateModified":"2025-08-27T09:54:27+00:00","breadcrumb":{"@id":"https://staging.forenteforlag.no/pax/produkt/fredssak-og-selvbestemmelse-1890-1909/#breadcrumb"},"inLanguage":"nb-NO","potentialAction":[{"@type":"ReadAction","target":["https://staging.forenteforlag.no/pax/produkt/fredssak-og-selvbestemmelse-1890-1909/"]}]},{"@type":"ImageObject","inLanguage":"nb-NO","@id":"https://staging.forenteforlag.no/pax/produkt/fredssak-og-selvbestemmelse-1890-1909/#primaryimage","url":"https://staging.forenteforlag.no/pax/wp-content/uploads/sites/5/2025/08/jpg-8772.jpg","contentUrl":"https://staging.forenteforlag.no/pax/wp-content/uploads/sites/5/2025/08/jpg-8772.jpg","width":339,"height":449},{"@type":"BreadcrumbList","@id":"https://staging.forenteforlag.no/pax/produkt/fredssak-og-selvbestemmelse-1890-1909/#breadcrumb","itemListElement":[{"@type":"ListItem","position":1,"name":"Hjem","item":"https://staging.forenteforlag.no/pax/"},{"@type":"ListItem","position":2,"name":"Alle bøker","item":"https://staging.forenteforlag.no/pax/butikk/"},{"@type":"ListItem","position":3,"name":"Fredssak og selvbestemmelse 1890-1909"}]},{"@type":"WebSite","@id":"https://staging.forenteforlag.no/pax/#website","url":"https://staging.forenteforlag.no/pax/","name":"Pax","description":"","potentialAction":[{"@type":"SearchAction","target":{"@type":"EntryPoint","urlTemplate":"https://staging.forenteforlag.no/pax/?s={search_term_string}"},"query-input":{"@type":"PropertyValueSpecification","valueRequired":true,"valueName":"search_term_string"}}],"inLanguage":"nb-NO"}]}</script>
<!-- / Yoast SEO plugin. -->

Symbolpolitikk og nasjonale verdier er blant Norges fremste merkevarer i internasjonale relasjoner. Tradisjonen startet i 1890 da Venstre benyttet freds- og voldgiftssaken og Grunnloven for å fremme en egen plass for Norge i det internasjonale samfunn, der Norge ble lansert som et foregangsland. Fokuset var på voldgift som idé. Men Stortinget viste liten interesse for [&hellip;]

Alle bøker
