{"id":20429,"date":"2024-09-20T02:00:00","date_gmt":"2024-09-20T00:00:00","guid":{"rendered":"https:\/\/pax.forenteforlag.no\/produkt\/ikke-som-lam-til-slakt\/"},"modified":"2026-02-05T11:34:40","modified_gmt":"2026-02-05T10:34:40","slug":"ikke-som-lam-til-slakt","status":"publish","type":"product","link":"https:\/\/staging.forenteforlag.no\/pax\/produkt\/ikke-som-lam-til-slakt\/","title":{"rendered":"Ikke som lam til slakt"},"content":{"rendered":"<p><strong>Denne boken utfordrer alt vi trodde vi visste om Holocaust.<\/strong><br \/>Hvorfor gjorde ikke j\u00f8dene motstand under Holocaust? Det sp\u00f8rsm\u00e5let var utgangspunktet for denne boken, et utgangspunkt som viste seg \u00e5 v\u00e6re helt feil. I stedet har Kenneth Hermele gravd frem en helt ukjent historie, en historie som sl\u00e5r beina under alle myter om j\u00f8ders passivitet. I denne banebrytende fortellingen avdekker han et landskap av j\u00f8disk motstand i mange og varierende former, en motstand som i tillegg overg\u00e5r alle andre gruppers fors\u00f8k p\u00e5 motstand mot Hitler. \u202f \u202f<br \/>J\u00f8diske menn og kvinner satte fyr p\u00e5 ghettoene, sprengte jernbaneskinner og drepte tyske soldater og kollaborat\u00f8rer. De smuglet mat, gjemte flyktninger, kom seg over ghettomurene, spredte flygeblader, dokumenterte undertrykkelsen, holdt fast ved sine tradisjoner og ved sin verdighet. J\u00f8der var partisaner og kjempet med allierte styrker i et oppsiktsvekkende antall. \u202f \u202f Kenneth Hermele skildrer motstandshelter fra kureren Chajke Grossman til historikeren Emanuel Ringelblum. Samtidig gir han oss et helt nytt bilde av de kontroversielle j\u00f8der\u00e5dene. Underveis belyser han j\u00f8disk motstandsfilosofi gjennom 2000 \u00e5r. \u202f<br \/><strong>Etterord ved Mats Tangestuen.<\/strong><\/p>\n","protected":false},"excerpt":{"rendered":"<p>Denne boken utfordrer alt vi trodde vi visste om Holocaust.Hvorfor gjorde ikke j\u00f8dene motstand under Holocaust? Det sp\u00f8rsm\u00e5let var utgangspunktet for denne boken, et utgangspunkt som viste seg \u00e5 v\u00e6re helt feil. I stedet har Kenneth Hermele gravd frem en helt ukjent historie, en historie som sl\u00e5r beina under alle myter om j\u00f8ders passivitet. I [&hellip;]<\/p>\n","protected":false},"featured_media":29463,"template":"","meta":{"_acf_changed":false,"inline_featured_image":false},"product_brand":[],"product_cat":[1778,23],"product_tag":[362],"class_list":{"0":"post-20429","1":"product","2":"type-product","3":"status-publish","4":"has-post-thumbnail","6":"product_cat-fastpris","7":"product_cat-historie","8":"product_tag-faglitteratur","9":"pa_format-innbundet","11":"first","12":"instock","13":"shipping-taxable","14":"purchasable","15":"product-type-simple"},"acf":{"anmeldelse":[{"tekst_anmeldelser":"\u00abIkke som lam til slakt \u202fer en imponerende, nyansert og rik bok\u00bb","av_anmeldelser":"G\u00f6teborgs-Posten ","terningkast":false,"kilde":"G\u00f6teborgs-Posten "},{"tekst_anmeldelser":"\u00abEt nybrottsarbeid fra Sverige belyser j\u00f8disk historie under holocaust. ... et verdifullt tilskudd som utfordrer vante forestillinger om j\u00f8disk historie i Tyskland og i okkuperte omr\u00e5der\u00bb","av_anmeldelser":"Tore Linn\u00e9 Eriksen","terningkast":false,"kilde":"Klassekampen"},{"tekst_anmeldelser":"\u00aben inspirerende og kunnskapsrik bok som ikke bare tar et oppgj\u00f8r med mytene om j\u00f8disk motstand, men ogs\u00e5 utvider perspektivet p\u00e5 hva motstand kan v\u00e6re.\u00bb","av_anmeldelser":"\u202fSydsvenskan","terningkast":false,"kilde":"\u202fSydsvenskan"},{"tekst_anmeldelser":"\u00abKenneth Hermele har skrevet en sv\u00e6rt opplysende og nyanserik bok om j\u00f8disk motstand f\u00f8r og under annen verdenskrig. ... Hermele skriver meget godt, og har funnet en form som b\u00e5de lar ham grave dypt i kildematerialet og samtidig komme med egne betraktninger.\u00bb","av_anmeldelser":"Johanne Elster Hanson","terningkast":false,"kilde":"Morgenbladet "}]},"yoast_head":"<!-- This site is optimized with the Yoast SEO plugin v26.6 - https:\/\/yoast.com\/wordpress\/plugins\/seo\/ -->\n<title>Ikke som lam til slakt - Pax<\/title>\n<meta name=\"robots\" content=\"noindex, follow, max-snippet:-1, max-image-preview:large, max-video-preview:-1\" \/>\n<meta property=\"og:locale\" content=\"nb_NO\" \/>\n<meta property=\"og:type\" content=\"article\" \/>\n<meta property=\"og:title\" content=\"Ikke som lam til slakt - Pax\" \/>\n<meta property=\"og:description\" content=\"Denne boken utfordrer alt vi trodde vi visste om Holocaust.Hvorfor gjorde ikke j\u00f8dene motstand under Holocaust? Det sp\u00f8rsm\u00e5let var utgangspunktet for denne boken, et utgangspunkt som viste seg \u00e5 v\u00e6re helt feil. I stedet har Kenneth Hermele gravd frem en helt ukjent historie, en historie som sl\u00e5r beina under alle myter om j\u00f8ders passivitet. I [&hellip;]\" \/>\n<meta property=\"og:url\" content=\"https:\/\/staging.forenteforlag.no\/pax\/produkt\/ikke-som-lam-til-slakt\/\" \/>\n<meta property=\"og:site_name\" content=\"Pax\" \/>\n<meta property=\"article:modified_time\" content=\"2026-02-05T10:34:40+00:00\" \/>\n<meta property=\"og:image\" content=\"https:\/\/staging.forenteforlag.no\/pax\/wp-content\/uploads\/sites\/5\/2025\/08\/jpg-10047-scaled.jpg\" \/>\n\t<meta property=\"og:image:width\" content=\"1262\" \/>\n\t<meta property=\"og:image:height\" content=\"1920\" \/>\n\t<meta property=\"og:image:type\" content=\"image\/jpeg\" \/>\n<meta name=\"twitter:card\" content=\"summary_large_image\" \/>\n<meta name=\"twitter:label1\" content=\"Ansl. lesetid\" \/>\n\t<meta name=\"twitter:data1\" content=\"2 minutter\" \/>\n<script type=\"application\/ld+json\" class=\"yoast-schema-graph\">{\"@context\":\"https:\/\/schema.org\",\"@graph\":[{\"@type\":\"WebPage\",\"@id\":\"https:\/\/staging.forenteforlag.no\/pax\/produkt\/ikke-som-lam-til-slakt\/\",\"url\":\"https:\/\/staging.forenteforlag.no\/pax\/produkt\/ikke-som-lam-til-slakt\/\",\"name\":\"Ikke som lam til slakt - Pax\",\"isPartOf\":{\"@id\":\"https:\/\/staging.forenteforlag.no\/pax\/#website\"},\"primaryImageOfPage\":{\"@id\":\"https:\/\/staging.forenteforlag.no\/pax\/produkt\/ikke-som-lam-til-slakt\/#primaryimage\"},\"image\":{\"@id\":\"https:\/\/staging.forenteforlag.no\/pax\/produkt\/ikke-som-lam-til-slakt\/#primaryimage\"},\"thumbnailUrl\":\"https:\/\/staging.forenteforlag.no\/pax\/wp-content\/uploads\/sites\/5\/2025\/08\/jpg-10047-scaled.jpg\",\"datePublished\":\"2024-09-20T00:00:00+00:00\",\"dateModified\":\"2026-02-05T10:34:40+00:00\",\"breadcrumb\":{\"@id\":\"https:\/\/staging.forenteforlag.no\/pax\/produkt\/ikke-som-lam-til-slakt\/#breadcrumb\"},\"inLanguage\":\"nb-NO\",\"potentialAction\":[{\"@type\":\"ReadAction\",\"target\":[\"https:\/\/staging.forenteforlag.no\/pax\/produkt\/ikke-som-lam-til-slakt\/\"]}]},{\"@type\":\"ImageObject\",\"inLanguage\":\"nb-NO\",\"@id\":\"https:\/\/staging.forenteforlag.no\/pax\/produkt\/ikke-som-lam-til-slakt\/#primaryimage\",\"url\":\"https:\/\/staging.forenteforlag.no\/pax\/wp-content\/uploads\/sites\/5\/2025\/08\/jpg-10047-scaled.jpg\",\"contentUrl\":\"https:\/\/staging.forenteforlag.no\/pax\/wp-content\/uploads\/sites\/5\/2025\/08\/jpg-10047-scaled.jpg\",\"width\":1262,\"height\":1920},{\"@type\":\"BreadcrumbList\",\"@id\":\"https:\/\/staging.forenteforlag.no\/pax\/produkt\/ikke-som-lam-til-slakt\/#breadcrumb\",\"itemListElement\":[{\"@type\":\"ListItem\",\"position\":1,\"name\":\"Hjem\",\"item\":\"https:\/\/staging.forenteforlag.no\/pax\/\"},{\"@type\":\"ListItem\",\"position\":2,\"name\":\"Alle b\u00f8ker\",\"item\":\"https:\/\/staging.forenteforlag.no\/pax\/butikk\/\"},{\"@type\":\"ListItem\",\"position\":3,\"name\":\"Ikke som lam til slakt\"}]},{\"@type\":\"WebSite\",\"@id\":\"https:\/\/staging.forenteforlag.no\/pax\/#website\",\"url\":\"https:\/\/staging.forenteforlag.no\/pax\/\",\"name\":\"Pax\",\"description\":\"\",\"potentialAction\":[{\"@type\":\"SearchAction\",\"target\":{\"@type\":\"EntryPoint\",\"urlTemplate\":\"https:\/\/staging.forenteforlag.no\/pax\/?s={search_term_string}\"},\"query-input\":{\"@type\":\"PropertyValueSpecification\",\"valueRequired\":true,\"valueName\":\"search_term_string\"}}],\"inLanguage\":\"nb-NO\"}]}<\/script>\n<!-- \/ Yoast SEO plugin. -->","yoast_head_json":{"title":"Ikke som lam til slakt - Pax","robots":{"index":"noindex","follow":"follow","max-snippet":"max-snippet:-1","max-image-preview":"max-image-preview:large","max-video-preview":"max-video-preview:-1"},"og_locale":"nb_NO","og_type":"article","og_title":"Ikke som lam til slakt - Pax","og_description":"Denne boken utfordrer alt vi trodde vi visste om Holocaust.Hvorfor gjorde ikke j\u00f8dene motstand under Holocaust? Det sp\u00f8rsm\u00e5let var utgangspunktet for denne boken, et utgangspunkt som viste seg \u00e5 v\u00e6re helt feil. I stedet har Kenneth Hermele gravd frem en helt ukjent historie, en historie som sl\u00e5r beina under alle myter om j\u00f8ders passivitet. I [&hellip;]","og_url":"https:\/\/staging.forenteforlag.no\/pax\/produkt\/ikke-som-lam-til-slakt\/","og_site_name":"Pax","article_modified_time":"2026-02-05T10:34:40+00:00","og_image":[{"width":1262,"height":1920,"url":"https:\/\/staging.forenteforlag.no\/pax\/wp-content\/uploads\/sites\/5\/2025\/08\/jpg-10047-scaled.jpg","type":"image\/jpeg"}],"twitter_card":"summary_large_image","twitter_misc":{"Ansl. lesetid":"2 minutter"},"schema":{"@context":"https:\/\/schema.org","@graph":[{"@type":"WebPage","@id":"https:\/\/staging.forenteforlag.no\/pax\/produkt\/ikke-som-lam-til-slakt\/","url":"https:\/\/staging.forenteforlag.no\/pax\/produkt\/ikke-som-lam-til-slakt\/","name":"Ikke som lam til slakt - Pax","isPartOf":{"@id":"https:\/\/staging.forenteforlag.no\/pax\/#website"},"primaryImageOfPage":{"@id":"https:\/\/staging.forenteforlag.no\/pax\/produkt\/ikke-som-lam-til-slakt\/#primaryimage"},"image":{"@id":"https:\/\/staging.forenteforlag.no\/pax\/produkt\/ikke-som-lam-til-slakt\/#primaryimage"},"thumbnailUrl":"https:\/\/staging.forenteforlag.no\/pax\/wp-content\/uploads\/sites\/5\/2025\/08\/jpg-10047-scaled.jpg","datePublished":"2024-09-20T00:00:00+00:00","dateModified":"2026-02-05T10:34:40+00:00","breadcrumb":{"@id":"https:\/\/staging.forenteforlag.no\/pax\/produkt\/ikke-som-lam-til-slakt\/#breadcrumb"},"inLanguage":"nb-NO","potentialAction":[{"@type":"ReadAction","target":["https:\/\/staging.forenteforlag.no\/pax\/produkt\/ikke-som-lam-til-slakt\/"]}]},{"@type":"ImageObject","inLanguage":"nb-NO","@id":"https:\/\/staging.forenteforlag.no\/pax\/produkt\/ikke-som-lam-til-slakt\/#primaryimage","url":"https:\/\/staging.forenteforlag.no\/pax\/wp-content\/uploads\/sites\/5\/2025\/08\/jpg-10047-scaled.jpg","contentUrl":"https:\/\/staging.forenteforlag.no\/pax\/wp-content\/uploads\/sites\/5\/2025\/08\/jpg-10047-scaled.jpg","width":1262,"height":1920},{"@type":"BreadcrumbList","@id":"https:\/\/staging.forenteforlag.no\/pax\/produkt\/ikke-som-lam-til-slakt\/#breadcrumb","itemListElement":[{"@type":"ListItem","position":1,"name":"Hjem","item":"https:\/\/staging.forenteforlag.no\/pax\/"},{"@type":"ListItem","position":2,"name":"Alle b\u00f8ker","item":"https:\/\/staging.forenteforlag.no\/pax\/butikk\/"},{"@type":"ListItem","position":3,"name":"Ikke som lam til slakt"}]},{"@type":"WebSite","@id":"https:\/\/staging.forenteforlag.no\/pax\/#website","url":"https:\/\/staging.forenteforlag.no\/pax\/","name":"Pax","description":"","potentialAction":[{"@type":"SearchAction","target":{"@type":"EntryPoint","urlTemplate":"https:\/\/staging.forenteforlag.no\/pax\/?s={search_term_string}"},"query-input":{"@type":"PropertyValueSpecification","valueRequired":true,"valueName":"search_term_string"}}],"inLanguage":"nb-NO"}]}},"_links":{"self":[{"href":"https:\/\/staging.forenteforlag.no\/pax\/wp-json\/wp\/v2\/product\/20429","targetHints":{"allow":["GET"]}}],"collection":[{"href":"https:\/\/staging.forenteforlag.no\/pax\/wp-json\/wp\/v2\/product"}],"about":[{"href":"https:\/\/staging.forenteforlag.no\/pax\/wp-json\/wp\/v2\/types\/product"}],"wp:featuredmedia":[{"embeddable":true,"href":"https:\/\/staging.forenteforlag.no\/pax\/wp-json\/wp\/v2\/media\/29463"}],"wp:attachment":[{"href":"https:\/\/staging.forenteforlag.no\/pax\/wp-json\/wp\/v2\/media?parent=20429"}],"wp:term":[{"taxonomy":"product_brand","embeddable":true,"href":"https:\/\/staging.forenteforlag.no\/pax\/wp-json\/wp\/v2\/product_brand?post=20429"},{"taxonomy":"product_cat","embeddable":true,"href":"https:\/\/staging.forenteforlag.no\/pax\/wp-json\/wp\/v2\/product_cat?post=20429"},{"taxonomy":"product_tag","embeddable":true,"href":"https:\/\/staging.forenteforlag.no\/pax\/wp-json\/wp\/v2\/product_tag?post=20429"}],"curies":[{"name":"wp","href":"https:\/\/api.w.org\/{rel}","templated":true}]}}

<p><strong>Denne boken utfordrer alt vi trodde vi visste om Holocaust.</strong><br />Hvorfor gjorde ikke jødene motstand under Holocaust? Det spørsmålet var utgangspunktet for denne boken, et utgangspunkt som viste seg å være helt feil. I stedet har Kenneth Hermele gravd frem en helt ukjent historie, en historie som slår beina under alle myter om jøders passivitet. I denne banebrytende fortellingen avdekker han et landskap av jødisk motstand i mange og varierende former, en motstand som i tillegg overgår alle andre gruppers forsøk på motstand mot Hitler.    <br />Jødiske menn og kvinner satte fyr på ghettoene, sprengte jernbaneskinner og drepte tyske soldater og kollaboratører. De smuglet mat, gjemte flyktninger, kom seg over ghettomurene, spredte flygeblader, dokumenterte undertrykkelsen, holdt fast ved sine tradisjoner og ved sin verdighet. Jøder var partisaner og kjempet med allierte styrker i et oppsiktsvekkende antall.     Kenneth Hermele skildrer motstandshelter fra kureren Chajke Grossman til historikeren Emanuel Ringelblum. Samtidig gir han oss et helt nytt bilde av de kontroversielle jøderådene. Underveis belyser han jødisk motstandsfilosofi gjennom 2000 år.  <br /><strong>Etterord ved Mats Tangestuen.</strong></p>

<p>Denne boken utfordrer alt vi trodde vi visste om Holocaust.Hvorfor gjorde ikke jødene motstand under Holocaust? Det spørsmålet var utgangspunktet for denne boken, et utgangspunkt som viste seg å være helt feil. I stedet har Kenneth Hermele gravd frem en helt ukjent historie, en historie som slår beina under alle myter om jøders passivitet. I [&hellip;]</p>

Göteborgs-Posten

«Et nybrottsarbeid fra Sverige belyser jødisk historie under holocaust. ... et verdifullt tilskudd som utfordrer vante forestillinger om jødisk historie i Tyskland og i okkuperte områder»

Tore Linné Eriksen

«en inspirerende og kunnskapsrik bok som ikke bare tar et oppgjør med mytene om jødisk motstand, men også utvider perspektivet på hva motstand kan være.»

«Kenneth Hermele har skrevet en svært opplysende og nyanserik bok om jødisk motstand før og under annen verdenskrig. ... Hermele skriver meget godt, og har funnet en form som både lar ham grave dypt i kildematerialet og samtidig komme med egne betraktninger.»

<!-- This site is optimized with the Yoast SEO plugin v26.6 - https://yoast.com/wordpress/plugins/seo/ -->
<title>Ikke som lam til slakt - Pax</title>
<meta name="robots" content="noindex, follow, max-snippet:-1, max-image-preview:large, max-video-preview:-1" />
<meta property="og:locale" content="nb_NO" />
<meta property="og:type" content="article" />
<meta property="og:title" content="Ikke som lam til slakt - Pax" />
<meta property="og:description" content="Denne boken utfordrer alt vi trodde vi visste om Holocaust.Hvorfor gjorde ikke jødene motstand under Holocaust? Det spørsmålet var utgangspunktet for denne boken, et utgangspunkt som viste seg å være helt feil. I stedet har Kenneth Hermele gravd frem en helt ukjent historie, en historie som slår beina under alle myter om jøders passivitet. I [&hellip;]" />
<meta property="og:url" content="https://staging.forenteforlag.no/pax/produkt/ikke-som-lam-til-slakt/" />
<meta property="og:site_name" content="Pax" />
<meta property="article:modified_time" content="2026-02-05T10:34:40+00:00" />
<meta property="og:image" content="https://staging.forenteforlag.no/pax/wp-content/uploads/sites/5/2025/08/jpg-10047-scaled.jpg" />
	<meta property="og:image:width" content="1262" />
	<meta property="og:image:height" content="1920" />
	<meta property="og:image:type" content="image/jpeg" />
<meta name="twitter:card" content="summary_large_image" />
<meta name="twitter:label1" content="Ansl. lesetid" />
	<meta name="twitter:data1" content="2 minutter" />
<script type="application/ld+json" class="yoast-schema-graph">{"@context":"https://schema.org","@graph":[{"@type":"WebPage","@id":"https://staging.forenteforlag.no/pax/produkt/ikke-som-lam-til-slakt/","url":"https://staging.forenteforlag.no/pax/produkt/ikke-som-lam-til-slakt/","name":"Ikke som lam til slakt - Pax","isPartOf":{"@id":"https://staging.forenteforlag.no/pax/#website"},"primaryImageOfPage":{"@id":"https://staging.forenteforlag.no/pax/produkt/ikke-som-lam-til-slakt/#primaryimage"},"image":{"@id":"https://staging.forenteforlag.no/pax/produkt/ikke-som-lam-til-slakt/#primaryimage"},"thumbnailUrl":"https://staging.forenteforlag.no/pax/wp-content/uploads/sites/5/2025/08/jpg-10047-scaled.jpg","datePublished":"2024-09-20T00:00:00+00:00","dateModified":"2026-02-05T10:34:40+00:00","breadcrumb":{"@id":"https://staging.forenteforlag.no/pax/produkt/ikke-som-lam-til-slakt/#breadcrumb"},"inLanguage":"nb-NO","potentialAction":[{"@type":"ReadAction","target":["https://staging.forenteforlag.no/pax/produkt/ikke-som-lam-til-slakt/"]}]},{"@type":"ImageObject","inLanguage":"nb-NO","@id":"https://staging.forenteforlag.no/pax/produkt/ikke-som-lam-til-slakt/#primaryimage","url":"https://staging.forenteforlag.no/pax/wp-content/uploads/sites/5/2025/08/jpg-10047-scaled.jpg","contentUrl":"https://staging.forenteforlag.no/pax/wp-content/uploads/sites/5/2025/08/jpg-10047-scaled.jpg","width":1262,"height":1920},{"@type":"BreadcrumbList","@id":"https://staging.forenteforlag.no/pax/produkt/ikke-som-lam-til-slakt/#breadcrumb","itemListElement":[{"@type":"ListItem","position":1,"name":"Hjem","item":"https://staging.forenteforlag.no/pax/"},{"@type":"ListItem","position":2,"name":"Alle bøker","item":"https://staging.forenteforlag.no/pax/butikk/"},{"@type":"ListItem","position":3,"name":"Ikke som lam til slakt"}]},{"@type":"WebSite","@id":"https://staging.forenteforlag.no/pax/#website","url":"https://staging.forenteforlag.no/pax/","name":"Pax","description":"","potentialAction":[{"@type":"SearchAction","target":{"@type":"EntryPoint","urlTemplate":"https://staging.forenteforlag.no/pax/?s={search_term_string}"},"query-input":{"@type":"PropertyValueSpecification","valueRequired":true,"valueName":"search_term_string"}}],"inLanguage":"nb-NO"}]}</script>
<!-- / Yoast SEO plugin. -->

Denne boken utfordrer alt vi trodde vi visste om Holocaust.Hvorfor gjorde ikke jødene motstand under Holocaust? Det spørsmålet var utgangspunktet for denne boken, et utgangspunkt som viste seg å være helt feil. I stedet har Kenneth Hermele gravd frem en helt ukjent historie, en historie som slår beina under alle myter om jøders passivitet. I [&hellip;]

Alle bøker
