{"id":20418,"date":"2023-03-16T01:00:00","date_gmt":"2023-03-16T00:00:00","guid":{"rendered":"https:\/\/pax.forenteforlag.no\/produkt\/historier-om-ugress\/"},"modified":"2026-02-09T05:40:43","modified_gmt":"2026-02-09T04:40:43","slug":"historier-om-ugress","status":"publish","type":"product","link":"https:\/\/staging.forenteforlag.no\/pax\/produkt\/historier-om-ugress\/","title":{"rendered":"Historier om ugress"},"content":{"rendered":"<p>Noen planter vokser p\u00e5 feil sted. Andre planter er vakre, men s\u00e5 livskraftige at de ikke slipper til andre vekster. Enkelte planter liker vi ikke utseende p\u00e5, s\u00e5 vi fjerner dem. Alle har de det til felles at vi betrakter dem som ugress. <\/p>\n<p>I dag, i en verden hvor menneskeskapte klimaendringer truer verdens matsikkerhet og artsmangfoldet p\u00e5 kloden, m\u00e5 vi jobbe aktivt for et mer variert planteliv. I denne boken sl\u00e5r planteentusiast Knut Langeland et slag for noen av v\u00e5re mest trofaste, og iblant u\u00f8nskede, vekster i planteriket, deres bruksomr\u00e5der og kulturhistorie.  <\/p>\n<p>Plantene presenteres med herbarieark fra samlingen ved Naturhistorisk museum i Oslo, sammen med forfatterens egne fotografier. Boken inneholder ogs\u00e5 en lettfattelig innf\u00f8ring i hvordan du lager et herbarium &#8211; gjerne av ugressplanter. Til glede for en selv og for kommende generasjoner. <\/p>\n","protected":false},"excerpt":{"rendered":"<p>Noen planter vokser p\u00e5 feil sted. Andre planter er vakre, men s\u00e5 livskraftige at de ikke slipper til andre vekster. Enkelte planter liker vi ikke utseende p\u00e5, s\u00e5 vi fjerner dem. Alle har de det til felles at vi betrakter dem som ugress. I dag, i en verden hvor menneskeskapte klimaendringer truer verdens matsikkerhet og [&hellip;]<\/p>\n","protected":false},"featured_media":29303,"template":"","meta":{"_acf_changed":false,"inline_featured_image":false},"product_brand":[],"product_cat":[1782,29],"product_tag":[362],"class_list":{"0":"post-20418","1":"product","2":"type-product","3":"status-publish","4":"has-post-thumbnail","6":"product_cat-fripris","7":"product_cat-natur-friluftsliv-og-sport","8":"product_tag-faglitteratur","9":"pa_format-innbundet","11":"first","12":"outofstock","13":"shipping-taxable","14":"purchasable","15":"product-type-simple"},"acf":{"anmeldelse":null},"yoast_head":"<!-- This site is optimized with the Yoast SEO plugin v26.6 - https:\/\/yoast.com\/wordpress\/plugins\/seo\/ -->\n<title>Historier om ugress - Pax<\/title>\n<meta name=\"robots\" content=\"noindex, follow, max-snippet:-1, max-image-preview:large, max-video-preview:-1\" \/>\n<meta property=\"og:locale\" content=\"nb_NO\" \/>\n<meta property=\"og:type\" content=\"article\" \/>\n<meta property=\"og:title\" content=\"Historier om ugress - Pax\" \/>\n<meta property=\"og:description\" content=\"Noen planter vokser p\u00e5 feil sted. Andre planter er vakre, men s\u00e5 livskraftige at de ikke slipper til andre vekster. Enkelte planter liker vi ikke utseende p\u00e5, s\u00e5 vi fjerner dem. Alle har de det til felles at vi betrakter dem som ugress. I dag, i en verden hvor menneskeskapte klimaendringer truer verdens matsikkerhet og [&hellip;]\" \/>\n<meta property=\"og:url\" content=\"https:\/\/staging.forenteforlag.no\/pax\/produkt\/historier-om-ugress\/\" \/>\n<meta property=\"og:site_name\" content=\"Pax\" \/>\n<meta property=\"article:modified_time\" content=\"2026-02-09T04:40:43+00:00\" \/>\n<meta property=\"og:image\" content=\"https:\/\/staging.forenteforlag.no\/pax\/wp-content\/uploads\/sites\/5\/2025\/08\/jpg-9547-scaled-1-scaled.jpg\" \/>\n\t<meta property=\"og:image:width\" content=\"1372\" \/>\n\t<meta property=\"og:image:height\" content=\"1920\" \/>\n\t<meta property=\"og:image:type\" content=\"image\/jpeg\" \/>\n<meta name=\"twitter:card\" content=\"summary_large_image\" \/>\n<meta name=\"twitter:label1\" content=\"Ansl. lesetid\" \/>\n\t<meta name=\"twitter:data1\" content=\"1 minutt\" \/>\n<script type=\"application\/ld+json\" class=\"yoast-schema-graph\">{\"@context\":\"https:\/\/schema.org\",\"@graph\":[{\"@type\":\"WebPage\",\"@id\":\"https:\/\/staging.forenteforlag.no\/pax\/produkt\/historier-om-ugress\/\",\"url\":\"https:\/\/staging.forenteforlag.no\/pax\/produkt\/historier-om-ugress\/\",\"name\":\"Historier om ugress - Pax\",\"isPartOf\":{\"@id\":\"https:\/\/staging.forenteforlag.no\/pax\/#website\"},\"primaryImageOfPage\":{\"@id\":\"https:\/\/staging.forenteforlag.no\/pax\/produkt\/historier-om-ugress\/#primaryimage\"},\"image\":{\"@id\":\"https:\/\/staging.forenteforlag.no\/pax\/produkt\/historier-om-ugress\/#primaryimage\"},\"thumbnailUrl\":\"https:\/\/staging.forenteforlag.no\/pax\/wp-content\/uploads\/sites\/5\/2025\/08\/jpg-9547-scaled-1-scaled.jpg\",\"datePublished\":\"2023-03-16T00:00:00+00:00\",\"dateModified\":\"2026-02-09T04:40:43+00:00\",\"breadcrumb\":{\"@id\":\"https:\/\/staging.forenteforlag.no\/pax\/produkt\/historier-om-ugress\/#breadcrumb\"},\"inLanguage\":\"nb-NO\",\"potentialAction\":[{\"@type\":\"ReadAction\",\"target\":[\"https:\/\/staging.forenteforlag.no\/pax\/produkt\/historier-om-ugress\/\"]}]},{\"@type\":\"ImageObject\",\"inLanguage\":\"nb-NO\",\"@id\":\"https:\/\/staging.forenteforlag.no\/pax\/produkt\/historier-om-ugress\/#primaryimage\",\"url\":\"https:\/\/staging.forenteforlag.no\/pax\/wp-content\/uploads\/sites\/5\/2025\/08\/jpg-9547-scaled-1-scaled.jpg\",\"contentUrl\":\"https:\/\/staging.forenteforlag.no\/pax\/wp-content\/uploads\/sites\/5\/2025\/08\/jpg-9547-scaled-1-scaled.jpg\",\"width\":1372,\"height\":1920},{\"@type\":\"BreadcrumbList\",\"@id\":\"https:\/\/staging.forenteforlag.no\/pax\/produkt\/historier-om-ugress\/#breadcrumb\",\"itemListElement\":[{\"@type\":\"ListItem\",\"position\":1,\"name\":\"Hjem\",\"item\":\"https:\/\/staging.forenteforlag.no\/pax\/\"},{\"@type\":\"ListItem\",\"position\":2,\"name\":\"Alle b\u00f8ker\",\"item\":\"https:\/\/staging.forenteforlag.no\/pax\/butikk\/\"},{\"@type\":\"ListItem\",\"position\":3,\"name\":\"Historier om ugress\"}]},{\"@type\":\"WebSite\",\"@id\":\"https:\/\/staging.forenteforlag.no\/pax\/#website\",\"url\":\"https:\/\/staging.forenteforlag.no\/pax\/\",\"name\":\"Pax\",\"description\":\"\",\"potentialAction\":[{\"@type\":\"SearchAction\",\"target\":{\"@type\":\"EntryPoint\",\"urlTemplate\":\"https:\/\/staging.forenteforlag.no\/pax\/?s={search_term_string}\"},\"query-input\":{\"@type\":\"PropertyValueSpecification\",\"valueRequired\":true,\"valueName\":\"search_term_string\"}}],\"inLanguage\":\"nb-NO\"}]}<\/script>\n<!-- \/ Yoast SEO plugin. -->","yoast_head_json":{"title":"Historier om ugress - Pax","robots":{"index":"noindex","follow":"follow","max-snippet":"max-snippet:-1","max-image-preview":"max-image-preview:large","max-video-preview":"max-video-preview:-1"},"og_locale":"nb_NO","og_type":"article","og_title":"Historier om ugress - Pax","og_description":"Noen planter vokser p\u00e5 feil sted. Andre planter er vakre, men s\u00e5 livskraftige at de ikke slipper til andre vekster. Enkelte planter liker vi ikke utseende p\u00e5, s\u00e5 vi fjerner dem. Alle har de det til felles at vi betrakter dem som ugress. I dag, i en verden hvor menneskeskapte klimaendringer truer verdens matsikkerhet og [&hellip;]","og_url":"https:\/\/staging.forenteforlag.no\/pax\/produkt\/historier-om-ugress\/","og_site_name":"Pax","article_modified_time":"2026-02-09T04:40:43+00:00","og_image":[{"width":1372,"height":1920,"url":"https:\/\/staging.forenteforlag.no\/pax\/wp-content\/uploads\/sites\/5\/2025\/08\/jpg-9547-scaled-1-scaled.jpg","type":"image\/jpeg"}],"twitter_card":"summary_large_image","twitter_misc":{"Ansl. lesetid":"1 minutt"},"schema":{"@context":"https:\/\/schema.org","@graph":[{"@type":"WebPage","@id":"https:\/\/staging.forenteforlag.no\/pax\/produkt\/historier-om-ugress\/","url":"https:\/\/staging.forenteforlag.no\/pax\/produkt\/historier-om-ugress\/","name":"Historier om ugress - Pax","isPartOf":{"@id":"https:\/\/staging.forenteforlag.no\/pax\/#website"},"primaryImageOfPage":{"@id":"https:\/\/staging.forenteforlag.no\/pax\/produkt\/historier-om-ugress\/#primaryimage"},"image":{"@id":"https:\/\/staging.forenteforlag.no\/pax\/produkt\/historier-om-ugress\/#primaryimage"},"thumbnailUrl":"https:\/\/staging.forenteforlag.no\/pax\/wp-content\/uploads\/sites\/5\/2025\/08\/jpg-9547-scaled-1-scaled.jpg","datePublished":"2023-03-16T00:00:00+00:00","dateModified":"2026-02-09T04:40:43+00:00","breadcrumb":{"@id":"https:\/\/staging.forenteforlag.no\/pax\/produkt\/historier-om-ugress\/#breadcrumb"},"inLanguage":"nb-NO","potentialAction":[{"@type":"ReadAction","target":["https:\/\/staging.forenteforlag.no\/pax\/produkt\/historier-om-ugress\/"]}]},{"@type":"ImageObject","inLanguage":"nb-NO","@id":"https:\/\/staging.forenteforlag.no\/pax\/produkt\/historier-om-ugress\/#primaryimage","url":"https:\/\/staging.forenteforlag.no\/pax\/wp-content\/uploads\/sites\/5\/2025\/08\/jpg-9547-scaled-1-scaled.jpg","contentUrl":"https:\/\/staging.forenteforlag.no\/pax\/wp-content\/uploads\/sites\/5\/2025\/08\/jpg-9547-scaled-1-scaled.jpg","width":1372,"height":1920},{"@type":"BreadcrumbList","@id":"https:\/\/staging.forenteforlag.no\/pax\/produkt\/historier-om-ugress\/#breadcrumb","itemListElement":[{"@type":"ListItem","position":1,"name":"Hjem","item":"https:\/\/staging.forenteforlag.no\/pax\/"},{"@type":"ListItem","position":2,"name":"Alle b\u00f8ker","item":"https:\/\/staging.forenteforlag.no\/pax\/butikk\/"},{"@type":"ListItem","position":3,"name":"Historier om ugress"}]},{"@type":"WebSite","@id":"https:\/\/staging.forenteforlag.no\/pax\/#website","url":"https:\/\/staging.forenteforlag.no\/pax\/","name":"Pax","description":"","potentialAction":[{"@type":"SearchAction","target":{"@type":"EntryPoint","urlTemplate":"https:\/\/staging.forenteforlag.no\/pax\/?s={search_term_string}"},"query-input":{"@type":"PropertyValueSpecification","valueRequired":true,"valueName":"search_term_string"}}],"inLanguage":"nb-NO"}]}},"_links":{"self":[{"href":"https:\/\/staging.forenteforlag.no\/pax\/wp-json\/wp\/v2\/product\/20418","targetHints":{"allow":["GET"]}}],"collection":[{"href":"https:\/\/staging.forenteforlag.no\/pax\/wp-json\/wp\/v2\/product"}],"about":[{"href":"https:\/\/staging.forenteforlag.no\/pax\/wp-json\/wp\/v2\/types\/product"}],"wp:featuredmedia":[{"embeddable":true,"href":"https:\/\/staging.forenteforlag.no\/pax\/wp-json\/wp\/v2\/media\/29303"}],"wp:attachment":[{"href":"https:\/\/staging.forenteforlag.no\/pax\/wp-json\/wp\/v2\/media?parent=20418"}],"wp:term":[{"taxonomy":"product_brand","embeddable":true,"href":"https:\/\/staging.forenteforlag.no\/pax\/wp-json\/wp\/v2\/product_brand?post=20418"},{"taxonomy":"product_cat","embeddable":true,"href":"https:\/\/staging.forenteforlag.no\/pax\/wp-json\/wp\/v2\/product_cat?post=20418"},{"taxonomy":"product_tag","embeddable":true,"href":"https:\/\/staging.forenteforlag.no\/pax\/wp-json\/wp\/v2\/product_tag?post=20418"}],"curies":[{"name":"wp","href":"https:\/\/api.w.org\/{rel}","templated":true}]}}