{"id":20398,"date":"2020-09-01T02:00:00","date_gmt":"2020-09-01T00:00:00","guid":{"rendered":"https:\/\/pax.forenteforlag.no\/produkt\/grenselosene-3\/"},"modified":"2026-03-03T23:03:03","modified_gmt":"2026-03-03T22:03:03","slug":"grenselosene-3","status":"publish","type":"product","link":"https:\/\/staging.forenteforlag.no\/pax\/produkt\/grenselosene-3\/","title":{"rendered":"Grenselosene"},"content":{"rendered":"<p>Langs hele svenskegrensa bodde det nordmenn som under krigen loset flyktninger gjennom skog, over sj\u00f8 og fjell, til tryggheten i Sverige. De var menn og kvinner, barn og ungdommer, omtrent tusen i alt. De meldte seg ikke til helted\u00e5d. De var vanlige mennesker som bodde p\u00e5 strategiske steder og forstod at andres liv avhang av dem. Flyktningene var motstandsfolk, tyske desert\u00f8rer, j\u00f8der, russere, jugoslaver, polakker, syke, friske, unge, gamle eller gravide. Som grenselos kunne man aldri vite hva som ventet i l\u00f8pet av turen, som ofte tok flere dager. Alltid med frykten for \u00e5 bli oppdaget av grensepolitiet, av tyske soldater eller \u00e5 bli infiltrert av falsk hjemmefront. Det var d\u00f8dsstraff for \u00e5 hjelpe flyktninger over grensa. Nervepresset var enormt. Men der andre motstandsfolk ble helter etter krigen, ble losenes innsats hverken anerkjent eller husket.<\/p>\n","protected":false},"excerpt":{"rendered":"<p>Langs hele svenskegrensa bodde det nordmenn som under krigen loset flyktninger gjennom skog, over sj\u00f8 og fjell, til tryggheten i Sverige. De var menn og kvinner, barn og ungdommer, omtrent tusen i alt. De meldte seg ikke til helted\u00e5d. De var vanlige mennesker som bodde p\u00e5 strategiske steder og forstod at andres liv avhang av [&hellip;]<\/p>\n","protected":false},"featured_media":28858,"template":"","meta":{"_acf_changed":false,"inline_featured_image":false},"product_brand":[],"product_cat":[1782],"product_tag":[362],"class_list":{"0":"post-20398","1":"product","2":"type-product","3":"status-publish","4":"has-post-thumbnail","6":"product_cat-fripris","7":"product_tag-faglitteratur","9":"first","10":"instock","11":"shipping-taxable","12":"purchasable","13":"product-type-simple"},"acf":{"anmeldelse":[{"tekst_anmeldelser":"\u00abI sin bok 'Grenselosene' f\u00f8lger Hege Kofstad to grenselos-familier p\u00e5 g\u00e5rder i Akershus og Tr\u00f8ndelag gjennom krigen. Dette er en veldig tilgjengelig og engasjerende bok, som likevel er solid kildebasert. [\u2026] Kofstad viser at man fint kan forf\u00f8lge enkeltskjebner og samtidig skrive noe mer enn personalhistorie fordi den store konteksten og det generelle til en viss grad kan forutsettes kjent\u00bb","av_anmeldelser":"Eivind Tj\u00f8nneland","terningkast":false,"kilde":"Prosa"},{"tekst_anmeldelser":"\u00abEn bok som varmt anbefales for de som er interessert i annen verdenskrig.\u00bb","av_anmeldelser":"Kristin Selnes","terningkast":"<i class=\"fa-solid fa-dice-five\"><\/i>","kilde":"Bookis.no"},{"tekst_anmeldelser":"\u00abHistoriene om hvordan de ble rekruttert til den livsfarlige trafikken, og om tvilen de f\u00f8lte gjennom \u00e5rene med aktiv flyktningtrafikk, er sterke. Kofstad f\u00e5r frem hvordan ogs\u00e5 helter er redde, f\u00e5r problemer med familien og har lyst til \u00e5 gi opp. [\u2026] Som en heder til grenselosenes innsats fungerer historiene hennes godt. Boken kommer etter at s\u00e5 godt som alle de aktive er d\u00f8de. De hadde fortjent \u00e5 lese en slik bok, som en takk for innsatsen.\u00bb","av_anmeldelser":"Gunnar Kagge","terningkast":false,"kilde":"Aftenposten"},{"tekst_anmeldelser":"\u00abVelskrevet og viktig om deler av krigshistorien som ikke har f\u00e5tt den fokus den fortjener.\u00bb","av_anmeldelser":"\u00d8rjan Greiff Johnsen","terningkast":"<i class=\"fa-solid fa-dice-five\"><\/i>","kilde":"Adresseavisen"}]},"yoast_head":"<!-- This site is optimized with the Yoast SEO plugin v26.6 - https:\/\/yoast.com\/wordpress\/plugins\/seo\/ -->\n<title>Grenselosene - Pax<\/title>\n<meta name=\"robots\" content=\"noindex, follow, max-snippet:-1, max-image-preview:large, max-video-preview:-1\" \/>\n<meta property=\"og:locale\" content=\"nb_NO\" \/>\n<meta property=\"og:type\" content=\"article\" \/>\n<meta property=\"og:title\" content=\"Grenselosene - Pax\" \/>\n<meta property=\"og:description\" content=\"Langs hele svenskegrensa bodde det nordmenn som under krigen loset flyktninger gjennom skog, over sj\u00f8 og fjell, til tryggheten i Sverige. De var menn og kvinner, barn og ungdommer, omtrent tusen i alt. De meldte seg ikke til helted\u00e5d. De var vanlige mennesker som bodde p\u00e5 strategiske steder og forstod at andres liv avhang av [&hellip;]\" \/>\n<meta property=\"og:url\" content=\"https:\/\/staging.forenteforlag.no\/pax\/produkt\/grenselosene-3\/\" \/>\n<meta property=\"og:site_name\" content=\"Pax\" \/>\n<meta property=\"article:modified_time\" content=\"2026-03-03T22:03:03+00:00\" \/>\n<meta property=\"og:image\" content=\"https:\/\/staging.forenteforlag.no\/pax\/wp-content\/uploads\/sites\/5\/2025\/08\/jpg-8187.jpg\" \/>\n\t<meta property=\"og:image:width\" content=\"238\" \/>\n\t<meta property=\"og:image:height\" content=\"333\" \/>\n\t<meta property=\"og:image:type\" content=\"image\/jpeg\" \/>\n<meta name=\"twitter:card\" content=\"summary_large_image\" \/>\n<meta name=\"twitter:label1\" content=\"Ansl. lesetid\" \/>\n\t<meta name=\"twitter:data1\" content=\"1 minutt\" \/>\n<script type=\"application\/ld+json\" class=\"yoast-schema-graph\">{\"@context\":\"https:\/\/schema.org\",\"@graph\":[{\"@type\":\"WebPage\",\"@id\":\"https:\/\/staging.forenteforlag.no\/pax\/produkt\/grenselosene-3\/\",\"url\":\"https:\/\/staging.forenteforlag.no\/pax\/produkt\/grenselosene-3\/\",\"name\":\"Grenselosene - Pax\",\"isPartOf\":{\"@id\":\"https:\/\/staging.forenteforlag.no\/pax\/#website\"},\"primaryImageOfPage\":{\"@id\":\"https:\/\/staging.forenteforlag.no\/pax\/produkt\/grenselosene-3\/#primaryimage\"},\"image\":{\"@id\":\"https:\/\/staging.forenteforlag.no\/pax\/produkt\/grenselosene-3\/#primaryimage\"},\"thumbnailUrl\":\"https:\/\/staging.forenteforlag.no\/pax\/wp-content\/uploads\/sites\/5\/2025\/08\/jpg-8187.jpg\",\"datePublished\":\"2020-09-01T00:00:00+00:00\",\"dateModified\":\"2026-03-03T22:03:03+00:00\",\"breadcrumb\":{\"@id\":\"https:\/\/staging.forenteforlag.no\/pax\/produkt\/grenselosene-3\/#breadcrumb\"},\"inLanguage\":\"nb-NO\",\"potentialAction\":[{\"@type\":\"ReadAction\",\"target\":[\"https:\/\/staging.forenteforlag.no\/pax\/produkt\/grenselosene-3\/\"]}]},{\"@type\":\"ImageObject\",\"inLanguage\":\"nb-NO\",\"@id\":\"https:\/\/staging.forenteforlag.no\/pax\/produkt\/grenselosene-3\/#primaryimage\",\"url\":\"https:\/\/staging.forenteforlag.no\/pax\/wp-content\/uploads\/sites\/5\/2025\/08\/jpg-8187.jpg\",\"contentUrl\":\"https:\/\/staging.forenteforlag.no\/pax\/wp-content\/uploads\/sites\/5\/2025\/08\/jpg-8187.jpg\",\"width\":238,\"height\":333},{\"@type\":\"BreadcrumbList\",\"@id\":\"https:\/\/staging.forenteforlag.no\/pax\/produkt\/grenselosene-3\/#breadcrumb\",\"itemListElement\":[{\"@type\":\"ListItem\",\"position\":1,\"name\":\"Hjem\",\"item\":\"https:\/\/staging.forenteforlag.no\/pax\/\"},{\"@type\":\"ListItem\",\"position\":2,\"name\":\"Alle b\u00f8ker\",\"item\":\"https:\/\/staging.forenteforlag.no\/pax\/butikk\/\"},{\"@type\":\"ListItem\",\"position\":3,\"name\":\"Grenselosene\"}]},{\"@type\":\"WebSite\",\"@id\":\"https:\/\/staging.forenteforlag.no\/pax\/#website\",\"url\":\"https:\/\/staging.forenteforlag.no\/pax\/\",\"name\":\"Pax\",\"description\":\"\",\"potentialAction\":[{\"@type\":\"SearchAction\",\"target\":{\"@type\":\"EntryPoint\",\"urlTemplate\":\"https:\/\/staging.forenteforlag.no\/pax\/?s={search_term_string}\"},\"query-input\":{\"@type\":\"PropertyValueSpecification\",\"valueRequired\":true,\"valueName\":\"search_term_string\"}}],\"inLanguage\":\"nb-NO\"}]}<\/script>\n<!-- \/ Yoast SEO plugin. -->","yoast_head_json":{"title":"Grenselosene - Pax","robots":{"index":"noindex","follow":"follow","max-snippet":"max-snippet:-1","max-image-preview":"max-image-preview:large","max-video-preview":"max-video-preview:-1"},"og_locale":"nb_NO","og_type":"article","og_title":"Grenselosene - Pax","og_description":"Langs hele svenskegrensa bodde det nordmenn som under krigen loset flyktninger gjennom skog, over sj\u00f8 og fjell, til tryggheten i Sverige. De var menn og kvinner, barn og ungdommer, omtrent tusen i alt. De meldte seg ikke til helted\u00e5d. De var vanlige mennesker som bodde p\u00e5 strategiske steder og forstod at andres liv avhang av [&hellip;]","og_url":"https:\/\/staging.forenteforlag.no\/pax\/produkt\/grenselosene-3\/","og_site_name":"Pax","article_modified_time":"2026-03-03T22:03:03+00:00","og_image":[{"width":238,"height":333,"url":"https:\/\/staging.forenteforlag.no\/pax\/wp-content\/uploads\/sites\/5\/2025\/08\/jpg-8187.jpg","type":"image\/jpeg"}],"twitter_card":"summary_large_image","twitter_misc":{"Ansl. lesetid":"1 minutt"},"schema":{"@context":"https:\/\/schema.org","@graph":[{"@type":"WebPage","@id":"https:\/\/staging.forenteforlag.no\/pax\/produkt\/grenselosene-3\/","url":"https:\/\/staging.forenteforlag.no\/pax\/produkt\/grenselosene-3\/","name":"Grenselosene - Pax","isPartOf":{"@id":"https:\/\/staging.forenteforlag.no\/pax\/#website"},"primaryImageOfPage":{"@id":"https:\/\/staging.forenteforlag.no\/pax\/produkt\/grenselosene-3\/#primaryimage"},"image":{"@id":"https:\/\/staging.forenteforlag.no\/pax\/produkt\/grenselosene-3\/#primaryimage"},"thumbnailUrl":"https:\/\/staging.forenteforlag.no\/pax\/wp-content\/uploads\/sites\/5\/2025\/08\/jpg-8187.jpg","datePublished":"2020-09-01T00:00:00+00:00","dateModified":"2026-03-03T22:03:03+00:00","breadcrumb":{"@id":"https:\/\/staging.forenteforlag.no\/pax\/produkt\/grenselosene-3\/#breadcrumb"},"inLanguage":"nb-NO","potentialAction":[{"@type":"ReadAction","target":["https:\/\/staging.forenteforlag.no\/pax\/produkt\/grenselosene-3\/"]}]},{"@type":"ImageObject","inLanguage":"nb-NO","@id":"https:\/\/staging.forenteforlag.no\/pax\/produkt\/grenselosene-3\/#primaryimage","url":"https:\/\/staging.forenteforlag.no\/pax\/wp-content\/uploads\/sites\/5\/2025\/08\/jpg-8187.jpg","contentUrl":"https:\/\/staging.forenteforlag.no\/pax\/wp-content\/uploads\/sites\/5\/2025\/08\/jpg-8187.jpg","width":238,"height":333},{"@type":"BreadcrumbList","@id":"https:\/\/staging.forenteforlag.no\/pax\/produkt\/grenselosene-3\/#breadcrumb","itemListElement":[{"@type":"ListItem","position":1,"name":"Hjem","item":"https:\/\/staging.forenteforlag.no\/pax\/"},{"@type":"ListItem","position":2,"name":"Alle b\u00f8ker","item":"https:\/\/staging.forenteforlag.no\/pax\/butikk\/"},{"@type":"ListItem","position":3,"name":"Grenselosene"}]},{"@type":"WebSite","@id":"https:\/\/staging.forenteforlag.no\/pax\/#website","url":"https:\/\/staging.forenteforlag.no\/pax\/","name":"Pax","description":"","potentialAction":[{"@type":"SearchAction","target":{"@type":"EntryPoint","urlTemplate":"https:\/\/staging.forenteforlag.no\/pax\/?s={search_term_string}"},"query-input":{"@type":"PropertyValueSpecification","valueRequired":true,"valueName":"search_term_string"}}],"inLanguage":"nb-NO"}]}},"_links":{"self":[{"href":"https:\/\/staging.forenteforlag.no\/pax\/wp-json\/wp\/v2\/product\/20398","targetHints":{"allow":["GET"]}}],"collection":[{"href":"https:\/\/staging.forenteforlag.no\/pax\/wp-json\/wp\/v2\/product"}],"about":[{"href":"https:\/\/staging.forenteforlag.no\/pax\/wp-json\/wp\/v2\/types\/product"}],"wp:featuredmedia":[{"embeddable":true,"href":"https:\/\/staging.forenteforlag.no\/pax\/wp-json\/wp\/v2\/media\/28858"}],"wp:attachment":[{"href":"https:\/\/staging.forenteforlag.no\/pax\/wp-json\/wp\/v2\/media?parent=20398"}],"wp:term":[{"taxonomy":"product_brand","embeddable":true,"href":"https:\/\/staging.forenteforlag.no\/pax\/wp-json\/wp\/v2\/product_brand?post=20398"},{"taxonomy":"product_cat","embeddable":true,"href":"https:\/\/staging.forenteforlag.no\/pax\/wp-json\/wp\/v2\/product_cat?post=20398"},{"taxonomy":"product_tag","embeddable":true,"href":"https:\/\/staging.forenteforlag.no\/pax\/wp-json\/wp\/v2\/product_tag?post=20398"}],"curies":[{"name":"wp","href":"https:\/\/api.w.org\/{rel}","templated":true}]}}