{"id":20394,"date":"2022-09-01T02:00:00","date_gmt":"2022-09-01T00:00:00","guid":{"rendered":"https:\/\/pax.forenteforlag.no\/produkt\/stoy\/"},"modified":"2026-03-03T23:09:18","modified_gmt":"2026-03-03T22:09:18","slug":"stoy","status":"publish","type":"product","link":"https:\/\/staging.forenteforlag.no\/pax\/produkt\/stoy\/","title":{"rendered":"St\u00f8y"},"content":{"rendered":"<p>Se for deg at to leger i samme by gir totalt ulike diagnoser til identiske pasienter &#8211; eller at to dommere ved samme domstol id\u00f8mmer helt ulike straffer til folk som har beg\u00e5tt n\u00f8yaktig samme type kriminalitet. Sett at n\u00e5r et selskap behandler klager fra kundene, avhenger utfallet av hvilken kundebehandler som f\u00e5r jobben. Forestill deg videre at den samme legen, den samme dommeren eller kundebehandleren kommer til ulike resultater avhengig av om det er f\u00f8r eller etter lunsj, eller mandag fremfor fredag. Dette er eksempler p\u00e5 \u00abst\u00f8y\u00bb: variabilitet i avgj\u00f8relser som burde v\u00e6rt identiske. <\/p>\n<p>Gale beslutninger spiller en stor rolle i livet v\u00e5rt, ogs\u00e5 n\u00e5r mye st\u00e5r p\u00e5 spill. V\u00e5re vurderinger, og det inkluderer de s\u00e5kalte ekspertenes, er mye mer preget av tilfeldigheter enn vi er klar over. Men b\u00e5de enkeltmennesker og organisasjoner er som regel helt uvitende om i hvor stor grad tilfeldighetene herjer. <\/p>\n<p>I hvilken grad folk vil motsi sine egne tidligere avgj\u00f8relser n\u00e5r de presenteres for samme problemstilling p\u00e5 nytt, er en indikator p\u00e5 mengden st\u00f8y. Fenomenet reduserer kvaliteten p\u00e5 vurderinger og beslutninger over alt, i n\u00e6ringslivet, i privatlivet og i samfunnet for \u00f8vrig. <\/p>\n<p>Denne boken presenterer systemer for \u00e5 m\u00e5le st\u00f8y. Det viser seg dessverre at det ikke blir mindre st\u00f8y av at beslutningstakerne er erfarne. En mulig l\u00f8sning er i st\u00f8rre grad \u00e5 erstatte menneskelig vurdering med algoritmer, men ogs\u00e5 andre effektive metoder finnes &#8211; n\u00e5r man f\u00f8rst har blitt klar over problemet.<\/p>\n","protected":false},"excerpt":{"rendered":"<p>Se for deg at to leger i samme by gir totalt ulike diagnoser til identiske pasienter &#8211; eller at to dommere ved samme domstol id\u00f8mmer helt ulike straffer til folk som har beg\u00e5tt n\u00f8yaktig samme type kriminalitet. Sett at n\u00e5r et selskap behandler klager fra kundene, avhenger utfallet av hvilken kundebehandler som f\u00e5r jobben. Forestill [&hellip;]<\/p>\n","protected":false},"featured_media":28601,"template":"","meta":{"_acf_changed":false,"inline_featured_image":false},"product_brand":[],"product_cat":[1782],"product_tag":[362,1731],"class_list":{"0":"post-20394","1":"product","2":"type-product","3":"status-publish","4":"has-post-thumbnail","6":"product_cat-fripris","7":"product_tag-faglitteratur","8":"product_tag-vilje","10":"first","11":"instock","12":"shipping-taxable","13":"purchasable","14":"product-type-simple"},"acf":{"anmeldelse":[{"tekst_anmeldelser":"\u00abMan unng\u00e5r ikke \u00e5 se at v\u00e5re politiske liv og v\u00e5re arbeidsliv preges av analyse og datainnhenting i \u00f8kende grad. Men fancy modeller og prosesser reparerer ikke d\u00e5rlige data. Derfor b\u00f8r man lese St\u00f8y.\u00bb","av_anmeldelser":"Emilio Sanhueza","terningkast":false,"kilde":"Aftenposten"},{"tekst_anmeldelser":"\u00abOverbevisende \u2026 En ydmykende leksjon i un\u00f8yaktighet.\u00bb","av_anmeldelser":"Robert Armstrong","terningkast":false,"kilde":"Financial Times"},{"tekst_anmeldelser":"\u00abVi lever i et \u00f8yeblikk av voldsom polarisering og mistillit til de grunnleggende institusjonene i samfunnet. \u00c5 utrydde st\u00f8yen som f\u00f8rer til tilfeldige og urettferdige avgj\u00f8relser vil hjelpe oss \u00e5 gjenvinne tilliten til hverandre.\u00bb","av_anmeldelser":"Steven Brill","terningkast":false,"kilde":"The New York Times"},{"tekst_anmeldelser":"\u00abEn monumental, oppr\u00f8rende bok. Den er oppkvikkende ogs\u00e5.\u00bb","av_anmeldelser":"Bryan Appleyard","terningkast":false,"kilde":"Bryan Appleyard"},{"tekst_anmeldelser":"\u00abAlle akademikere, beslutningstakere, ledere og r\u00e5dgivere b\u00f8r lese denne boka \u2026 de vil redde liv og forhindre at tid, penger og talent g\u00e5r til spille.\u00bb","av_anmeldelser":"Robert Sutton","terningkast":false,"kilde":"The Washington Post"}]},"yoast_head":"<!-- This site is optimized with the Yoast SEO plugin v26.6 - https:\/\/yoast.com\/wordpress\/plugins\/seo\/ -->\n<title>St\u00f8y - Pax<\/title>\n<meta name=\"robots\" content=\"noindex, follow, max-snippet:-1, max-image-preview:large, max-video-preview:-1\" \/>\n<meta property=\"og:locale\" content=\"nb_NO\" \/>\n<meta property=\"og:type\" content=\"article\" \/>\n<meta property=\"og:title\" content=\"St\u00f8y - Pax\" \/>\n<meta property=\"og:description\" content=\"Se for deg at to leger i samme by gir totalt ulike diagnoser til identiske pasienter &#8211; eller at to dommere ved samme domstol id\u00f8mmer helt ulike straffer til folk som har beg\u00e5tt n\u00f8yaktig samme type kriminalitet. Sett at n\u00e5r et selskap behandler klager fra kundene, avhenger utfallet av hvilken kundebehandler som f\u00e5r jobben. Forestill [&hellip;]\" \/>\n<meta property=\"og:url\" content=\"https:\/\/staging.forenteforlag.no\/pax\/produkt\/stoy\/\" \/>\n<meta property=\"og:site_name\" content=\"Pax\" \/>\n<meta property=\"article:modified_time\" content=\"2026-03-03T22:09:18+00:00\" \/>\n<meta property=\"og:image\" content=\"https:\/\/staging.forenteforlag.no\/pax\/wp-content\/uploads\/sites\/5\/2025\/08\/jpg-7430-scaled-1-scaled.jpg\" \/>\n\t<meta property=\"og:image:width\" content=\"1274\" \/>\n\t<meta property=\"og:image:height\" content=\"1920\" \/>\n\t<meta property=\"og:image:type\" content=\"image\/jpeg\" \/>\n<meta name=\"twitter:card\" content=\"summary_large_image\" \/>\n<meta name=\"twitter:label1\" content=\"Ansl. lesetid\" \/>\n\t<meta name=\"twitter:data1\" content=\"1 minutt\" \/>\n<script type=\"application\/ld+json\" class=\"yoast-schema-graph\">{\"@context\":\"https:\/\/schema.org\",\"@graph\":[{\"@type\":\"WebPage\",\"@id\":\"https:\/\/staging.forenteforlag.no\/pax\/produkt\/stoy\/\",\"url\":\"https:\/\/staging.forenteforlag.no\/pax\/produkt\/stoy\/\",\"name\":\"St\u00f8y - Pax\",\"isPartOf\":{\"@id\":\"https:\/\/staging.forenteforlag.no\/pax\/#website\"},\"primaryImageOfPage\":{\"@id\":\"https:\/\/staging.forenteforlag.no\/pax\/produkt\/stoy\/#primaryimage\"},\"image\":{\"@id\":\"https:\/\/staging.forenteforlag.no\/pax\/produkt\/stoy\/#primaryimage\"},\"thumbnailUrl\":\"https:\/\/staging.forenteforlag.no\/pax\/wp-content\/uploads\/sites\/5\/2025\/08\/jpg-7430-scaled-1-scaled.jpg\",\"datePublished\":\"2022-09-01T00:00:00+00:00\",\"dateModified\":\"2026-03-03T22:09:18+00:00\",\"breadcrumb\":{\"@id\":\"https:\/\/staging.forenteforlag.no\/pax\/produkt\/stoy\/#breadcrumb\"},\"inLanguage\":\"nb-NO\",\"potentialAction\":[{\"@type\":\"ReadAction\",\"target\":[\"https:\/\/staging.forenteforlag.no\/pax\/produkt\/stoy\/\"]}]},{\"@type\":\"ImageObject\",\"inLanguage\":\"nb-NO\",\"@id\":\"https:\/\/staging.forenteforlag.no\/pax\/produkt\/stoy\/#primaryimage\",\"url\":\"https:\/\/staging.forenteforlag.no\/pax\/wp-content\/uploads\/sites\/5\/2025\/08\/jpg-7430-scaled-1-scaled.jpg\",\"contentUrl\":\"https:\/\/staging.forenteforlag.no\/pax\/wp-content\/uploads\/sites\/5\/2025\/08\/jpg-7430-scaled-1-scaled.jpg\",\"width\":1274,\"height\":1920},{\"@type\":\"BreadcrumbList\",\"@id\":\"https:\/\/staging.forenteforlag.no\/pax\/produkt\/stoy\/#breadcrumb\",\"itemListElement\":[{\"@type\":\"ListItem\",\"position\":1,\"name\":\"Hjem\",\"item\":\"https:\/\/staging.forenteforlag.no\/pax\/\"},{\"@type\":\"ListItem\",\"position\":2,\"name\":\"Alle b\u00f8ker\",\"item\":\"https:\/\/staging.forenteforlag.no\/pax\/butikk\/\"},{\"@type\":\"ListItem\",\"position\":3,\"name\":\"St\u00f8y\"}]},{\"@type\":\"WebSite\",\"@id\":\"https:\/\/staging.forenteforlag.no\/pax\/#website\",\"url\":\"https:\/\/staging.forenteforlag.no\/pax\/\",\"name\":\"Pax\",\"description\":\"\",\"potentialAction\":[{\"@type\":\"SearchAction\",\"target\":{\"@type\":\"EntryPoint\",\"urlTemplate\":\"https:\/\/staging.forenteforlag.no\/pax\/?s={search_term_string}\"},\"query-input\":{\"@type\":\"PropertyValueSpecification\",\"valueRequired\":true,\"valueName\":\"search_term_string\"}}],\"inLanguage\":\"nb-NO\"}]}<\/script>\n<!-- \/ Yoast SEO plugin. -->","yoast_head_json":{"title":"St\u00f8y - Pax","robots":{"index":"noindex","follow":"follow","max-snippet":"max-snippet:-1","max-image-preview":"max-image-preview:large","max-video-preview":"max-video-preview:-1"},"og_locale":"nb_NO","og_type":"article","og_title":"St\u00f8y - Pax","og_description":"Se for deg at to leger i samme by gir totalt ulike diagnoser til identiske pasienter &#8211; eller at to dommere ved samme domstol id\u00f8mmer helt ulike straffer til folk som har beg\u00e5tt n\u00f8yaktig samme type kriminalitet. Sett at n\u00e5r et selskap behandler klager fra kundene, avhenger utfallet av hvilken kundebehandler som f\u00e5r jobben. Forestill [&hellip;]","og_url":"https:\/\/staging.forenteforlag.no\/pax\/produkt\/stoy\/","og_site_name":"Pax","article_modified_time":"2026-03-03T22:09:18+00:00","og_image":[{"width":1274,"height":1920,"url":"https:\/\/staging.forenteforlag.no\/pax\/wp-content\/uploads\/sites\/5\/2025\/08\/jpg-7430-scaled-1-scaled.jpg","type":"image\/jpeg"}],"twitter_card":"summary_large_image","twitter_misc":{"Ansl. lesetid":"1 minutt"},"schema":{"@context":"https:\/\/schema.org","@graph":[{"@type":"WebPage","@id":"https:\/\/staging.forenteforlag.no\/pax\/produkt\/stoy\/","url":"https:\/\/staging.forenteforlag.no\/pax\/produkt\/stoy\/","name":"St\u00f8y - Pax","isPartOf":{"@id":"https:\/\/staging.forenteforlag.no\/pax\/#website"},"primaryImageOfPage":{"@id":"https:\/\/staging.forenteforlag.no\/pax\/produkt\/stoy\/#primaryimage"},"image":{"@id":"https:\/\/staging.forenteforlag.no\/pax\/produkt\/stoy\/#primaryimage"},"thumbnailUrl":"https:\/\/staging.forenteforlag.no\/pax\/wp-content\/uploads\/sites\/5\/2025\/08\/jpg-7430-scaled-1-scaled.jpg","datePublished":"2022-09-01T00:00:00+00:00","dateModified":"2026-03-03T22:09:18+00:00","breadcrumb":{"@id":"https:\/\/staging.forenteforlag.no\/pax\/produkt\/stoy\/#breadcrumb"},"inLanguage":"nb-NO","potentialAction":[{"@type":"ReadAction","target":["https:\/\/staging.forenteforlag.no\/pax\/produkt\/stoy\/"]}]},{"@type":"ImageObject","inLanguage":"nb-NO","@id":"https:\/\/staging.forenteforlag.no\/pax\/produkt\/stoy\/#primaryimage","url":"https:\/\/staging.forenteforlag.no\/pax\/wp-content\/uploads\/sites\/5\/2025\/08\/jpg-7430-scaled-1-scaled.jpg","contentUrl":"https:\/\/staging.forenteforlag.no\/pax\/wp-content\/uploads\/sites\/5\/2025\/08\/jpg-7430-scaled-1-scaled.jpg","width":1274,"height":1920},{"@type":"BreadcrumbList","@id":"https:\/\/staging.forenteforlag.no\/pax\/produkt\/stoy\/#breadcrumb","itemListElement":[{"@type":"ListItem","position":1,"name":"Hjem","item":"https:\/\/staging.forenteforlag.no\/pax\/"},{"@type":"ListItem","position":2,"name":"Alle b\u00f8ker","item":"https:\/\/staging.forenteforlag.no\/pax\/butikk\/"},{"@type":"ListItem","position":3,"name":"St\u00f8y"}]},{"@type":"WebSite","@id":"https:\/\/staging.forenteforlag.no\/pax\/#website","url":"https:\/\/staging.forenteforlag.no\/pax\/","name":"Pax","description":"","potentialAction":[{"@type":"SearchAction","target":{"@type":"EntryPoint","urlTemplate":"https:\/\/staging.forenteforlag.no\/pax\/?s={search_term_string}"},"query-input":{"@type":"PropertyValueSpecification","valueRequired":true,"valueName":"search_term_string"}}],"inLanguage":"nb-NO"}]}},"_links":{"self":[{"href":"https:\/\/staging.forenteforlag.no\/pax\/wp-json\/wp\/v2\/product\/20394","targetHints":{"allow":["GET"]}}],"collection":[{"href":"https:\/\/staging.forenteforlag.no\/pax\/wp-json\/wp\/v2\/product"}],"about":[{"href":"https:\/\/staging.forenteforlag.no\/pax\/wp-json\/wp\/v2\/types\/product"}],"wp:featuredmedia":[{"embeddable":true,"href":"https:\/\/staging.forenteforlag.no\/pax\/wp-json\/wp\/v2\/media\/28601"}],"wp:attachment":[{"href":"https:\/\/staging.forenteforlag.no\/pax\/wp-json\/wp\/v2\/media?parent=20394"}],"wp:term":[{"taxonomy":"product_brand","embeddable":true,"href":"https:\/\/staging.forenteforlag.no\/pax\/wp-json\/wp\/v2\/product_brand?post=20394"},{"taxonomy":"product_cat","embeddable":true,"href":"https:\/\/staging.forenteforlag.no\/pax\/wp-json\/wp\/v2\/product_cat?post=20394"},{"taxonomy":"product_tag","embeddable":true,"href":"https:\/\/staging.forenteforlag.no\/pax\/wp-json\/wp\/v2\/product_tag?post=20394"}],"curies":[{"name":"wp","href":"https:\/\/api.w.org\/{rel}","templated":true}]}}