{"id":20363,"date":"2015-08-26T02:00:00","date_gmt":"2015-08-26T00:00:00","guid":{"rendered":"https:\/\/pax.forenteforlag.no\/produkt\/dommernes-krig\/"},"modified":"2025-08-27T11:51:40","modified_gmt":"2025-08-27T09:51:40","slug":"dommernes-krig","status":"publish","type":"product","link":"https:\/\/staging.forenteforlag.no\/pax\/produkt\/dommernes-krig\/","title":{"rendered":"Dommernes krig"},"content":{"rendered":"<p>Klarte domstoler og dommere \u00e5 bevare sin uavhengighet under andre verdenskrig? Hvilken betydning fikk Nasjonal Samlings rettssyn? Hvordan foregikk det politiske presset mot domstolene og nazifiseringen av rettsvesenet? Kunne dommerne opponere?<br \/>\nI desember 1940 la dommerne i H\u00f8yesterett kollektivt ned sine verv, mens dommerne i underrettene fortsatte. Nazistene opprettet Folkeretten og s\u00e6rdomstoler, og de tyske domstolene fikk ogs\u00e5 betydning for rettsanvendelsen her til lands.<br \/>\nRetten og juristene regnes gjerne som konservative krefter i samfunnsutviklingen. De verner om det best\u00e5ende, men samtidig brukes lovgivning og h\u00e5ndhevelse av lovene som instrumenter n\u00e5r samfunnet skal omformes. Slik var det ogs\u00e5 i Norge under andre verdenskrig.  <\/p>\n","protected":false},"excerpt":{"rendered":"<p>Klarte domstoler og dommere \u00e5 bevare sin uavhengighet under andre verdenskrig? Hvilken betydning fikk Nasjonal Samlings rettssyn? Hvordan foregikk det politiske presset mot domstolene og nazifiseringen av rettsvesenet? Kunne dommerne opponere? I desember 1940 la dommerne i H\u00f8yesterett kollektivt ned sine verv, mens dommerne i underrettene fortsatte. Nazistene opprettet Folkeretten og s\u00e6rdomstoler, og de tyske [&hellip;]<\/p>\n","protected":false},"featured_media":29043,"template":"","meta":{"_acf_changed":false,"inline_featured_image":false},"product_brand":[],"product_cat":[1782,23],"product_tag":[407,405,362,439,599,1141],"class_list":{"0":"post-20363","1":"product","2":"type-product","3":"status-publish","4":"has-post-thumbnail","6":"product_cat-fripris","7":"product_cat-historie","8":"product_tag-1939-1945","9":"product_tag-andre-verdenskrig","10":"product_tag-faglitteratur","11":"product_tag-nord-norge","12":"product_tag-rettshistorie","13":"product_tag-rettsvesen","14":"pa_format-innbundet","16":"first","17":"instock","18":"shipping-taxable","19":"purchasable","20":"product-type-simple"},"acf":{"anmeldelse":null},"yoast_head":"<!-- This site is optimized with the Yoast SEO plugin v26.6 - https:\/\/yoast.com\/wordpress\/plugins\/seo\/ -->\n<title>Dommernes krig - Pax<\/title>\n<meta name=\"robots\" content=\"noindex, follow, max-snippet:-1, max-image-preview:large, max-video-preview:-1\" \/>\n<meta property=\"og:locale\" content=\"nb_NO\" \/>\n<meta property=\"og:type\" content=\"article\" \/>\n<meta property=\"og:title\" content=\"Dommernes krig - Pax\" \/>\n<meta property=\"og:description\" content=\"Klarte domstoler og dommere \u00e5 bevare sin uavhengighet under andre verdenskrig? Hvilken betydning fikk Nasjonal Samlings rettssyn? Hvordan foregikk det politiske presset mot domstolene og nazifiseringen av rettsvesenet? Kunne dommerne opponere? I desember 1940 la dommerne i H\u00f8yesterett kollektivt ned sine verv, mens dommerne i underrettene fortsatte. Nazistene opprettet Folkeretten og s\u00e6rdomstoler, og de tyske [&hellip;]\" \/>\n<meta property=\"og:url\" content=\"https:\/\/staging.forenteforlag.no\/pax\/produkt\/dommernes-krig\/\" \/>\n<meta property=\"og:site_name\" content=\"Pax\" \/>\n<meta property=\"article:modified_time\" content=\"2025-08-27T09:51:40+00:00\" \/>\n<meta property=\"og:image\" content=\"https:\/\/staging.forenteforlag.no\/pax\/wp-content\/uploads\/sites\/5\/2025\/08\/jpg-8740-scaled.jpg\" \/>\n\t<meta property=\"og:image:width\" content=\"1366\" \/>\n\t<meta property=\"og:image:height\" content=\"1920\" \/>\n\t<meta property=\"og:image:type\" content=\"image\/jpeg\" \/>\n<meta name=\"twitter:card\" content=\"summary_large_image\" \/>\n<meta name=\"twitter:label1\" content=\"Ansl. lesetid\" \/>\n\t<meta name=\"twitter:data1\" content=\"1 minutt\" \/>\n<script type=\"application\/ld+json\" class=\"yoast-schema-graph\">{\"@context\":\"https:\/\/schema.org\",\"@graph\":[{\"@type\":\"WebPage\",\"@id\":\"https:\/\/staging.forenteforlag.no\/pax\/produkt\/dommernes-krig\/\",\"url\":\"https:\/\/staging.forenteforlag.no\/pax\/produkt\/dommernes-krig\/\",\"name\":\"Dommernes krig - Pax\",\"isPartOf\":{\"@id\":\"https:\/\/staging.forenteforlag.no\/pax\/#website\"},\"primaryImageOfPage\":{\"@id\":\"https:\/\/staging.forenteforlag.no\/pax\/produkt\/dommernes-krig\/#primaryimage\"},\"image\":{\"@id\":\"https:\/\/staging.forenteforlag.no\/pax\/produkt\/dommernes-krig\/#primaryimage\"},\"thumbnailUrl\":\"https:\/\/staging.forenteforlag.no\/pax\/wp-content\/uploads\/sites\/5\/2025\/08\/jpg-8740-scaled.jpg\",\"datePublished\":\"2015-08-26T00:00:00+00:00\",\"dateModified\":\"2025-08-27T09:51:40+00:00\",\"breadcrumb\":{\"@id\":\"https:\/\/staging.forenteforlag.no\/pax\/produkt\/dommernes-krig\/#breadcrumb\"},\"inLanguage\":\"nb-NO\",\"potentialAction\":[{\"@type\":\"ReadAction\",\"target\":[\"https:\/\/staging.forenteforlag.no\/pax\/produkt\/dommernes-krig\/\"]}]},{\"@type\":\"ImageObject\",\"inLanguage\":\"nb-NO\",\"@id\":\"https:\/\/staging.forenteforlag.no\/pax\/produkt\/dommernes-krig\/#primaryimage\",\"url\":\"https:\/\/staging.forenteforlag.no\/pax\/wp-content\/uploads\/sites\/5\/2025\/08\/jpg-8740-scaled.jpg\",\"contentUrl\":\"https:\/\/staging.forenteforlag.no\/pax\/wp-content\/uploads\/sites\/5\/2025\/08\/jpg-8740-scaled.jpg\",\"width\":1366,\"height\":1920},{\"@type\":\"BreadcrumbList\",\"@id\":\"https:\/\/staging.forenteforlag.no\/pax\/produkt\/dommernes-krig\/#breadcrumb\",\"itemListElement\":[{\"@type\":\"ListItem\",\"position\":1,\"name\":\"Hjem\",\"item\":\"https:\/\/staging.forenteforlag.no\/pax\/\"},{\"@type\":\"ListItem\",\"position\":2,\"name\":\"Alle b\u00f8ker\",\"item\":\"https:\/\/staging.forenteforlag.no\/pax\/butikk\/\"},{\"@type\":\"ListItem\",\"position\":3,\"name\":\"Dommernes krig\"}]},{\"@type\":\"WebSite\",\"@id\":\"https:\/\/staging.forenteforlag.no\/pax\/#website\",\"url\":\"https:\/\/staging.forenteforlag.no\/pax\/\",\"name\":\"Pax\",\"description\":\"\",\"potentialAction\":[{\"@type\":\"SearchAction\",\"target\":{\"@type\":\"EntryPoint\",\"urlTemplate\":\"https:\/\/staging.forenteforlag.no\/pax\/?s={search_term_string}\"},\"query-input\":{\"@type\":\"PropertyValueSpecification\",\"valueRequired\":true,\"valueName\":\"search_term_string\"}}],\"inLanguage\":\"nb-NO\"}]}<\/script>\n<!-- \/ Yoast SEO plugin. -->","yoast_head_json":{"title":"Dommernes krig - Pax","robots":{"index":"noindex","follow":"follow","max-snippet":"max-snippet:-1","max-image-preview":"max-image-preview:large","max-video-preview":"max-video-preview:-1"},"og_locale":"nb_NO","og_type":"article","og_title":"Dommernes krig - Pax","og_description":"Klarte domstoler og dommere \u00e5 bevare sin uavhengighet under andre verdenskrig? Hvilken betydning fikk Nasjonal Samlings rettssyn? Hvordan foregikk det politiske presset mot domstolene og nazifiseringen av rettsvesenet? Kunne dommerne opponere? I desember 1940 la dommerne i H\u00f8yesterett kollektivt ned sine verv, mens dommerne i underrettene fortsatte. Nazistene opprettet Folkeretten og s\u00e6rdomstoler, og de tyske [&hellip;]","og_url":"https:\/\/staging.forenteforlag.no\/pax\/produkt\/dommernes-krig\/","og_site_name":"Pax","article_modified_time":"2025-08-27T09:51:40+00:00","og_image":[{"width":1366,"height":1920,"url":"https:\/\/staging.forenteforlag.no\/pax\/wp-content\/uploads\/sites\/5\/2025\/08\/jpg-8740-scaled.jpg","type":"image\/jpeg"}],"twitter_card":"summary_large_image","twitter_misc":{"Ansl. lesetid":"1 minutt"},"schema":{"@context":"https:\/\/schema.org","@graph":[{"@type":"WebPage","@id":"https:\/\/staging.forenteforlag.no\/pax\/produkt\/dommernes-krig\/","url":"https:\/\/staging.forenteforlag.no\/pax\/produkt\/dommernes-krig\/","name":"Dommernes krig - Pax","isPartOf":{"@id":"https:\/\/staging.forenteforlag.no\/pax\/#website"},"primaryImageOfPage":{"@id":"https:\/\/staging.forenteforlag.no\/pax\/produkt\/dommernes-krig\/#primaryimage"},"image":{"@id":"https:\/\/staging.forenteforlag.no\/pax\/produkt\/dommernes-krig\/#primaryimage"},"thumbnailUrl":"https:\/\/staging.forenteforlag.no\/pax\/wp-content\/uploads\/sites\/5\/2025\/08\/jpg-8740-scaled.jpg","datePublished":"2015-08-26T00:00:00+00:00","dateModified":"2025-08-27T09:51:40+00:00","breadcrumb":{"@id":"https:\/\/staging.forenteforlag.no\/pax\/produkt\/dommernes-krig\/#breadcrumb"},"inLanguage":"nb-NO","potentialAction":[{"@type":"ReadAction","target":["https:\/\/staging.forenteforlag.no\/pax\/produkt\/dommernes-krig\/"]}]},{"@type":"ImageObject","inLanguage":"nb-NO","@id":"https:\/\/staging.forenteforlag.no\/pax\/produkt\/dommernes-krig\/#primaryimage","url":"https:\/\/staging.forenteforlag.no\/pax\/wp-content\/uploads\/sites\/5\/2025\/08\/jpg-8740-scaled.jpg","contentUrl":"https:\/\/staging.forenteforlag.no\/pax\/wp-content\/uploads\/sites\/5\/2025\/08\/jpg-8740-scaled.jpg","width":1366,"height":1920},{"@type":"BreadcrumbList","@id":"https:\/\/staging.forenteforlag.no\/pax\/produkt\/dommernes-krig\/#breadcrumb","itemListElement":[{"@type":"ListItem","position":1,"name":"Hjem","item":"https:\/\/staging.forenteforlag.no\/pax\/"},{"@type":"ListItem","position":2,"name":"Alle b\u00f8ker","item":"https:\/\/staging.forenteforlag.no\/pax\/butikk\/"},{"@type":"ListItem","position":3,"name":"Dommernes krig"}]},{"@type":"WebSite","@id":"https:\/\/staging.forenteforlag.no\/pax\/#website","url":"https:\/\/staging.forenteforlag.no\/pax\/","name":"Pax","description":"","potentialAction":[{"@type":"SearchAction","target":{"@type":"EntryPoint","urlTemplate":"https:\/\/staging.forenteforlag.no\/pax\/?s={search_term_string}"},"query-input":{"@type":"PropertyValueSpecification","valueRequired":true,"valueName":"search_term_string"}}],"inLanguage":"nb-NO"}]}},"_links":{"self":[{"href":"https:\/\/staging.forenteforlag.no\/pax\/wp-json\/wp\/v2\/product\/20363","targetHints":{"allow":["GET"]}}],"collection":[{"href":"https:\/\/staging.forenteforlag.no\/pax\/wp-json\/wp\/v2\/product"}],"about":[{"href":"https:\/\/staging.forenteforlag.no\/pax\/wp-json\/wp\/v2\/types\/product"}],"wp:featuredmedia":[{"embeddable":true,"href":"https:\/\/staging.forenteforlag.no\/pax\/wp-json\/wp\/v2\/media\/29043"}],"wp:attachment":[{"href":"https:\/\/staging.forenteforlag.no\/pax\/wp-json\/wp\/v2\/media?parent=20363"}],"wp:term":[{"taxonomy":"product_brand","embeddable":true,"href":"https:\/\/staging.forenteforlag.no\/pax\/wp-json\/wp\/v2\/product_brand?post=20363"},{"taxonomy":"product_cat","embeddable":true,"href":"https:\/\/staging.forenteforlag.no\/pax\/wp-json\/wp\/v2\/product_cat?post=20363"},{"taxonomy":"product_tag","embeddable":true,"href":"https:\/\/staging.forenteforlag.no\/pax\/wp-json\/wp\/v2\/product_tag?post=20363"}],"curies":[{"name":"wp","href":"https:\/\/api.w.org\/{rel}","templated":true}]}}