{"id":20361,"date":"2013-06-03T02:00:00","date_gmt":"2013-06-03T00:00:00","guid":{"rendered":"https:\/\/pax.forenteforlag.no\/produkt\/fodt-til-a-lope-2\/"},"modified":"2026-03-03T22:29:48","modified_gmt":"2026-03-03T21:29:48","slug":"fodt-til-a-lope-2","status":"publish","type":"product","link":"https:\/\/staging.forenteforlag.no\/pax\/produkt\/fodt-til-a-lope-2\/","title":{"rendered":"F\u00f8dt til \u00e5 l\u00f8pe"},"content":{"rendered":"<p>I denne boken opps\u00f8ker forfatteren blant annet glohete canyoner, utilgjengelige fjelltopper, savanner og maratonl\u00f8yper for \u00e5 finne svaret p\u00e5 hvorfor vi l\u00f8per. Han m\u00f8ter den myteomspunne l\u00f8peren Caballo Blanco og l\u00f8perstammen tarahumaraene i Mexico, blir venner med verdens beste langdistansel\u00f8pere og snakker med skofabrikanter, trenere og leger.<\/p>\n","protected":false},"excerpt":{"rendered":"<p>I denne boken opps\u00f8ker forfatteren blant annet glohete canyoner, utilgjengelige fjelltopper, savanner og maratonl\u00f8yper for \u00e5 finne svaret p\u00e5 hvorfor vi l\u00f8per. Han m\u00f8ter den myteomspunne l\u00f8peren Caballo Blanco og l\u00f8perstammen tarahumaraene i Mexico, blir venner med verdens beste langdistansel\u00f8pere og snakker med skofabrikanter, trenere og leger.<\/p>\n","protected":false},"featured_media":28621,"template":"","meta":{"_acf_changed":false,"inline_featured_image":false},"product_brand":[],"product_cat":[1782],"product_tag":[362,1355],"class_list":{"0":"post-20361","1":"product","2":"type-product","3":"status-publish","4":"has-post-thumbnail","6":"product_cat-fripris","7":"product_tag-faglitteratur","8":"product_tag-loping","10":"first","11":"instock","12":"shipping-taxable","13":"purchasable","14":"product-type-simple"},"acf":{"anmeldelse":[{"tekst_anmeldelser":"\u00abSelv de som heller vil bli sett nakne p\u00e5 Karl Johan enn i joggesko og tights, har noe \u00e5 hente i l\u00f8peboken F\u00f8dt til \u00e5 l\u00f8pe.\u00bb","av_anmeldelser":"Robert Vei\u00e5ker Johansen","terningkast":false,"kilde":"Aftenposten"},{"tekst_anmeldelser":"\u00abLivsfilosofi, kunnskap og eventyr i mesterlig forening. Et inspirerende evolusjonsperspektiv p\u00e5 l\u00f8ping spesielt og trening generelt\u00bb","av_anmeldelser":"Alexandra Irene Larsen","terningkast":false,"kilde":"Alexandra Irene Larsen"},{"tekst_anmeldelser":"\u00abDypt fascinerende innblikk i ultral\u00f8pernes vanvittige verden.\u00bb","av_anmeldelser":"Sten Inge J\u00f8rgensen","terningkast":"<i class=\"fa-solid fa-dice-six\"><\/i>","kilde":"VG"}]},"yoast_head":"<!-- This site is optimized with the Yoast SEO plugin v26.6 - https:\/\/yoast.com\/wordpress\/plugins\/seo\/ -->\n<title>F\u00f8dt til \u00e5 l\u00f8pe - Pax<\/title>\n<meta name=\"robots\" content=\"noindex, follow, max-snippet:-1, max-image-preview:large, max-video-preview:-1\" \/>\n<meta property=\"og:locale\" content=\"nb_NO\" \/>\n<meta property=\"og:type\" content=\"article\" \/>\n<meta property=\"og:title\" content=\"F\u00f8dt til \u00e5 l\u00f8pe - Pax\" \/>\n<meta property=\"og:description\" content=\"I denne boken opps\u00f8ker forfatteren blant annet glohete canyoner, utilgjengelige fjelltopper, savanner og maratonl\u00f8yper for \u00e5 finne svaret p\u00e5 hvorfor vi l\u00f8per. Han m\u00f8ter den myteomspunne l\u00f8peren Caballo Blanco og l\u00f8perstammen tarahumaraene i Mexico, blir venner med verdens beste langdistansel\u00f8pere og snakker med skofabrikanter, trenere og leger.\" \/>\n<meta property=\"og:url\" content=\"https:\/\/staging.forenteforlag.no\/pax\/produkt\/fodt-til-a-lope-2\/\" \/>\n<meta property=\"og:site_name\" content=\"Pax\" \/>\n<meta property=\"article:modified_time\" content=\"2026-03-03T21:29:48+00:00\" \/>\n<meta property=\"og:image\" content=\"https:\/\/staging.forenteforlag.no\/pax\/wp-content\/uploads\/sites\/5\/2025\/08\/jpg-7473.jpg\" \/>\n\t<meta property=\"og:image:width\" content=\"281\" \/>\n\t<meta property=\"og:image:height\" content=\"449\" \/>\n\t<meta property=\"og:image:type\" content=\"image\/jpeg\" \/>\n<meta name=\"twitter:card\" content=\"summary_large_image\" \/>\n<meta name=\"twitter:label1\" content=\"Ansl. lesetid\" \/>\n\t<meta name=\"twitter:data1\" content=\"1 minutt\" \/>\n<script type=\"application\/ld+json\" class=\"yoast-schema-graph\">{\"@context\":\"https:\/\/schema.org\",\"@graph\":[{\"@type\":\"WebPage\",\"@id\":\"https:\/\/staging.forenteforlag.no\/pax\/produkt\/fodt-til-a-lope-2\/\",\"url\":\"https:\/\/staging.forenteforlag.no\/pax\/produkt\/fodt-til-a-lope-2\/\",\"name\":\"F\u00f8dt til \u00e5 l\u00f8pe - Pax\",\"isPartOf\":{\"@id\":\"https:\/\/staging.forenteforlag.no\/pax\/#website\"},\"primaryImageOfPage\":{\"@id\":\"https:\/\/staging.forenteforlag.no\/pax\/produkt\/fodt-til-a-lope-2\/#primaryimage\"},\"image\":{\"@id\":\"https:\/\/staging.forenteforlag.no\/pax\/produkt\/fodt-til-a-lope-2\/#primaryimage\"},\"thumbnailUrl\":\"https:\/\/staging.forenteforlag.no\/pax\/wp-content\/uploads\/sites\/5\/2025\/08\/jpg-7473.jpg\",\"datePublished\":\"2013-06-03T00:00:00+00:00\",\"dateModified\":\"2026-03-03T21:29:48+00:00\",\"breadcrumb\":{\"@id\":\"https:\/\/staging.forenteforlag.no\/pax\/produkt\/fodt-til-a-lope-2\/#breadcrumb\"},\"inLanguage\":\"nb-NO\",\"potentialAction\":[{\"@type\":\"ReadAction\",\"target\":[\"https:\/\/staging.forenteforlag.no\/pax\/produkt\/fodt-til-a-lope-2\/\"]}]},{\"@type\":\"ImageObject\",\"inLanguage\":\"nb-NO\",\"@id\":\"https:\/\/staging.forenteforlag.no\/pax\/produkt\/fodt-til-a-lope-2\/#primaryimage\",\"url\":\"https:\/\/staging.forenteforlag.no\/pax\/wp-content\/uploads\/sites\/5\/2025\/08\/jpg-7473.jpg\",\"contentUrl\":\"https:\/\/staging.forenteforlag.no\/pax\/wp-content\/uploads\/sites\/5\/2025\/08\/jpg-7473.jpg\",\"width\":281,\"height\":449},{\"@type\":\"BreadcrumbList\",\"@id\":\"https:\/\/staging.forenteforlag.no\/pax\/produkt\/fodt-til-a-lope-2\/#breadcrumb\",\"itemListElement\":[{\"@type\":\"ListItem\",\"position\":1,\"name\":\"Hjem\",\"item\":\"https:\/\/staging.forenteforlag.no\/pax\/\"},{\"@type\":\"ListItem\",\"position\":2,\"name\":\"Alle b\u00f8ker\",\"item\":\"https:\/\/staging.forenteforlag.no\/pax\/butikk\/\"},{\"@type\":\"ListItem\",\"position\":3,\"name\":\"F\u00f8dt til \u00e5 l\u00f8pe\"}]},{\"@type\":\"WebSite\",\"@id\":\"https:\/\/staging.forenteforlag.no\/pax\/#website\",\"url\":\"https:\/\/staging.forenteforlag.no\/pax\/\",\"name\":\"Pax\",\"description\":\"\",\"potentialAction\":[{\"@type\":\"SearchAction\",\"target\":{\"@type\":\"EntryPoint\",\"urlTemplate\":\"https:\/\/staging.forenteforlag.no\/pax\/?s={search_term_string}\"},\"query-input\":{\"@type\":\"PropertyValueSpecification\",\"valueRequired\":true,\"valueName\":\"search_term_string\"}}],\"inLanguage\":\"nb-NO\"}]}<\/script>\n<!-- \/ Yoast SEO plugin. -->","yoast_head_json":{"title":"F\u00f8dt til \u00e5 l\u00f8pe - Pax","robots":{"index":"noindex","follow":"follow","max-snippet":"max-snippet:-1","max-image-preview":"max-image-preview:large","max-video-preview":"max-video-preview:-1"},"og_locale":"nb_NO","og_type":"article","og_title":"F\u00f8dt til \u00e5 l\u00f8pe - Pax","og_description":"I denne boken opps\u00f8ker forfatteren blant annet glohete canyoner, utilgjengelige fjelltopper, savanner og maratonl\u00f8yper for \u00e5 finne svaret p\u00e5 hvorfor vi l\u00f8per. Han m\u00f8ter den myteomspunne l\u00f8peren Caballo Blanco og l\u00f8perstammen tarahumaraene i Mexico, blir venner med verdens beste langdistansel\u00f8pere og snakker med skofabrikanter, trenere og leger.","og_url":"https:\/\/staging.forenteforlag.no\/pax\/produkt\/fodt-til-a-lope-2\/","og_site_name":"Pax","article_modified_time":"2026-03-03T21:29:48+00:00","og_image":[{"width":281,"height":449,"url":"https:\/\/staging.forenteforlag.no\/pax\/wp-content\/uploads\/sites\/5\/2025\/08\/jpg-7473.jpg","type":"image\/jpeg"}],"twitter_card":"summary_large_image","twitter_misc":{"Ansl. lesetid":"1 minutt"},"schema":{"@context":"https:\/\/schema.org","@graph":[{"@type":"WebPage","@id":"https:\/\/staging.forenteforlag.no\/pax\/produkt\/fodt-til-a-lope-2\/","url":"https:\/\/staging.forenteforlag.no\/pax\/produkt\/fodt-til-a-lope-2\/","name":"F\u00f8dt til \u00e5 l\u00f8pe - Pax","isPartOf":{"@id":"https:\/\/staging.forenteforlag.no\/pax\/#website"},"primaryImageOfPage":{"@id":"https:\/\/staging.forenteforlag.no\/pax\/produkt\/fodt-til-a-lope-2\/#primaryimage"},"image":{"@id":"https:\/\/staging.forenteforlag.no\/pax\/produkt\/fodt-til-a-lope-2\/#primaryimage"},"thumbnailUrl":"https:\/\/staging.forenteforlag.no\/pax\/wp-content\/uploads\/sites\/5\/2025\/08\/jpg-7473.jpg","datePublished":"2013-06-03T00:00:00+00:00","dateModified":"2026-03-03T21:29:48+00:00","breadcrumb":{"@id":"https:\/\/staging.forenteforlag.no\/pax\/produkt\/fodt-til-a-lope-2\/#breadcrumb"},"inLanguage":"nb-NO","potentialAction":[{"@type":"ReadAction","target":["https:\/\/staging.forenteforlag.no\/pax\/produkt\/fodt-til-a-lope-2\/"]}]},{"@type":"ImageObject","inLanguage":"nb-NO","@id":"https:\/\/staging.forenteforlag.no\/pax\/produkt\/fodt-til-a-lope-2\/#primaryimage","url":"https:\/\/staging.forenteforlag.no\/pax\/wp-content\/uploads\/sites\/5\/2025\/08\/jpg-7473.jpg","contentUrl":"https:\/\/staging.forenteforlag.no\/pax\/wp-content\/uploads\/sites\/5\/2025\/08\/jpg-7473.jpg","width":281,"height":449},{"@type":"BreadcrumbList","@id":"https:\/\/staging.forenteforlag.no\/pax\/produkt\/fodt-til-a-lope-2\/#breadcrumb","itemListElement":[{"@type":"ListItem","position":1,"name":"Hjem","item":"https:\/\/staging.forenteforlag.no\/pax\/"},{"@type":"ListItem","position":2,"name":"Alle b\u00f8ker","item":"https:\/\/staging.forenteforlag.no\/pax\/butikk\/"},{"@type":"ListItem","position":3,"name":"F\u00f8dt til \u00e5 l\u00f8pe"}]},{"@type":"WebSite","@id":"https:\/\/staging.forenteforlag.no\/pax\/#website","url":"https:\/\/staging.forenteforlag.no\/pax\/","name":"Pax","description":"","potentialAction":[{"@type":"SearchAction","target":{"@type":"EntryPoint","urlTemplate":"https:\/\/staging.forenteforlag.no\/pax\/?s={search_term_string}"},"query-input":{"@type":"PropertyValueSpecification","valueRequired":true,"valueName":"search_term_string"}}],"inLanguage":"nb-NO"}]}},"_links":{"self":[{"href":"https:\/\/staging.forenteforlag.no\/pax\/wp-json\/wp\/v2\/product\/20361","targetHints":{"allow":["GET"]}}],"collection":[{"href":"https:\/\/staging.forenteforlag.no\/pax\/wp-json\/wp\/v2\/product"}],"about":[{"href":"https:\/\/staging.forenteforlag.no\/pax\/wp-json\/wp\/v2\/types\/product"}],"wp:featuredmedia":[{"embeddable":true,"href":"https:\/\/staging.forenteforlag.no\/pax\/wp-json\/wp\/v2\/media\/28621"}],"wp:attachment":[{"href":"https:\/\/staging.forenteforlag.no\/pax\/wp-json\/wp\/v2\/media?parent=20361"}],"wp:term":[{"taxonomy":"product_brand","embeddable":true,"href":"https:\/\/staging.forenteforlag.no\/pax\/wp-json\/wp\/v2\/product_brand?post=20361"},{"taxonomy":"product_cat","embeddable":true,"href":"https:\/\/staging.forenteforlag.no\/pax\/wp-json\/wp\/v2\/product_cat?post=20361"},{"taxonomy":"product_tag","embeddable":true,"href":"https:\/\/staging.forenteforlag.no\/pax\/wp-json\/wp\/v2\/product_tag?post=20361"}],"curies":[{"name":"wp","href":"https:\/\/api.w.org\/{rel}","templated":true}]}}