{"id":20351,"date":"2010-01-18T01:00:00","date_gmt":"2010-01-18T00:00:00","guid":{"rendered":"https:\/\/pax.forenteforlag.no\/produkt\/afghanistan-og-taliban-2\/"},"modified":"2026-03-03T21:55:32","modified_gmt":"2026-03-03T20:55:32","slug":"afghanistan-og-taliban-2","status":"publish","type":"product","link":"https:\/\/staging.forenteforlag.no\/pax\/produkt\/afghanistan-og-taliban-2\/","title":{"rendered":"Afghanistan og Taliban"},"content":{"rendered":"<p>Hvordan og hvorfor oppstod Taliban-bevegelsen i Afghanistan? Hvorfor fikk al-Qaida og Bin Laden s\u00e5 stor innflytelse i landet? Ut fra sin inng\u00e5ende kjennskap til befolkningen i Afghanistan, tegner sosialantropolog Fredrik Barth opp den politiske utviklingen, den afghanske befolkningens kultur og verdier, og deres bilde av seg selv og den vestlige verden.<\/p>\n","protected":false},"excerpt":{"rendered":"<p>Hvordan og hvorfor oppstod Taliban-bevegelsen i Afghanistan? Hvorfor fikk al-Qaida og Bin Laden s\u00e5 stor innflytelse i landet? Ut fra sin inng\u00e5ende kjennskap til befolkningen i Afghanistan, tegner sosialantropolog Fredrik Barth opp den politiske utviklingen, den afghanske befolkningens kultur og verdier, og deres bilde av seg selv og den vestlige verden.<\/p>\n","protected":false},"featured_media":27874,"template":"","meta":{"_acf_changed":false,"inline_featured_image":false},"product_brand":[],"product_cat":[1782],"product_tag":[592,836,362,889,549],"class_list":{"0":"post-20351","1":"product","2":"type-product","3":"status-publish","4":"has-post-thumbnail","6":"product_cat-fripris","7":"product_tag-afghanistan","8":"product_tag-diktatur","9":"product_tag-faglitteratur","10":"product_tag-islam","11":"product_tag-terrorisme","13":"first","14":"instock","15":"shipping-taxable","16":"purchasable","17":"product-type-simple"},"acf":{"anmeldelse":[{"tekst_anmeldelser":"\u00abSkal du lese \u00e9n bok om Afghanistan, velger du denne.\u00bb","av_anmeldelser":"Atle Christiansen","terningkast":false,"kilde":"Aftenposten"},{"tekst_anmeldelser":"\u00abFredrik Barths nye bok har kraft til \u00e5 berike den norske Afghanistan-debatten.\u00bb","av_anmeldelser":"Kristian Berg Harpviken","terningkast":false,"kilde":"Prosa"},{"tekst_anmeldelser":"\u00abDet vil v\u00e6re ubetenksomt \u00e5 diskutere Afghanistan fra n\u00e5 av uten \u00e5 ha lest denne boken f\u00f8rst.\u00bb","av_anmeldelser":"Bj\u00f8rn Gabrielsen","terningkast":false,"kilde":"Dagens N\u00e6ringsliv"}]},"yoast_head":"<!-- This site is optimized with the Yoast SEO plugin v26.6 - https:\/\/yoast.com\/wordpress\/plugins\/seo\/ -->\n<title>Afghanistan og Taliban - Pax<\/title>\n<meta name=\"robots\" content=\"noindex, follow, max-snippet:-1, max-image-preview:large, max-video-preview:-1\" \/>\n<meta property=\"og:locale\" content=\"nb_NO\" \/>\n<meta property=\"og:type\" content=\"article\" \/>\n<meta property=\"og:title\" content=\"Afghanistan og Taliban - Pax\" \/>\n<meta property=\"og:description\" content=\"Hvordan og hvorfor oppstod Taliban-bevegelsen i Afghanistan? Hvorfor fikk al-Qaida og Bin Laden s\u00e5 stor innflytelse i landet? Ut fra sin inng\u00e5ende kjennskap til befolkningen i Afghanistan, tegner sosialantropolog Fredrik Barth opp den politiske utviklingen, den afghanske befolkningens kultur og verdier, og deres bilde av seg selv og den vestlige verden.\" \/>\n<meta property=\"og:url\" content=\"https:\/\/staging.forenteforlag.no\/pax\/produkt\/afghanistan-og-taliban-2\/\" \/>\n<meta property=\"og:site_name\" content=\"Pax\" \/>\n<meta property=\"article:modified_time\" content=\"2026-03-03T20:55:32+00:00\" \/>\n<meta property=\"og:image\" content=\"https:\/\/staging.forenteforlag.no\/pax\/wp-content\/uploads\/sites\/5\/2025\/08\/jpg-5315.jpg\" \/>\n\t<meta property=\"og:image:width\" content=\"288\" \/>\n\t<meta property=\"og:image:height\" content=\"449\" \/>\n\t<meta property=\"og:image:type\" content=\"image\/jpeg\" \/>\n<meta name=\"twitter:card\" content=\"summary_large_image\" \/>\n<script type=\"application\/ld+json\" class=\"yoast-schema-graph\">{\"@context\":\"https:\/\/schema.org\",\"@graph\":[{\"@type\":\"WebPage\",\"@id\":\"https:\/\/staging.forenteforlag.no\/pax\/produkt\/afghanistan-og-taliban-2\/\",\"url\":\"https:\/\/staging.forenteforlag.no\/pax\/produkt\/afghanistan-og-taliban-2\/\",\"name\":\"Afghanistan og Taliban - Pax\",\"isPartOf\":{\"@id\":\"https:\/\/staging.forenteforlag.no\/pax\/#website\"},\"primaryImageOfPage\":{\"@id\":\"https:\/\/staging.forenteforlag.no\/pax\/produkt\/afghanistan-og-taliban-2\/#primaryimage\"},\"image\":{\"@id\":\"https:\/\/staging.forenteforlag.no\/pax\/produkt\/afghanistan-og-taliban-2\/#primaryimage\"},\"thumbnailUrl\":\"https:\/\/staging.forenteforlag.no\/pax\/wp-content\/uploads\/sites\/5\/2025\/08\/jpg-5315.jpg\",\"datePublished\":\"2010-01-18T00:00:00+00:00\",\"dateModified\":\"2026-03-03T20:55:32+00:00\",\"breadcrumb\":{\"@id\":\"https:\/\/staging.forenteforlag.no\/pax\/produkt\/afghanistan-og-taliban-2\/#breadcrumb\"},\"inLanguage\":\"nb-NO\",\"potentialAction\":[{\"@type\":\"ReadAction\",\"target\":[\"https:\/\/staging.forenteforlag.no\/pax\/produkt\/afghanistan-og-taliban-2\/\"]}]},{\"@type\":\"ImageObject\",\"inLanguage\":\"nb-NO\",\"@id\":\"https:\/\/staging.forenteforlag.no\/pax\/produkt\/afghanistan-og-taliban-2\/#primaryimage\",\"url\":\"https:\/\/staging.forenteforlag.no\/pax\/wp-content\/uploads\/sites\/5\/2025\/08\/jpg-5315.jpg\",\"contentUrl\":\"https:\/\/staging.forenteforlag.no\/pax\/wp-content\/uploads\/sites\/5\/2025\/08\/jpg-5315.jpg\",\"width\":288,\"height\":449},{\"@type\":\"BreadcrumbList\",\"@id\":\"https:\/\/staging.forenteforlag.no\/pax\/produkt\/afghanistan-og-taliban-2\/#breadcrumb\",\"itemListElement\":[{\"@type\":\"ListItem\",\"position\":1,\"name\":\"Hjem\",\"item\":\"https:\/\/staging.forenteforlag.no\/pax\/\"},{\"@type\":\"ListItem\",\"position\":2,\"name\":\"Alle b\u00f8ker\",\"item\":\"https:\/\/staging.forenteforlag.no\/pax\/butikk\/\"},{\"@type\":\"ListItem\",\"position\":3,\"name\":\"Afghanistan og Taliban\"}]},{\"@type\":\"WebSite\",\"@id\":\"https:\/\/staging.forenteforlag.no\/pax\/#website\",\"url\":\"https:\/\/staging.forenteforlag.no\/pax\/\",\"name\":\"Pax\",\"description\":\"\",\"potentialAction\":[{\"@type\":\"SearchAction\",\"target\":{\"@type\":\"EntryPoint\",\"urlTemplate\":\"https:\/\/staging.forenteforlag.no\/pax\/?s={search_term_string}\"},\"query-input\":{\"@type\":\"PropertyValueSpecification\",\"valueRequired\":true,\"valueName\":\"search_term_string\"}}],\"inLanguage\":\"nb-NO\"}]}<\/script>\n<!-- \/ Yoast SEO plugin. -->","yoast_head_json":{"title":"Afghanistan og Taliban - Pax","robots":{"index":"noindex","follow":"follow","max-snippet":"max-snippet:-1","max-image-preview":"max-image-preview:large","max-video-preview":"max-video-preview:-1"},"og_locale":"nb_NO","og_type":"article","og_title":"Afghanistan og Taliban - Pax","og_description":"Hvordan og hvorfor oppstod Taliban-bevegelsen i Afghanistan? Hvorfor fikk al-Qaida og Bin Laden s\u00e5 stor innflytelse i landet? Ut fra sin inng\u00e5ende kjennskap til befolkningen i Afghanistan, tegner sosialantropolog Fredrik Barth opp den politiske utviklingen, den afghanske befolkningens kultur og verdier, og deres bilde av seg selv og den vestlige verden.","og_url":"https:\/\/staging.forenteforlag.no\/pax\/produkt\/afghanistan-og-taliban-2\/","og_site_name":"Pax","article_modified_time":"2026-03-03T20:55:32+00:00","og_image":[{"width":288,"height":449,"url":"https:\/\/staging.forenteforlag.no\/pax\/wp-content\/uploads\/sites\/5\/2025\/08\/jpg-5315.jpg","type":"image\/jpeg"}],"twitter_card":"summary_large_image","schema":{"@context":"https:\/\/schema.org","@graph":[{"@type":"WebPage","@id":"https:\/\/staging.forenteforlag.no\/pax\/produkt\/afghanistan-og-taliban-2\/","url":"https:\/\/staging.forenteforlag.no\/pax\/produkt\/afghanistan-og-taliban-2\/","name":"Afghanistan og Taliban - Pax","isPartOf":{"@id":"https:\/\/staging.forenteforlag.no\/pax\/#website"},"primaryImageOfPage":{"@id":"https:\/\/staging.forenteforlag.no\/pax\/produkt\/afghanistan-og-taliban-2\/#primaryimage"},"image":{"@id":"https:\/\/staging.forenteforlag.no\/pax\/produkt\/afghanistan-og-taliban-2\/#primaryimage"},"thumbnailUrl":"https:\/\/staging.forenteforlag.no\/pax\/wp-content\/uploads\/sites\/5\/2025\/08\/jpg-5315.jpg","datePublished":"2010-01-18T00:00:00+00:00","dateModified":"2026-03-03T20:55:32+00:00","breadcrumb":{"@id":"https:\/\/staging.forenteforlag.no\/pax\/produkt\/afghanistan-og-taliban-2\/#breadcrumb"},"inLanguage":"nb-NO","potentialAction":[{"@type":"ReadAction","target":["https:\/\/staging.forenteforlag.no\/pax\/produkt\/afghanistan-og-taliban-2\/"]}]},{"@type":"ImageObject","inLanguage":"nb-NO","@id":"https:\/\/staging.forenteforlag.no\/pax\/produkt\/afghanistan-og-taliban-2\/#primaryimage","url":"https:\/\/staging.forenteforlag.no\/pax\/wp-content\/uploads\/sites\/5\/2025\/08\/jpg-5315.jpg","contentUrl":"https:\/\/staging.forenteforlag.no\/pax\/wp-content\/uploads\/sites\/5\/2025\/08\/jpg-5315.jpg","width":288,"height":449},{"@type":"BreadcrumbList","@id":"https:\/\/staging.forenteforlag.no\/pax\/produkt\/afghanistan-og-taliban-2\/#breadcrumb","itemListElement":[{"@type":"ListItem","position":1,"name":"Hjem","item":"https:\/\/staging.forenteforlag.no\/pax\/"},{"@type":"ListItem","position":2,"name":"Alle b\u00f8ker","item":"https:\/\/staging.forenteforlag.no\/pax\/butikk\/"},{"@type":"ListItem","position":3,"name":"Afghanistan og Taliban"}]},{"@type":"WebSite","@id":"https:\/\/staging.forenteforlag.no\/pax\/#website","url":"https:\/\/staging.forenteforlag.no\/pax\/","name":"Pax","description":"","potentialAction":[{"@type":"SearchAction","target":{"@type":"EntryPoint","urlTemplate":"https:\/\/staging.forenteforlag.no\/pax\/?s={search_term_string}"},"query-input":{"@type":"PropertyValueSpecification","valueRequired":true,"valueName":"search_term_string"}}],"inLanguage":"nb-NO"}]}},"_links":{"self":[{"href":"https:\/\/staging.forenteforlag.no\/pax\/wp-json\/wp\/v2\/product\/20351","targetHints":{"allow":["GET"]}}],"collection":[{"href":"https:\/\/staging.forenteforlag.no\/pax\/wp-json\/wp\/v2\/product"}],"about":[{"href":"https:\/\/staging.forenteforlag.no\/pax\/wp-json\/wp\/v2\/types\/product"}],"wp:featuredmedia":[{"embeddable":true,"href":"https:\/\/staging.forenteforlag.no\/pax\/wp-json\/wp\/v2\/media\/27874"}],"wp:attachment":[{"href":"https:\/\/staging.forenteforlag.no\/pax\/wp-json\/wp\/v2\/media?parent=20351"}],"wp:term":[{"taxonomy":"product_brand","embeddable":true,"href":"https:\/\/staging.forenteforlag.no\/pax\/wp-json\/wp\/v2\/product_brand?post=20351"},{"taxonomy":"product_cat","embeddable":true,"href":"https:\/\/staging.forenteforlag.no\/pax\/wp-json\/wp\/v2\/product_cat?post=20351"},{"taxonomy":"product_tag","embeddable":true,"href":"https:\/\/staging.forenteforlag.no\/pax\/wp-json\/wp\/v2\/product_tag?post=20351"}],"curies":[{"name":"wp","href":"https:\/\/api.w.org\/{rel}","templated":true}]}}

<p>Hvordan og hvorfor oppstod Taliban-bevegelsen i Afghanistan? Hvorfor fikk al-Qaida og Bin Laden så stor innflytelse i landet? Ut fra sin inngående kjennskap til befolkningen i Afghanistan, tegner sosialantropolog Fredrik Barth opp den politiske utviklingen, den afghanske befolkningens kultur og verdier, og deres bilde av seg selv og den vestlige verden.</p>

«Skal du lese én bok om Afghanistan, velger du denne.»

«Fredrik Barths nye bok har kraft til å berike den norske Afghanistan-debatten.»

«Det vil være ubetenksomt å diskutere Afghanistan fra nå av uten å ha lest denne boken først.»

Bjørn Gabrielsen

Dagens Næringsliv

<!-- This site is optimized with the Yoast SEO plugin v26.6 - https://yoast.com/wordpress/plugins/seo/ -->
<title>Afghanistan og Taliban - Pax</title>
<meta name="robots" content="noindex, follow, max-snippet:-1, max-image-preview:large, max-video-preview:-1" />
<meta property="og:locale" content="nb_NO" />
<meta property="og:type" content="article" />
<meta property="og:title" content="Afghanistan og Taliban - Pax" />
<meta property="og:description" content="Hvordan og hvorfor oppstod Taliban-bevegelsen i Afghanistan? Hvorfor fikk al-Qaida og Bin Laden så stor innflytelse i landet? Ut fra sin inngående kjennskap til befolkningen i Afghanistan, tegner sosialantropolog Fredrik Barth opp den politiske utviklingen, den afghanske befolkningens kultur og verdier, og deres bilde av seg selv og den vestlige verden." />
<meta property="og:url" content="https://staging.forenteforlag.no/pax/produkt/afghanistan-og-taliban-2/" />
<meta property="og:site_name" content="Pax" />
<meta property="article:modified_time" content="2026-03-03T20:55:32+00:00" />
<meta property="og:image" content="https://staging.forenteforlag.no/pax/wp-content/uploads/sites/5/2025/08/jpg-5315.jpg" />
	<meta property="og:image:width" content="288" />
	<meta property="og:image:height" content="449" />
	<meta property="og:image:type" content="image/jpeg" />
<meta name="twitter:card" content="summary_large_image" />
<script type="application/ld+json" class="yoast-schema-graph">{"@context":"https://schema.org","@graph":[{"@type":"WebPage","@id":"https://staging.forenteforlag.no/pax/produkt/afghanistan-og-taliban-2/","url":"https://staging.forenteforlag.no/pax/produkt/afghanistan-og-taliban-2/","name":"Afghanistan og Taliban - Pax","isPartOf":{"@id":"https://staging.forenteforlag.no/pax/#website"},"primaryImageOfPage":{"@id":"https://staging.forenteforlag.no/pax/produkt/afghanistan-og-taliban-2/#primaryimage"},"image":{"@id":"https://staging.forenteforlag.no/pax/produkt/afghanistan-og-taliban-2/#primaryimage"},"thumbnailUrl":"https://staging.forenteforlag.no/pax/wp-content/uploads/sites/5/2025/08/jpg-5315.jpg","datePublished":"2010-01-18T00:00:00+00:00","dateModified":"2026-03-03T20:55:32+00:00","breadcrumb":{"@id":"https://staging.forenteforlag.no/pax/produkt/afghanistan-og-taliban-2/#breadcrumb"},"inLanguage":"nb-NO","potentialAction":[{"@type":"ReadAction","target":["https://staging.forenteforlag.no/pax/produkt/afghanistan-og-taliban-2/"]}]},{"@type":"ImageObject","inLanguage":"nb-NO","@id":"https://staging.forenteforlag.no/pax/produkt/afghanistan-og-taliban-2/#primaryimage","url":"https://staging.forenteforlag.no/pax/wp-content/uploads/sites/5/2025/08/jpg-5315.jpg","contentUrl":"https://staging.forenteforlag.no/pax/wp-content/uploads/sites/5/2025/08/jpg-5315.jpg","width":288,"height":449},{"@type":"BreadcrumbList","@id":"https://staging.forenteforlag.no/pax/produkt/afghanistan-og-taliban-2/#breadcrumb","itemListElement":[{"@type":"ListItem","position":1,"name":"Hjem","item":"https://staging.forenteforlag.no/pax/"},{"@type":"ListItem","position":2,"name":"Alle bøker","item":"https://staging.forenteforlag.no/pax/butikk/"},{"@type":"ListItem","position":3,"name":"Afghanistan og Taliban"}]},{"@type":"WebSite","@id":"https://staging.forenteforlag.no/pax/#website","url":"https://staging.forenteforlag.no/pax/","name":"Pax","description":"","potentialAction":[{"@type":"SearchAction","target":{"@type":"EntryPoint","urlTemplate":"https://staging.forenteforlag.no/pax/?s={search_term_string}"},"query-input":{"@type":"PropertyValueSpecification","valueRequired":true,"valueName":"search_term_string"}}],"inLanguage":"nb-NO"}]}</script>
<!-- / Yoast SEO plugin. -->

Hvordan og hvorfor oppstod Taliban-bevegelsen i Afghanistan? Hvorfor fikk al-Qaida og Bin Laden så stor innflytelse i landet? Ut fra sin inngående kjennskap til befolkningen i Afghanistan, tegner sosialantropolog Fredrik Barth opp den politiske utviklingen, den afghanske befolkningens kultur og verdier, og deres bilde av seg selv og den vestlige verden.

Alle bøker
