{"id":20349,"date":"2008-02-12T01:00:00","date_gmt":"2008-02-12T00:00:00","guid":{"rendered":"https:\/\/pax.forenteforlag.no\/produkt\/walden-2\/"},"modified":"2026-03-03T21:47:40","modified_gmt":"2026-03-03T20:47:40","slug":"walden-2","status":"publish","type":"product","link":"https:\/\/staging.forenteforlag.no\/pax\/produkt\/walden-2\/","title":{"rendered":"Walden"},"content":{"rendered":"<p>Dette er beretningen om den amerikanske filosofen Henry D.Thoreaus tilv\u00e6relse som nybygger og eneboer ved Walden Pond i Concord, Massachusetts. Forfatteren er en praktisk mann, som bygger hus, hogger ved, fisker og sanker b\u00e6r. Han studerer fugleliv og dyrespor, ville blomster, v\u00e6ret og naturens rytme. Med utgangspunkt i sine konkrete erfaringer, reflekterer han rundt natur og kultur, livets veivalg og verdier. Hans bok er blitt en klassiker for livsfilosofer, sivilisasjonskritikere og naturelskere.<\/p>\n","protected":false},"excerpt":{"rendered":"<p>Dette er beretningen om den amerikanske filosofen Henry D.Thoreaus tilv\u00e6relse som nybygger og eneboer ved Walden Pond i Concord, Massachusetts. Forfatteren er en praktisk mann, som bygger hus, hogger ved, fisker og sanker b\u00e6r. Han studerer fugleliv og dyrespor, ville blomster, v\u00e6ret og naturens rytme. Med utgangspunkt i sine konkrete erfaringer, reflekterer han rundt natur [&hellip;]<\/p>\n","protected":false},"featured_media":29094,"template":"","meta":{"_acf_changed":false,"inline_featured_image":false},"product_brand":[],"product_cat":[1782],"product_tag":[362,827,1282,443,1281,1283,417],"class_list":{"0":"post-20349","1":"product","2":"type-product","3":"status-publish","4":"has-post-thumbnail","6":"product_cat-fripris","7":"product_tag-faglitteratur","8":"product_tag-filosofer","9":"product_tag-naturfilosofi","10":"product_tag-naturskildringer","11":"product_tag-nordostlige-stater","12":"product_tag-nybyggere","13":"product_tag-selvbiografier","15":"first","16":"instock","17":"shipping-taxable","18":"purchasable","19":"product-type-simple"},"acf":{"anmeldelse":[{"tekst_anmeldelser":"\u00abAv den fem forfatterne som mellom 1850 og 1855 publiserte b\u00f8ker som danner midtpunktet for den s\u00e5kalte amerikanske renessansen, er Henry David Thoreau (1817-1862) kanskje den aller merkeligste og mest moderne, den som sprenger seg ut av sin historiske kontekst og som med f\u00e6rrest ord tvinger blaserte n\u00e5tidslesere til \u00e5 stoppe opp og f\u00f8lge med. [...] Andreas Eriksens oversettelse fra 1953 var av fin kvalitet. I denne nye utgaven er den utf\u00f8rlig og kompetent bearbeidet og modernisert.\u00bb","av_anmeldelser":"Erik Bjerck Hagen","terningkast":false,"kilde":"Morgenbladet"},{"tekst_anmeldelser":"\u00ab[...] det er et av litteraturhistoriens beste verk - ja, kanskje det aller beste, i hvert fall blant dem folk i dag fortsatt kan forst\u00e5 noe av. Derfor er det flott at det n\u00e5 kommer en bearbeidet versjon av Andreas Eriksens oversettelse. Bra jobba. [...] Det aller beste med Thoreau er at han er s\u00e5 morsom. [...] Hele Walden syder av satire og selvironi. Her hadde Rousseau hatt noe \u00e5 l\u00e6re.\u00bb","av_anmeldelser":"Espen Gr\u00f8nlie","terningkast":false,"kilde":"Morgenbladet"},{"tekst_anmeldelser":"\u00abSprek klassiker ... Kj\u00f8p Thoreau, ta trikken eller bussen hjem, lag en deilig vegetarmiddag. Nyt livet, les og les igjen.\u00bb","av_anmeldelser":"Gabriel Michael Vosgraff Moro","terningkast":"<i class=\"fa-solid fa-dice-six\"><\/i>","kilde":"VG"}]},"yoast_head":"<!-- This site is optimized with the Yoast SEO plugin v26.6 - https:\/\/yoast.com\/wordpress\/plugins\/seo\/ -->\n<title>Walden - Pax<\/title>\n<meta name=\"robots\" content=\"noindex, follow, max-snippet:-1, max-image-preview:large, max-video-preview:-1\" \/>\n<meta property=\"og:locale\" content=\"nb_NO\" \/>\n<meta property=\"og:type\" content=\"article\" \/>\n<meta property=\"og:title\" content=\"Walden - Pax\" \/>\n<meta property=\"og:description\" content=\"Dette er beretningen om den amerikanske filosofen Henry D.Thoreaus tilv\u00e6relse som nybygger og eneboer ved Walden Pond i Concord, Massachusetts. Forfatteren er en praktisk mann, som bygger hus, hogger ved, fisker og sanker b\u00e6r. Han studerer fugleliv og dyrespor, ville blomster, v\u00e6ret og naturens rytme. Med utgangspunkt i sine konkrete erfaringer, reflekterer han rundt natur [&hellip;]\" \/>\n<meta property=\"og:url\" content=\"https:\/\/staging.forenteforlag.no\/pax\/produkt\/walden-2\/\" \/>\n<meta property=\"og:site_name\" content=\"Pax\" \/>\n<meta property=\"article:modified_time\" content=\"2026-03-03T20:47:40+00:00\" \/>\n<meta property=\"og:image\" content=\"https:\/\/staging.forenteforlag.no\/pax\/wp-content\/uploads\/sites\/5\/2025\/08\/jpg-8863.jpg\" \/>\n\t<meta property=\"og:image:width\" content=\"278\" \/>\n\t<meta property=\"og:image:height\" content=\"450\" \/>\n\t<meta property=\"og:image:type\" content=\"image\/jpeg\" \/>\n<meta name=\"twitter:card\" content=\"summary_large_image\" \/>\n<script type=\"application\/ld+json\" class=\"yoast-schema-graph\">{\"@context\":\"https:\/\/schema.org\",\"@graph\":[{\"@type\":\"WebPage\",\"@id\":\"https:\/\/staging.forenteforlag.no\/pax\/produkt\/walden-2\/\",\"url\":\"https:\/\/staging.forenteforlag.no\/pax\/produkt\/walden-2\/\",\"name\":\"Walden - Pax\",\"isPartOf\":{\"@id\":\"https:\/\/staging.forenteforlag.no\/pax\/#website\"},\"primaryImageOfPage\":{\"@id\":\"https:\/\/staging.forenteforlag.no\/pax\/produkt\/walden-2\/#primaryimage\"},\"image\":{\"@id\":\"https:\/\/staging.forenteforlag.no\/pax\/produkt\/walden-2\/#primaryimage\"},\"thumbnailUrl\":\"https:\/\/staging.forenteforlag.no\/pax\/wp-content\/uploads\/sites\/5\/2025\/08\/jpg-8863.jpg\",\"datePublished\":\"2008-02-12T00:00:00+00:00\",\"dateModified\":\"2026-03-03T20:47:40+00:00\",\"breadcrumb\":{\"@id\":\"https:\/\/staging.forenteforlag.no\/pax\/produkt\/walden-2\/#breadcrumb\"},\"inLanguage\":\"nb-NO\",\"potentialAction\":[{\"@type\":\"ReadAction\",\"target\":[\"https:\/\/staging.forenteforlag.no\/pax\/produkt\/walden-2\/\"]}]},{\"@type\":\"ImageObject\",\"inLanguage\":\"nb-NO\",\"@id\":\"https:\/\/staging.forenteforlag.no\/pax\/produkt\/walden-2\/#primaryimage\",\"url\":\"https:\/\/staging.forenteforlag.no\/pax\/wp-content\/uploads\/sites\/5\/2025\/08\/jpg-8863.jpg\",\"contentUrl\":\"https:\/\/staging.forenteforlag.no\/pax\/wp-content\/uploads\/sites\/5\/2025\/08\/jpg-8863.jpg\",\"width\":278,\"height\":450},{\"@type\":\"BreadcrumbList\",\"@id\":\"https:\/\/staging.forenteforlag.no\/pax\/produkt\/walden-2\/#breadcrumb\",\"itemListElement\":[{\"@type\":\"ListItem\",\"position\":1,\"name\":\"Hjem\",\"item\":\"https:\/\/staging.forenteforlag.no\/pax\/\"},{\"@type\":\"ListItem\",\"position\":2,\"name\":\"Alle b\u00f8ker\",\"item\":\"https:\/\/staging.forenteforlag.no\/pax\/butikk\/\"},{\"@type\":\"ListItem\",\"position\":3,\"name\":\"Walden\"}]},{\"@type\":\"WebSite\",\"@id\":\"https:\/\/staging.forenteforlag.no\/pax\/#website\",\"url\":\"https:\/\/staging.forenteforlag.no\/pax\/\",\"name\":\"Pax\",\"description\":\"\",\"potentialAction\":[{\"@type\":\"SearchAction\",\"target\":{\"@type\":\"EntryPoint\",\"urlTemplate\":\"https:\/\/staging.forenteforlag.no\/pax\/?s={search_term_string}\"},\"query-input\":{\"@type\":\"PropertyValueSpecification\",\"valueRequired\":true,\"valueName\":\"search_term_string\"}}],\"inLanguage\":\"nb-NO\"}]}<\/script>\n<!-- \/ Yoast SEO plugin. -->","yoast_head_json":{"title":"Walden - Pax","robots":{"index":"noindex","follow":"follow","max-snippet":"max-snippet:-1","max-image-preview":"max-image-preview:large","max-video-preview":"max-video-preview:-1"},"og_locale":"nb_NO","og_type":"article","og_title":"Walden - Pax","og_description":"Dette er beretningen om den amerikanske filosofen Henry D.Thoreaus tilv\u00e6relse som nybygger og eneboer ved Walden Pond i Concord, Massachusetts. Forfatteren er en praktisk mann, som bygger hus, hogger ved, fisker og sanker b\u00e6r. Han studerer fugleliv og dyrespor, ville blomster, v\u00e6ret og naturens rytme. Med utgangspunkt i sine konkrete erfaringer, reflekterer han rundt natur [&hellip;]","og_url":"https:\/\/staging.forenteforlag.no\/pax\/produkt\/walden-2\/","og_site_name":"Pax","article_modified_time":"2026-03-03T20:47:40+00:00","og_image":[{"width":278,"height":450,"url":"https:\/\/staging.forenteforlag.no\/pax\/wp-content\/uploads\/sites\/5\/2025\/08\/jpg-8863.jpg","type":"image\/jpeg"}],"twitter_card":"summary_large_image","schema":{"@context":"https:\/\/schema.org","@graph":[{"@type":"WebPage","@id":"https:\/\/staging.forenteforlag.no\/pax\/produkt\/walden-2\/","url":"https:\/\/staging.forenteforlag.no\/pax\/produkt\/walden-2\/","name":"Walden - Pax","isPartOf":{"@id":"https:\/\/staging.forenteforlag.no\/pax\/#website"},"primaryImageOfPage":{"@id":"https:\/\/staging.forenteforlag.no\/pax\/produkt\/walden-2\/#primaryimage"},"image":{"@id":"https:\/\/staging.forenteforlag.no\/pax\/produkt\/walden-2\/#primaryimage"},"thumbnailUrl":"https:\/\/staging.forenteforlag.no\/pax\/wp-content\/uploads\/sites\/5\/2025\/08\/jpg-8863.jpg","datePublished":"2008-02-12T00:00:00+00:00","dateModified":"2026-03-03T20:47:40+00:00","breadcrumb":{"@id":"https:\/\/staging.forenteforlag.no\/pax\/produkt\/walden-2\/#breadcrumb"},"inLanguage":"nb-NO","potentialAction":[{"@type":"ReadAction","target":["https:\/\/staging.forenteforlag.no\/pax\/produkt\/walden-2\/"]}]},{"@type":"ImageObject","inLanguage":"nb-NO","@id":"https:\/\/staging.forenteforlag.no\/pax\/produkt\/walden-2\/#primaryimage","url":"https:\/\/staging.forenteforlag.no\/pax\/wp-content\/uploads\/sites\/5\/2025\/08\/jpg-8863.jpg","contentUrl":"https:\/\/staging.forenteforlag.no\/pax\/wp-content\/uploads\/sites\/5\/2025\/08\/jpg-8863.jpg","width":278,"height":450},{"@type":"BreadcrumbList","@id":"https:\/\/staging.forenteforlag.no\/pax\/produkt\/walden-2\/#breadcrumb","itemListElement":[{"@type":"ListItem","position":1,"name":"Hjem","item":"https:\/\/staging.forenteforlag.no\/pax\/"},{"@type":"ListItem","position":2,"name":"Alle b\u00f8ker","item":"https:\/\/staging.forenteforlag.no\/pax\/butikk\/"},{"@type":"ListItem","position":3,"name":"Walden"}]},{"@type":"WebSite","@id":"https:\/\/staging.forenteforlag.no\/pax\/#website","url":"https:\/\/staging.forenteforlag.no\/pax\/","name":"Pax","description":"","potentialAction":[{"@type":"SearchAction","target":{"@type":"EntryPoint","urlTemplate":"https:\/\/staging.forenteforlag.no\/pax\/?s={search_term_string}"},"query-input":{"@type":"PropertyValueSpecification","valueRequired":true,"valueName":"search_term_string"}}],"inLanguage":"nb-NO"}]}},"_links":{"self":[{"href":"https:\/\/staging.forenteforlag.no\/pax\/wp-json\/wp\/v2\/product\/20349","targetHints":{"allow":["GET"]}}],"collection":[{"href":"https:\/\/staging.forenteforlag.no\/pax\/wp-json\/wp\/v2\/product"}],"about":[{"href":"https:\/\/staging.forenteforlag.no\/pax\/wp-json\/wp\/v2\/types\/product"}],"wp:featuredmedia":[{"embeddable":true,"href":"https:\/\/staging.forenteforlag.no\/pax\/wp-json\/wp\/v2\/media\/29094"}],"wp:attachment":[{"href":"https:\/\/staging.forenteforlag.no\/pax\/wp-json\/wp\/v2\/media?parent=20349"}],"wp:term":[{"taxonomy":"product_brand","embeddable":true,"href":"https:\/\/staging.forenteforlag.no\/pax\/wp-json\/wp\/v2\/product_brand?post=20349"},{"taxonomy":"product_cat","embeddable":true,"href":"https:\/\/staging.forenteforlag.no\/pax\/wp-json\/wp\/v2\/product_cat?post=20349"},{"taxonomy":"product_tag","embeddable":true,"href":"https:\/\/staging.forenteforlag.no\/pax\/wp-json\/wp\/v2\/product_tag?post=20349"}],"curies":[{"name":"wp","href":"https:\/\/api.w.org\/{rel}","templated":true}]}}