{"id":20339,"date":"2004-03-12T16:42:11","date_gmt":"2004-03-12T15:42:11","guid":{"rendered":"https:\/\/pax.forenteforlag.no\/produkt\/om-fotografi\/"},"modified":"2026-03-04T21:23:45","modified_gmt":"2026-03-04T20:23:45","slug":"om-fotografi","status":"publish","type":"product","link":"https:\/\/staging.forenteforlag.no\/pax\/produkt\/om-fotografi\/","title":{"rendered":"Om fotografi"},"content":{"rendered":"<p>Den amerikanske kulturkritikeren Susan Sontag (f. 1933) er kjent for sine romaner, et brennende engasjement og for sine kulturteoretiske essayer, hvorav flere om kunst, film og litteratur. Som essayist, teoretiker og engasjert intellektuell er hun en verdensstjerne, og sist fikk hun en prestisjefylt internasjonal pris for sitt virke for ytringsfrihet. Ingen av Sontags b\u00f8ker om kunst er blitt utgitt p\u00e5 norsk, men endelig oversettes hennes mest ber\u00f8mte . og mest leste . bok Om fotografi (On Photography, 1976). Her dr\u00f8ftes forholdet mellom kunst og virkelighet, og fotografiets og fotograferingens funksjon. For hvordan .lese. fotografi? Som kommentar til en virkelig hendelse, eller som en egen form for virkelighet? I essayet .Against Interpretation. hadde Susan Sontag argumentert mot tolkning og for .en kunstens erotikk.. Heller ikke fotografiet skal ihjeltolkes eller .forst\u00e5s., skriver hun i Om fotografi. Fotografier verken representerer eller fortolker verden, men er selv .biter av verden.. Som kunstverker m\u00e5 de erfares, dvs. sanses og oppleves. Det alminnelige behovet for \u00e5 fotografere, for stadig flere bilder, er imidlertid knyttet til behovet for \u00e5 konsumere. Sontag kan videre fastsl\u00e5 at fotografiets utbredelse i sin tur f\u00e5r oss til \u00e5 se p\u00e5 verden fotografisk . som et bilde! Utgis med et etterord av kunsthistoriker Ina Blom.<\/p>\n","protected":false},"excerpt":{"rendered":"<p>Den amerikanske kulturkritikeren Susan Sontag (f. 1933) er kjent for sine romaner, et brennende engasjement og for sine kulturteoretiske essayer, hvorav flere om kunst, film og litteratur. Som essayist, teoretiker og engasjert intellektuell er hun en verdensstjerne, og sist fikk hun en prestisjefylt internasjonal pris for sitt virke for ytringsfrihet. Ingen av Sontags b\u00f8ker om [&hellip;]<\/p>\n","protected":false},"featured_media":28532,"template":"","meta":{"_acf_changed":false,"inline_featured_image":false},"product_brand":[],"product_cat":[1782],"product_tag":[362,542,539],"class_list":{"0":"post-20339","1":"product","2":"type-product","3":"status-publish","4":"has-post-thumbnail","6":"product_cat-fripris","7":"product_tag-faglitteratur","8":"product_tag-fotokunst","9":"product_tag-vold","11":"first","12":"instock","13":"shipping-taxable","14":"purchasable","15":"product-type-simple"},"acf":{"anmeldelse":null},"yoast_head":"<!-- This site is optimized with the Yoast SEO plugin v26.6 - https:\/\/yoast.com\/wordpress\/plugins\/seo\/ -->\n<title>Om fotografi - Pax<\/title>\n<meta name=\"robots\" content=\"noindex, follow, max-snippet:-1, max-image-preview:large, max-video-preview:-1\" \/>\n<meta property=\"og:locale\" content=\"nb_NO\" \/>\n<meta property=\"og:type\" content=\"article\" \/>\n<meta property=\"og:title\" content=\"Om fotografi - Pax\" \/>\n<meta property=\"og:description\" content=\"Den amerikanske kulturkritikeren Susan Sontag (f. 1933) er kjent for sine romaner, et brennende engasjement og for sine kulturteoretiske essayer, hvorav flere om kunst, film og litteratur. Som essayist, teoretiker og engasjert intellektuell er hun en verdensstjerne, og sist fikk hun en prestisjefylt internasjonal pris for sitt virke for ytringsfrihet. Ingen av Sontags b\u00f8ker om [&hellip;]\" \/>\n<meta property=\"og:url\" content=\"https:\/\/staging.forenteforlag.no\/pax\/produkt\/om-fotografi\/\" \/>\n<meta property=\"og:site_name\" content=\"Pax\" \/>\n<meta property=\"article:modified_time\" content=\"2026-03-04T20:23:45+00:00\" \/>\n<meta property=\"og:image\" content=\"https:\/\/staging.forenteforlag.no\/pax\/wp-content\/uploads\/sites\/5\/2025\/08\/jpg-7215.jpg\" \/>\n\t<meta property=\"og:image:width\" content=\"332\" \/>\n\t<meta property=\"og:image:height\" content=\"449\" \/>\n\t<meta property=\"og:image:type\" content=\"image\/jpeg\" \/>\n<meta name=\"twitter:card\" content=\"summary_large_image\" \/>\n<meta name=\"twitter:label1\" content=\"Ansl. lesetid\" \/>\n\t<meta name=\"twitter:data1\" content=\"1 minutt\" \/>\n<script type=\"application\/ld+json\" class=\"yoast-schema-graph\">{\"@context\":\"https:\/\/schema.org\",\"@graph\":[{\"@type\":\"WebPage\",\"@id\":\"https:\/\/staging.forenteforlag.no\/pax\/produkt\/om-fotografi\/\",\"url\":\"https:\/\/staging.forenteforlag.no\/pax\/produkt\/om-fotografi\/\",\"name\":\"Om fotografi - Pax\",\"isPartOf\":{\"@id\":\"https:\/\/staging.forenteforlag.no\/pax\/#website\"},\"primaryImageOfPage\":{\"@id\":\"https:\/\/staging.forenteforlag.no\/pax\/produkt\/om-fotografi\/#primaryimage\"},\"image\":{\"@id\":\"https:\/\/staging.forenteforlag.no\/pax\/produkt\/om-fotografi\/#primaryimage\"},\"thumbnailUrl\":\"https:\/\/staging.forenteforlag.no\/pax\/wp-content\/uploads\/sites\/5\/2025\/08\/jpg-7215.jpg\",\"datePublished\":\"2004-03-12T15:42:11+00:00\",\"dateModified\":\"2026-03-04T20:23:45+00:00\",\"breadcrumb\":{\"@id\":\"https:\/\/staging.forenteforlag.no\/pax\/produkt\/om-fotografi\/#breadcrumb\"},\"inLanguage\":\"nb-NO\",\"potentialAction\":[{\"@type\":\"ReadAction\",\"target\":[\"https:\/\/staging.forenteforlag.no\/pax\/produkt\/om-fotografi\/\"]}]},{\"@type\":\"ImageObject\",\"inLanguage\":\"nb-NO\",\"@id\":\"https:\/\/staging.forenteforlag.no\/pax\/produkt\/om-fotografi\/#primaryimage\",\"url\":\"https:\/\/staging.forenteforlag.no\/pax\/wp-content\/uploads\/sites\/5\/2025\/08\/jpg-7215.jpg\",\"contentUrl\":\"https:\/\/staging.forenteforlag.no\/pax\/wp-content\/uploads\/sites\/5\/2025\/08\/jpg-7215.jpg\",\"width\":332,\"height\":449},{\"@type\":\"BreadcrumbList\",\"@id\":\"https:\/\/staging.forenteforlag.no\/pax\/produkt\/om-fotografi\/#breadcrumb\",\"itemListElement\":[{\"@type\":\"ListItem\",\"position\":1,\"name\":\"Hjem\",\"item\":\"https:\/\/staging.forenteforlag.no\/pax\/\"},{\"@type\":\"ListItem\",\"position\":2,\"name\":\"Alle b\u00f8ker\",\"item\":\"https:\/\/staging.forenteforlag.no\/pax\/butikk\/\"},{\"@type\":\"ListItem\",\"position\":3,\"name\":\"Om fotografi\"}]},{\"@type\":\"WebSite\",\"@id\":\"https:\/\/staging.forenteforlag.no\/pax\/#website\",\"url\":\"https:\/\/staging.forenteforlag.no\/pax\/\",\"name\":\"Pax\",\"description\":\"\",\"potentialAction\":[{\"@type\":\"SearchAction\",\"target\":{\"@type\":\"EntryPoint\",\"urlTemplate\":\"https:\/\/staging.forenteforlag.no\/pax\/?s={search_term_string}\"},\"query-input\":{\"@type\":\"PropertyValueSpecification\",\"valueRequired\":true,\"valueName\":\"search_term_string\"}}],\"inLanguage\":\"nb-NO\"}]}<\/script>\n<!-- \/ Yoast SEO plugin. -->","yoast_head_json":{"title":"Om fotografi - Pax","robots":{"index":"noindex","follow":"follow","max-snippet":"max-snippet:-1","max-image-preview":"max-image-preview:large","max-video-preview":"max-video-preview:-1"},"og_locale":"nb_NO","og_type":"article","og_title":"Om fotografi - Pax","og_description":"Den amerikanske kulturkritikeren Susan Sontag (f. 1933) er kjent for sine romaner, et brennende engasjement og for sine kulturteoretiske essayer, hvorav flere om kunst, film og litteratur. Som essayist, teoretiker og engasjert intellektuell er hun en verdensstjerne, og sist fikk hun en prestisjefylt internasjonal pris for sitt virke for ytringsfrihet. Ingen av Sontags b\u00f8ker om [&hellip;]","og_url":"https:\/\/staging.forenteforlag.no\/pax\/produkt\/om-fotografi\/","og_site_name":"Pax","article_modified_time":"2026-03-04T20:23:45+00:00","og_image":[{"width":332,"height":449,"url":"https:\/\/staging.forenteforlag.no\/pax\/wp-content\/uploads\/sites\/5\/2025\/08\/jpg-7215.jpg","type":"image\/jpeg"}],"twitter_card":"summary_large_image","twitter_misc":{"Ansl. lesetid":"1 minutt"},"schema":{"@context":"https:\/\/schema.org","@graph":[{"@type":"WebPage","@id":"https:\/\/staging.forenteforlag.no\/pax\/produkt\/om-fotografi\/","url":"https:\/\/staging.forenteforlag.no\/pax\/produkt\/om-fotografi\/","name":"Om fotografi - Pax","isPartOf":{"@id":"https:\/\/staging.forenteforlag.no\/pax\/#website"},"primaryImageOfPage":{"@id":"https:\/\/staging.forenteforlag.no\/pax\/produkt\/om-fotografi\/#primaryimage"},"image":{"@id":"https:\/\/staging.forenteforlag.no\/pax\/produkt\/om-fotografi\/#primaryimage"},"thumbnailUrl":"https:\/\/staging.forenteforlag.no\/pax\/wp-content\/uploads\/sites\/5\/2025\/08\/jpg-7215.jpg","datePublished":"2004-03-12T15:42:11+00:00","dateModified":"2026-03-04T20:23:45+00:00","breadcrumb":{"@id":"https:\/\/staging.forenteforlag.no\/pax\/produkt\/om-fotografi\/#breadcrumb"},"inLanguage":"nb-NO","potentialAction":[{"@type":"ReadAction","target":["https:\/\/staging.forenteforlag.no\/pax\/produkt\/om-fotografi\/"]}]},{"@type":"ImageObject","inLanguage":"nb-NO","@id":"https:\/\/staging.forenteforlag.no\/pax\/produkt\/om-fotografi\/#primaryimage","url":"https:\/\/staging.forenteforlag.no\/pax\/wp-content\/uploads\/sites\/5\/2025\/08\/jpg-7215.jpg","contentUrl":"https:\/\/staging.forenteforlag.no\/pax\/wp-content\/uploads\/sites\/5\/2025\/08\/jpg-7215.jpg","width":332,"height":449},{"@type":"BreadcrumbList","@id":"https:\/\/staging.forenteforlag.no\/pax\/produkt\/om-fotografi\/#breadcrumb","itemListElement":[{"@type":"ListItem","position":1,"name":"Hjem","item":"https:\/\/staging.forenteforlag.no\/pax\/"},{"@type":"ListItem","position":2,"name":"Alle b\u00f8ker","item":"https:\/\/staging.forenteforlag.no\/pax\/butikk\/"},{"@type":"ListItem","position":3,"name":"Om fotografi"}]},{"@type":"WebSite","@id":"https:\/\/staging.forenteforlag.no\/pax\/#website","url":"https:\/\/staging.forenteforlag.no\/pax\/","name":"Pax","description":"","potentialAction":[{"@type":"SearchAction","target":{"@type":"EntryPoint","urlTemplate":"https:\/\/staging.forenteforlag.no\/pax\/?s={search_term_string}"},"query-input":{"@type":"PropertyValueSpecification","valueRequired":true,"valueName":"search_term_string"}}],"inLanguage":"nb-NO"}]}},"_links":{"self":[{"href":"https:\/\/staging.forenteforlag.no\/pax\/wp-json\/wp\/v2\/product\/20339","targetHints":{"allow":["GET"]}}],"collection":[{"href":"https:\/\/staging.forenteforlag.no\/pax\/wp-json\/wp\/v2\/product"}],"about":[{"href":"https:\/\/staging.forenteforlag.no\/pax\/wp-json\/wp\/v2\/types\/product"}],"wp:featuredmedia":[{"embeddable":true,"href":"https:\/\/staging.forenteforlag.no\/pax\/wp-json\/wp\/v2\/media\/28532"}],"wp:attachment":[{"href":"https:\/\/staging.forenteforlag.no\/pax\/wp-json\/wp\/v2\/media?parent=20339"}],"wp:term":[{"taxonomy":"product_brand","embeddable":true,"href":"https:\/\/staging.forenteforlag.no\/pax\/wp-json\/wp\/v2\/product_brand?post=20339"},{"taxonomy":"product_cat","embeddable":true,"href":"https:\/\/staging.forenteforlag.no\/pax\/wp-json\/wp\/v2\/product_cat?post=20339"},{"taxonomy":"product_tag","embeddable":true,"href":"https:\/\/staging.forenteforlag.no\/pax\/wp-json\/wp\/v2\/product_tag?post=20339"}],"curies":[{"name":"wp","href":"https:\/\/api.w.org\/{rel}","templated":true}]}}

<p>Den amerikanske kulturkritikeren Susan Sontag (f. 1933) er kjent for sine romaner, et brennende engasjement og for sine kulturteoretiske essayer, hvorav flere om kunst, film og litteratur. Som essayist, teoretiker og engasjert intellektuell er hun en verdensstjerne, og sist fikk hun en prestisjefylt internasjonal pris for sitt virke for ytringsfrihet. Ingen av Sontags bøker om kunst er blitt utgitt på norsk, men endelig oversettes hennes mest berømte . og mest leste . bok Om fotografi (On Photography, 1976). Her drøftes forholdet mellom kunst og virkelighet, og fotografiets og fotograferingens funksjon. For hvordan .lese. fotografi? Som kommentar til en virkelig hendelse, eller som en egen form for virkelighet? I essayet .Against Interpretation. hadde Susan Sontag argumentert mot tolkning og for .en kunstens erotikk.. Heller ikke fotografiet skal ihjeltolkes eller .forstås., skriver hun i Om fotografi. Fotografier verken representerer eller fortolker verden, men er selv .biter av verden.. Som kunstverker må de erfares, dvs. sanses og oppleves. Det alminnelige behovet for å fotografere, for stadig flere bilder, er imidlertid knyttet til behovet for å konsumere. Sontag kan videre fastslå at fotografiets utbredelse i sin tur får oss til å se på verden fotografisk . som et bilde! Utgis med et etterord av kunsthistoriker Ina Blom.</p>

<p>Den amerikanske kulturkritikeren Susan Sontag (f. 1933) er kjent for sine romaner, et brennende engasjement og for sine kulturteoretiske essayer, hvorav flere om kunst, film og litteratur. Som essayist, teoretiker og engasjert intellektuell er hun en verdensstjerne, og sist fikk hun en prestisjefylt internasjonal pris for sitt virke for ytringsfrihet. Ingen av Sontags bøker om [&hellip;]</p>

<!-- This site is optimized with the Yoast SEO plugin v26.6 - https://yoast.com/wordpress/plugins/seo/ -->
<title>Om fotografi - Pax</title>
<meta name="robots" content="noindex, follow, max-snippet:-1, max-image-preview:large, max-video-preview:-1" />
<meta property="og:locale" content="nb_NO" />
<meta property="og:type" content="article" />
<meta property="og:title" content="Om fotografi - Pax" />
<meta property="og:description" content="Den amerikanske kulturkritikeren Susan Sontag (f. 1933) er kjent for sine romaner, et brennende engasjement og for sine kulturteoretiske essayer, hvorav flere om kunst, film og litteratur. Som essayist, teoretiker og engasjert intellektuell er hun en verdensstjerne, og sist fikk hun en prestisjefylt internasjonal pris for sitt virke for ytringsfrihet. Ingen av Sontags bøker om [&hellip;]" />
<meta property="og:url" content="https://staging.forenteforlag.no/pax/produkt/om-fotografi/" />
<meta property="og:site_name" content="Pax" />
<meta property="article:modified_time" content="2026-03-04T20:23:45+00:00" />
<meta property="og:image" content="https://staging.forenteforlag.no/pax/wp-content/uploads/sites/5/2025/08/jpg-7215.jpg" />
	<meta property="og:image:width" content="332" />
	<meta property="og:image:height" content="449" />
	<meta property="og:image:type" content="image/jpeg" />
<meta name="twitter:card" content="summary_large_image" />
<meta name="twitter:label1" content="Ansl. lesetid" />
	<meta name="twitter:data1" content="1 minutt" />
<script type="application/ld+json" class="yoast-schema-graph">{"@context":"https://schema.org","@graph":[{"@type":"WebPage","@id":"https://staging.forenteforlag.no/pax/produkt/om-fotografi/","url":"https://staging.forenteforlag.no/pax/produkt/om-fotografi/","name":"Om fotografi - Pax","isPartOf":{"@id":"https://staging.forenteforlag.no/pax/#website"},"primaryImageOfPage":{"@id":"https://staging.forenteforlag.no/pax/produkt/om-fotografi/#primaryimage"},"image":{"@id":"https://staging.forenteforlag.no/pax/produkt/om-fotografi/#primaryimage"},"thumbnailUrl":"https://staging.forenteforlag.no/pax/wp-content/uploads/sites/5/2025/08/jpg-7215.jpg","datePublished":"2004-03-12T15:42:11+00:00","dateModified":"2026-03-04T20:23:45+00:00","breadcrumb":{"@id":"https://staging.forenteforlag.no/pax/produkt/om-fotografi/#breadcrumb"},"inLanguage":"nb-NO","potentialAction":[{"@type":"ReadAction","target":["https://staging.forenteforlag.no/pax/produkt/om-fotografi/"]}]},{"@type":"ImageObject","inLanguage":"nb-NO","@id":"https://staging.forenteforlag.no/pax/produkt/om-fotografi/#primaryimage","url":"https://staging.forenteforlag.no/pax/wp-content/uploads/sites/5/2025/08/jpg-7215.jpg","contentUrl":"https://staging.forenteforlag.no/pax/wp-content/uploads/sites/5/2025/08/jpg-7215.jpg","width":332,"height":449},{"@type":"BreadcrumbList","@id":"https://staging.forenteforlag.no/pax/produkt/om-fotografi/#breadcrumb","itemListElement":[{"@type":"ListItem","position":1,"name":"Hjem","item":"https://staging.forenteforlag.no/pax/"},{"@type":"ListItem","position":2,"name":"Alle bøker","item":"https://staging.forenteforlag.no/pax/butikk/"},{"@type":"ListItem","position":3,"name":"Om fotografi"}]},{"@type":"WebSite","@id":"https://staging.forenteforlag.no/pax/#website","url":"https://staging.forenteforlag.no/pax/","name":"Pax","description":"","potentialAction":[{"@type":"SearchAction","target":{"@type":"EntryPoint","urlTemplate":"https://staging.forenteforlag.no/pax/?s={search_term_string}"},"query-input":{"@type":"PropertyValueSpecification","valueRequired":true,"valueName":"search_term_string"}}],"inLanguage":"nb-NO"}]}</script>
<!-- / Yoast SEO plugin. -->

Den amerikanske kulturkritikeren Susan Sontag (f. 1933) er kjent for sine romaner, et brennende engasjement og for sine kulturteoretiske essayer, hvorav flere om kunst, film og litteratur. Som essayist, teoretiker og engasjert intellektuell er hun en verdensstjerne, og sist fikk hun en prestisjefylt internasjonal pris for sitt virke for ytringsfrihet. Ingen av Sontags bøker om [&hellip;]

Alle bøker
