{"id":20335,"date":"2001-03-12T16:42:09","date_gmt":"2001-03-12T15:42:09","guid":{"rendered":"https:\/\/pax.forenteforlag.no\/produkt\/det-lyse-rommet\/"},"modified":"2026-03-04T20:39:29","modified_gmt":"2026-03-04T19:39:29","slug":"det-lyse-rommet","status":"publish","type":"product","link":"https:\/\/staging.forenteforlag.no\/pax\/produkt\/det-lyse-rommet\/","title":{"rendered":"Det lyse rommet"},"content":{"rendered":"<p>Boken er et essay om det fotografiske bildet. Kommer virkeligheten til syne i fotografiet? Kan fotografi v\u00e6re kunst? Her dr\u00f8ftes virkningen av dokumenterbilder, pressefotos, kunstfotografier og familieportretter, b\u00e5de h\u00f8ytidelige og mer trivielle. Fotografiets egenart forst\u00e5r Barthes f\u00f8rst etter \u00e5 ha studert et portrett av sin mor, og slik reflektert hans egen sorgarbeid.<\/p>\n","protected":false},"excerpt":{"rendered":"<p>Boken er et essay om det fotografiske bildet. Kommer virkeligheten til syne i fotografiet? Kan fotografi v\u00e6re kunst? Her dr\u00f8ftes virkningen av dokumenterbilder, pressefotos, kunstfotografier og familieportretter, b\u00e5de h\u00f8ytidelige og mer trivielle. Fotografiets egenart forst\u00e5r Barthes f\u00f8rst etter \u00e5 ha studert et portrett av sin mor, og slik reflektert hans egen sorgarbeid.<\/p>\n","protected":false},"featured_media":28111,"template":"","meta":{"_acf_changed":false,"inline_featured_image":false},"product_brand":[],"product_cat":[1782],"product_tag":[362,542],"class_list":{"0":"post-20335","1":"product","2":"type-product","3":"status-publish","4":"has-post-thumbnail","6":"product_cat-fripris","7":"product_tag-faglitteratur","8":"product_tag-fotokunst","10":"first","11":"instock","12":"shipping-taxable","13":"purchasable","14":"product-type-simple"},"acf":{"anmeldelse":null},"yoast_head":"<!-- This site is optimized with the Yoast SEO plugin v26.6 - https:\/\/yoast.com\/wordpress\/plugins\/seo\/ -->\n<title>Det lyse rommet - Pax<\/title>\n<meta name=\"robots\" content=\"noindex, follow, max-snippet:-1, max-image-preview:large, max-video-preview:-1\" \/>\n<meta property=\"og:locale\" content=\"nb_NO\" \/>\n<meta property=\"og:type\" content=\"article\" \/>\n<meta property=\"og:title\" content=\"Det lyse rommet - Pax\" \/>\n<meta property=\"og:description\" content=\"Boken er et essay om det fotografiske bildet. Kommer virkeligheten til syne i fotografiet? Kan fotografi v\u00e6re kunst? Her dr\u00f8ftes virkningen av dokumenterbilder, pressefotos, kunstfotografier og familieportretter, b\u00e5de h\u00f8ytidelige og mer trivielle. Fotografiets egenart forst\u00e5r Barthes f\u00f8rst etter \u00e5 ha studert et portrett av sin mor, og slik reflektert hans egen sorgarbeid.\" \/>\n<meta property=\"og:url\" content=\"https:\/\/staging.forenteforlag.no\/pax\/produkt\/det-lyse-rommet\/\" \/>\n<meta property=\"og:site_name\" content=\"Pax\" \/>\n<meta property=\"article:modified_time\" content=\"2026-03-04T19:39:29+00:00\" \/>\n<meta property=\"og:image\" content=\"https:\/\/staging.forenteforlag.no\/pax\/wp-content\/uploads\/sites\/5\/2025\/08\/jpg-6038.jpg\" \/>\n\t<meta property=\"og:image:width\" content=\"315\" \/>\n\t<meta property=\"og:image:height\" content=\"450\" \/>\n\t<meta property=\"og:image:type\" content=\"image\/jpeg\" \/>\n<meta name=\"twitter:card\" content=\"summary_large_image\" \/>\n<script type=\"application\/ld+json\" class=\"yoast-schema-graph\">{\"@context\":\"https:\/\/schema.org\",\"@graph\":[{\"@type\":\"WebPage\",\"@id\":\"https:\/\/staging.forenteforlag.no\/pax\/produkt\/det-lyse-rommet\/\",\"url\":\"https:\/\/staging.forenteforlag.no\/pax\/produkt\/det-lyse-rommet\/\",\"name\":\"Det lyse rommet - Pax\",\"isPartOf\":{\"@id\":\"https:\/\/staging.forenteforlag.no\/pax\/#website\"},\"primaryImageOfPage\":{\"@id\":\"https:\/\/staging.forenteforlag.no\/pax\/produkt\/det-lyse-rommet\/#primaryimage\"},\"image\":{\"@id\":\"https:\/\/staging.forenteforlag.no\/pax\/produkt\/det-lyse-rommet\/#primaryimage\"},\"thumbnailUrl\":\"https:\/\/staging.forenteforlag.no\/pax\/wp-content\/uploads\/sites\/5\/2025\/08\/jpg-6038.jpg\",\"datePublished\":\"2001-03-12T15:42:09+00:00\",\"dateModified\":\"2026-03-04T19:39:29+00:00\",\"breadcrumb\":{\"@id\":\"https:\/\/staging.forenteforlag.no\/pax\/produkt\/det-lyse-rommet\/#breadcrumb\"},\"inLanguage\":\"nb-NO\",\"potentialAction\":[{\"@type\":\"ReadAction\",\"target\":[\"https:\/\/staging.forenteforlag.no\/pax\/produkt\/det-lyse-rommet\/\"]}]},{\"@type\":\"ImageObject\",\"inLanguage\":\"nb-NO\",\"@id\":\"https:\/\/staging.forenteforlag.no\/pax\/produkt\/det-lyse-rommet\/#primaryimage\",\"url\":\"https:\/\/staging.forenteforlag.no\/pax\/wp-content\/uploads\/sites\/5\/2025\/08\/jpg-6038.jpg\",\"contentUrl\":\"https:\/\/staging.forenteforlag.no\/pax\/wp-content\/uploads\/sites\/5\/2025\/08\/jpg-6038.jpg\",\"width\":315,\"height\":450},{\"@type\":\"BreadcrumbList\",\"@id\":\"https:\/\/staging.forenteforlag.no\/pax\/produkt\/det-lyse-rommet\/#breadcrumb\",\"itemListElement\":[{\"@type\":\"ListItem\",\"position\":1,\"name\":\"Hjem\",\"item\":\"https:\/\/staging.forenteforlag.no\/pax\/\"},{\"@type\":\"ListItem\",\"position\":2,\"name\":\"Alle b\u00f8ker\",\"item\":\"https:\/\/staging.forenteforlag.no\/pax\/butikk\/\"},{\"@type\":\"ListItem\",\"position\":3,\"name\":\"Det lyse rommet\"}]},{\"@type\":\"WebSite\",\"@id\":\"https:\/\/staging.forenteforlag.no\/pax\/#website\",\"url\":\"https:\/\/staging.forenteforlag.no\/pax\/\",\"name\":\"Pax\",\"description\":\"\",\"potentialAction\":[{\"@type\":\"SearchAction\",\"target\":{\"@type\":\"EntryPoint\",\"urlTemplate\":\"https:\/\/staging.forenteforlag.no\/pax\/?s={search_term_string}\"},\"query-input\":{\"@type\":\"PropertyValueSpecification\",\"valueRequired\":true,\"valueName\":\"search_term_string\"}}],\"inLanguage\":\"nb-NO\"}]}<\/script>\n<!-- \/ Yoast SEO plugin. -->","yoast_head_json":{"title":"Det lyse rommet - Pax","robots":{"index":"noindex","follow":"follow","max-snippet":"max-snippet:-1","max-image-preview":"max-image-preview:large","max-video-preview":"max-video-preview:-1"},"og_locale":"nb_NO","og_type":"article","og_title":"Det lyse rommet - Pax","og_description":"Boken er et essay om det fotografiske bildet. Kommer virkeligheten til syne i fotografiet? Kan fotografi v\u00e6re kunst? Her dr\u00f8ftes virkningen av dokumenterbilder, pressefotos, kunstfotografier og familieportretter, b\u00e5de h\u00f8ytidelige og mer trivielle. Fotografiets egenart forst\u00e5r Barthes f\u00f8rst etter \u00e5 ha studert et portrett av sin mor, og slik reflektert hans egen sorgarbeid.","og_url":"https:\/\/staging.forenteforlag.no\/pax\/produkt\/det-lyse-rommet\/","og_site_name":"Pax","article_modified_time":"2026-03-04T19:39:29+00:00","og_image":[{"width":315,"height":450,"url":"https:\/\/staging.forenteforlag.no\/pax\/wp-content\/uploads\/sites\/5\/2025\/08\/jpg-6038.jpg","type":"image\/jpeg"}],"twitter_card":"summary_large_image","schema":{"@context":"https:\/\/schema.org","@graph":[{"@type":"WebPage","@id":"https:\/\/staging.forenteforlag.no\/pax\/produkt\/det-lyse-rommet\/","url":"https:\/\/staging.forenteforlag.no\/pax\/produkt\/det-lyse-rommet\/","name":"Det lyse rommet - Pax","isPartOf":{"@id":"https:\/\/staging.forenteforlag.no\/pax\/#website"},"primaryImageOfPage":{"@id":"https:\/\/staging.forenteforlag.no\/pax\/produkt\/det-lyse-rommet\/#primaryimage"},"image":{"@id":"https:\/\/staging.forenteforlag.no\/pax\/produkt\/det-lyse-rommet\/#primaryimage"},"thumbnailUrl":"https:\/\/staging.forenteforlag.no\/pax\/wp-content\/uploads\/sites\/5\/2025\/08\/jpg-6038.jpg","datePublished":"2001-03-12T15:42:09+00:00","dateModified":"2026-03-04T19:39:29+00:00","breadcrumb":{"@id":"https:\/\/staging.forenteforlag.no\/pax\/produkt\/det-lyse-rommet\/#breadcrumb"},"inLanguage":"nb-NO","potentialAction":[{"@type":"ReadAction","target":["https:\/\/staging.forenteforlag.no\/pax\/produkt\/det-lyse-rommet\/"]}]},{"@type":"ImageObject","inLanguage":"nb-NO","@id":"https:\/\/staging.forenteforlag.no\/pax\/produkt\/det-lyse-rommet\/#primaryimage","url":"https:\/\/staging.forenteforlag.no\/pax\/wp-content\/uploads\/sites\/5\/2025\/08\/jpg-6038.jpg","contentUrl":"https:\/\/staging.forenteforlag.no\/pax\/wp-content\/uploads\/sites\/5\/2025\/08\/jpg-6038.jpg","width":315,"height":450},{"@type":"BreadcrumbList","@id":"https:\/\/staging.forenteforlag.no\/pax\/produkt\/det-lyse-rommet\/#breadcrumb","itemListElement":[{"@type":"ListItem","position":1,"name":"Hjem","item":"https:\/\/staging.forenteforlag.no\/pax\/"},{"@type":"ListItem","position":2,"name":"Alle b\u00f8ker","item":"https:\/\/staging.forenteforlag.no\/pax\/butikk\/"},{"@type":"ListItem","position":3,"name":"Det lyse rommet"}]},{"@type":"WebSite","@id":"https:\/\/staging.forenteforlag.no\/pax\/#website","url":"https:\/\/staging.forenteforlag.no\/pax\/","name":"Pax","description":"","potentialAction":[{"@type":"SearchAction","target":{"@type":"EntryPoint","urlTemplate":"https:\/\/staging.forenteforlag.no\/pax\/?s={search_term_string}"},"query-input":{"@type":"PropertyValueSpecification","valueRequired":true,"valueName":"search_term_string"}}],"inLanguage":"nb-NO"}]}},"_links":{"self":[{"href":"https:\/\/staging.forenteforlag.no\/pax\/wp-json\/wp\/v2\/product\/20335","targetHints":{"allow":["GET"]}}],"collection":[{"href":"https:\/\/staging.forenteforlag.no\/pax\/wp-json\/wp\/v2\/product"}],"about":[{"href":"https:\/\/staging.forenteforlag.no\/pax\/wp-json\/wp\/v2\/types\/product"}],"wp:featuredmedia":[{"embeddable":true,"href":"https:\/\/staging.forenteforlag.no\/pax\/wp-json\/wp\/v2\/media\/28111"}],"wp:attachment":[{"href":"https:\/\/staging.forenteforlag.no\/pax\/wp-json\/wp\/v2\/media?parent=20335"}],"wp:term":[{"taxonomy":"product_brand","embeddable":true,"href":"https:\/\/staging.forenteforlag.no\/pax\/wp-json\/wp\/v2\/product_brand?post=20335"},{"taxonomy":"product_cat","embeddable":true,"href":"https:\/\/staging.forenteforlag.no\/pax\/wp-json\/wp\/v2\/product_cat?post=20335"},{"taxonomy":"product_tag","embeddable":true,"href":"https:\/\/staging.forenteforlag.no\/pax\/wp-json\/wp\/v2\/product_tag?post=20335"}],"curies":[{"name":"wp","href":"https:\/\/api.w.org\/{rel}","templated":true}]}}

<p>Boken er et essay om det fotografiske bildet. Kommer virkeligheten til syne i fotografiet? Kan fotografi være kunst? Her drøftes virkningen av dokumenterbilder, pressefotos, kunstfotografier og familieportretter, både høytidelige og mer trivielle. Fotografiets egenart forstår Barthes først etter å ha studert et portrett av sin mor, og slik reflektert hans egen sorgarbeid.</p>

<!-- This site is optimized with the Yoast SEO plugin v26.6 - https://yoast.com/wordpress/plugins/seo/ -->
<title>Det lyse rommet - Pax</title>
<meta name="robots" content="noindex, follow, max-snippet:-1, max-image-preview:large, max-video-preview:-1" />
<meta property="og:locale" content="nb_NO" />
<meta property="og:type" content="article" />
<meta property="og:title" content="Det lyse rommet - Pax" />
<meta property="og:description" content="Boken er et essay om det fotografiske bildet. Kommer virkeligheten til syne i fotografiet? Kan fotografi være kunst? Her drøftes virkningen av dokumenterbilder, pressefotos, kunstfotografier og familieportretter, både høytidelige og mer trivielle. Fotografiets egenart forstår Barthes først etter å ha studert et portrett av sin mor, og slik reflektert hans egen sorgarbeid." />
<meta property="og:url" content="https://staging.forenteforlag.no/pax/produkt/det-lyse-rommet/" />
<meta property="og:site_name" content="Pax" />
<meta property="article:modified_time" content="2026-03-04T19:39:29+00:00" />
<meta property="og:image" content="https://staging.forenteforlag.no/pax/wp-content/uploads/sites/5/2025/08/jpg-6038.jpg" />
	<meta property="og:image:width" content="315" />
	<meta property="og:image:height" content="450" />
	<meta property="og:image:type" content="image/jpeg" />
<meta name="twitter:card" content="summary_large_image" />
<script type="application/ld+json" class="yoast-schema-graph">{"@context":"https://schema.org","@graph":[{"@type":"WebPage","@id":"https://staging.forenteforlag.no/pax/produkt/det-lyse-rommet/","url":"https://staging.forenteforlag.no/pax/produkt/det-lyse-rommet/","name":"Det lyse rommet - Pax","isPartOf":{"@id":"https://staging.forenteforlag.no/pax/#website"},"primaryImageOfPage":{"@id":"https://staging.forenteforlag.no/pax/produkt/det-lyse-rommet/#primaryimage"},"image":{"@id":"https://staging.forenteforlag.no/pax/produkt/det-lyse-rommet/#primaryimage"},"thumbnailUrl":"https://staging.forenteforlag.no/pax/wp-content/uploads/sites/5/2025/08/jpg-6038.jpg","datePublished":"2001-03-12T15:42:09+00:00","dateModified":"2026-03-04T19:39:29+00:00","breadcrumb":{"@id":"https://staging.forenteforlag.no/pax/produkt/det-lyse-rommet/#breadcrumb"},"inLanguage":"nb-NO","potentialAction":[{"@type":"ReadAction","target":["https://staging.forenteforlag.no/pax/produkt/det-lyse-rommet/"]}]},{"@type":"ImageObject","inLanguage":"nb-NO","@id":"https://staging.forenteforlag.no/pax/produkt/det-lyse-rommet/#primaryimage","url":"https://staging.forenteforlag.no/pax/wp-content/uploads/sites/5/2025/08/jpg-6038.jpg","contentUrl":"https://staging.forenteforlag.no/pax/wp-content/uploads/sites/5/2025/08/jpg-6038.jpg","width":315,"height":450},{"@type":"BreadcrumbList","@id":"https://staging.forenteforlag.no/pax/produkt/det-lyse-rommet/#breadcrumb","itemListElement":[{"@type":"ListItem","position":1,"name":"Hjem","item":"https://staging.forenteforlag.no/pax/"},{"@type":"ListItem","position":2,"name":"Alle bøker","item":"https://staging.forenteforlag.no/pax/butikk/"},{"@type":"ListItem","position":3,"name":"Det lyse rommet"}]},{"@type":"WebSite","@id":"https://staging.forenteforlag.no/pax/#website","url":"https://staging.forenteforlag.no/pax/","name":"Pax","description":"","potentialAction":[{"@type":"SearchAction","target":{"@type":"EntryPoint","urlTemplate":"https://staging.forenteforlag.no/pax/?s={search_term_string}"},"query-input":{"@type":"PropertyValueSpecification","valueRequired":true,"valueName":"search_term_string"}}],"inLanguage":"nb-NO"}]}</script>
<!-- / Yoast SEO plugin. -->

Boken er et essay om det fotografiske bildet. Kommer virkeligheten til syne i fotografiet? Kan fotografi være kunst? Her drøftes virkningen av dokumenterbilder, pressefotos, kunstfotografier og familieportretter, både høytidelige og mer trivielle. Fotografiets egenart forstår Barthes først etter å ha studert et portrett av sin mor, og slik reflektert hans egen sorgarbeid.

Alle bøker
