{"id":25974,"date":"2024-12-10T20:58:12","date_gmt":"2024-12-10T19:58:12","guid":{"rendered":"https:\/\/staging.forenteforlag.no\/forfatter\/ulf-gronvold\/"},"modified":"2025-06-26T15:38:51","modified_gmt":"2025-06-26T13:38:51","slug":"ulf-gronvold-2","status":"publish","type":"forfatter","link":"https:\/\/staging.forenteforlag.no\/pax\/forfatter\/ulf-gronvold-2\/","title":{"rendered":"Ulf Gr\u00f8nvold"},"content":{"rendered":"<p><span class=\"OYPEnA font-feature-liga-off font-feature-clig-off font-feature-calt-off text-decoration-none text-strikethrough-none\">Ulf Gr\u00f8nvold<\/span><span class=\"OYPEnA font-feature-liga-off font-feature-clig-off font-feature-calt-off text-decoration-none text-strikethrough-none\"> (f. 1947) er arkitekt MNAL og arkitekturhistoriker. Han var redakt\u00f8r for arkitektenes fagtidsskrift Byggekunst fra 1983 til1993 og direkt\u00f8r for Arkitekturmuseet i ti \u00e5r. Han mottok Kongens Fortjenstmedalje i gull i 2011.<\/span><\/p>\n","protected":false},"featured_media":25975,"template":"","meta":{"_acf_changed":false,"inline_featured_image":false},"class_list":["post-25974","forfatter","type-forfatter","status-publish","has-post-thumbnail","hentry"],"acf":[],"yoast_head":"<!-- This site is optimized with the Yoast SEO plugin v26.6 - https:\/\/yoast.com\/wordpress\/plugins\/seo\/ -->\n<title>Ulf Gr\u00f8nvold - Pax<\/title>\n<meta name=\"robots\" content=\"noindex, follow, max-snippet:-1, max-image-preview:large, max-video-preview:-1\" \/>\n<meta property=\"og:locale\" content=\"nb_NO\" \/>\n<meta property=\"og:type\" content=\"article\" \/>\n<meta property=\"og:title\" content=\"Ulf Gr\u00f8nvold - Pax\" \/>\n<meta property=\"og:description\" content=\"Ulf Gr\u00f8nvold (f. 1947) er arkitekt MNAL og arkitekturhistoriker. Han var redakt\u00f8r for arkitektenes fagtidsskrift Byggekunst fra 1983 til1993 og direkt\u00f8r for Arkitekturmuseet i ti \u00e5r. Han mottok Kongens Fortjenstmedalje i gull i 2011.\" \/>\n<meta property=\"og:url\" content=\"https:\/\/staging.forenteforlag.no\/pax\/forfatter\/ulf-gronvold-2\/\" \/>\n<meta property=\"og:site_name\" content=\"Pax\" \/>\n<meta property=\"article:modified_time\" content=\"2025-06-26T13:38:51+00:00\" \/>\n<meta property=\"og:image\" content=\"https:\/\/staging.forenteforlag.no\/pax\/wp-content\/uploads\/sites\/5\/2025\/06\/ulf-Gronvold-1.jpg\" \/>\n\t<meta property=\"og:image:width\" content=\"1280\" \/>\n\t<meta property=\"og:image:height\" content=\"853\" \/>\n\t<meta property=\"og:image:type\" content=\"image\/jpeg\" \/>\n<meta name=\"twitter:card\" content=\"summary_large_image\" \/>\n<meta name=\"twitter:label1\" content=\"Ansl. lesetid\" \/>\n\t<meta name=\"twitter:data1\" content=\"1 minutt\" \/>\n<script type=\"application\/ld+json\" class=\"yoast-schema-graph\">{\"@context\":\"https:\/\/schema.org\",\"@graph\":[{\"@type\":\"WebPage\",\"@id\":\"https:\/\/staging.forenteforlag.no\/pax\/forfatter\/ulf-gronvold-2\/\",\"url\":\"https:\/\/staging.forenteforlag.no\/pax\/forfatter\/ulf-gronvold-2\/\",\"name\":\"Ulf Gr\u00f8nvold - Pax\",\"isPartOf\":{\"@id\":\"https:\/\/staging.forenteforlag.no\/pax\/#website\"},\"primaryImageOfPage\":{\"@id\":\"https:\/\/staging.forenteforlag.no\/pax\/forfatter\/ulf-gronvold-2\/#primaryimage\"},\"image\":{\"@id\":\"https:\/\/staging.forenteforlag.no\/pax\/forfatter\/ulf-gronvold-2\/#primaryimage\"},\"thumbnailUrl\":\"https:\/\/staging.forenteforlag.no\/pax\/wp-content\/uploads\/sites\/5\/2025\/06\/ulf-Gronvold-1.jpg\",\"datePublished\":\"2024-12-10T19:58:12+00:00\",\"dateModified\":\"2025-06-26T13:38:51+00:00\",\"breadcrumb\":{\"@id\":\"https:\/\/staging.forenteforlag.no\/pax\/forfatter\/ulf-gronvold-2\/#breadcrumb\"},\"inLanguage\":\"nb-NO\",\"potentialAction\":[{\"@type\":\"ReadAction\",\"target\":[\"https:\/\/staging.forenteforlag.no\/pax\/forfatter\/ulf-gronvold-2\/\"]}]},{\"@type\":\"ImageObject\",\"inLanguage\":\"nb-NO\",\"@id\":\"https:\/\/staging.forenteforlag.no\/pax\/forfatter\/ulf-gronvold-2\/#primaryimage\",\"url\":\"https:\/\/staging.forenteforlag.no\/pax\/wp-content\/uploads\/sites\/5\/2025\/06\/ulf-Gronvold-1.jpg\",\"contentUrl\":\"https:\/\/staging.forenteforlag.no\/pax\/wp-content\/uploads\/sites\/5\/2025\/06\/ulf-Gronvold-1.jpg\",\"width\":1280,\"height\":853},{\"@type\":\"BreadcrumbList\",\"@id\":\"https:\/\/staging.forenteforlag.no\/pax\/forfatter\/ulf-gronvold-2\/#breadcrumb\",\"itemListElement\":[{\"@type\":\"ListItem\",\"position\":1,\"name\":\"Hjem\",\"item\":\"https:\/\/staging.forenteforlag.no\/pax\/\"},{\"@type\":\"ListItem\",\"position\":2,\"name\":\"Ulf Gr\u00f8nvold\"}]},{\"@type\":\"WebSite\",\"@id\":\"https:\/\/staging.forenteforlag.no\/pax\/#website\",\"url\":\"https:\/\/staging.forenteforlag.no\/pax\/\",\"name\":\"Pax\",\"description\":\"\",\"potentialAction\":[{\"@type\":\"SearchAction\",\"target\":{\"@type\":\"EntryPoint\",\"urlTemplate\":\"https:\/\/staging.forenteforlag.no\/pax\/?s={search_term_string}\"},\"query-input\":{\"@type\":\"PropertyValueSpecification\",\"valueRequired\":true,\"valueName\":\"search_term_string\"}}],\"inLanguage\":\"nb-NO\"}]}<\/script>\n<!-- \/ Yoast SEO plugin. -->","yoast_head_json":{"title":"Ulf Gr\u00f8nvold - Pax","robots":{"index":"noindex","follow":"follow","max-snippet":"max-snippet:-1","max-image-preview":"max-image-preview:large","max-video-preview":"max-video-preview:-1"},"og_locale":"nb_NO","og_type":"article","og_title":"Ulf Gr\u00f8nvold - Pax","og_description":"Ulf Gr\u00f8nvold (f. 1947) er arkitekt MNAL og arkitekturhistoriker. Han var redakt\u00f8r for arkitektenes fagtidsskrift Byggekunst fra 1983 til1993 og direkt\u00f8r for Arkitekturmuseet i ti \u00e5r. Han mottok Kongens Fortjenstmedalje i gull i 2011.","og_url":"https:\/\/staging.forenteforlag.no\/pax\/forfatter\/ulf-gronvold-2\/","og_site_name":"Pax","article_modified_time":"2025-06-26T13:38:51+00:00","og_image":[{"width":1280,"height":853,"url":"https:\/\/staging.forenteforlag.no\/pax\/wp-content\/uploads\/sites\/5\/2025\/06\/ulf-Gronvold-1.jpg","type":"image\/jpeg"}],"twitter_card":"summary_large_image","twitter_misc":{"Ansl. lesetid":"1 minutt"},"schema":{"@context":"https:\/\/schema.org","@graph":[{"@type":"WebPage","@id":"https:\/\/staging.forenteforlag.no\/pax\/forfatter\/ulf-gronvold-2\/","url":"https:\/\/staging.forenteforlag.no\/pax\/forfatter\/ulf-gronvold-2\/","name":"Ulf Gr\u00f8nvold - Pax","isPartOf":{"@id":"https:\/\/staging.forenteforlag.no\/pax\/#website"},"primaryImageOfPage":{"@id":"https:\/\/staging.forenteforlag.no\/pax\/forfatter\/ulf-gronvold-2\/#primaryimage"},"image":{"@id":"https:\/\/staging.forenteforlag.no\/pax\/forfatter\/ulf-gronvold-2\/#primaryimage"},"thumbnailUrl":"https:\/\/staging.forenteforlag.no\/pax\/wp-content\/uploads\/sites\/5\/2025\/06\/ulf-Gronvold-1.jpg","datePublished":"2024-12-10T19:58:12+00:00","dateModified":"2025-06-26T13:38:51+00:00","breadcrumb":{"@id":"https:\/\/staging.forenteforlag.no\/pax\/forfatter\/ulf-gronvold-2\/#breadcrumb"},"inLanguage":"nb-NO","potentialAction":[{"@type":"ReadAction","target":["https:\/\/staging.forenteforlag.no\/pax\/forfatter\/ulf-gronvold-2\/"]}]},{"@type":"ImageObject","inLanguage":"nb-NO","@id":"https:\/\/staging.forenteforlag.no\/pax\/forfatter\/ulf-gronvold-2\/#primaryimage","url":"https:\/\/staging.forenteforlag.no\/pax\/wp-content\/uploads\/sites\/5\/2025\/06\/ulf-Gronvold-1.jpg","contentUrl":"https:\/\/staging.forenteforlag.no\/pax\/wp-content\/uploads\/sites\/5\/2025\/06\/ulf-Gronvold-1.jpg","width":1280,"height":853},{"@type":"BreadcrumbList","@id":"https:\/\/staging.forenteforlag.no\/pax\/forfatter\/ulf-gronvold-2\/#breadcrumb","itemListElement":[{"@type":"ListItem","position":1,"name":"Hjem","item":"https:\/\/staging.forenteforlag.no\/pax\/"},{"@type":"ListItem","position":2,"name":"Ulf Gr\u00f8nvold"}]},{"@type":"WebSite","@id":"https:\/\/staging.forenteforlag.no\/pax\/#website","url":"https:\/\/staging.forenteforlag.no\/pax\/","name":"Pax","description":"","potentialAction":[{"@type":"SearchAction","target":{"@type":"EntryPoint","urlTemplate":"https:\/\/staging.forenteforlag.no\/pax\/?s={search_term_string}"},"query-input":{"@type":"PropertyValueSpecification","valueRequired":true,"valueName":"search_term_string"}}],"inLanguage":"nb-NO"}]}},"_links":{"self":[{"href":"https:\/\/staging.forenteforlag.no\/pax\/wp-json\/wp\/v2\/forfatter\/25974","targetHints":{"allow":["GET"]}}],"collection":[{"href":"https:\/\/staging.forenteforlag.no\/pax\/wp-json\/wp\/v2\/forfatter"}],"about":[{"href":"https:\/\/staging.forenteforlag.no\/pax\/wp-json\/wp\/v2\/types\/forfatter"}],"wp:featuredmedia":[{"embeddable":true,"href":"https:\/\/staging.forenteforlag.no\/pax\/wp-json\/wp\/v2\/media\/25975"}],"wp:attachment":[{"href":"https:\/\/staging.forenteforlag.no\/pax\/wp-json\/wp\/v2\/media?parent=25974"}],"curies":[{"name":"wp","href":"https:\/\/api.w.org\/{rel}","templated":true}]}}

Ulf Grønvold

<p><span class="OYPEnA font-feature-liga-off font-feature-clig-off font-feature-calt-off text-decoration-none text-strikethrough-none">Ulf Grønvold</span><span class="OYPEnA font-feature-liga-off font-feature-clig-off font-feature-calt-off text-decoration-none text-strikethrough-none"> (f. 1947) er arkitekt MNAL og arkitekturhistoriker. Han var redaktør for arkitektenes fagtidsskrift Byggekunst fra 1983 til1993 og direktør for Arkitekturmuseet i ti år. Han mottok Kongens Fortjenstmedalje i gull i 2011.</span></p>

<!-- This site is optimized with the Yoast SEO plugin v26.6 - https://yoast.com/wordpress/plugins/seo/ -->
<title>Ulf Grønvold - Pax</title>
<meta name="robots" content="noindex, follow, max-snippet:-1, max-image-preview:large, max-video-preview:-1" />
<meta property="og:locale" content="nb_NO" />
<meta property="og:type" content="article" />
<meta property="og:title" content="Ulf Grønvold - Pax" />
<meta property="og:description" content="Ulf Grønvold (f. 1947) er arkitekt MNAL og arkitekturhistoriker. Han var redaktør for arkitektenes fagtidsskrift Byggekunst fra 1983 til1993 og direktør for Arkitekturmuseet i ti år. Han mottok Kongens Fortjenstmedalje i gull i 2011." />
<meta property="og:url" content="https://staging.forenteforlag.no/pax/forfatter/ulf-gronvold-2/" />
<meta property="og:site_name" content="Pax" />
<meta property="article:modified_time" content="2025-06-26T13:38:51+00:00" />
<meta property="og:image" content="https://staging.forenteforlag.no/pax/wp-content/uploads/sites/5/2025/06/ulf-Gronvold-1.jpg" />
	<meta property="og:image:width" content="1280" />
	<meta property="og:image:height" content="853" />
	<meta property="og:image:type" content="image/jpeg" />
<meta name="twitter:card" content="summary_large_image" />
<meta name="twitter:label1" content="Ansl. lesetid" />
	<meta name="twitter:data1" content="1 minutt" />
<script type="application/ld+json" class="yoast-schema-graph">{"@context":"https://schema.org","@graph":[{"@type":"WebPage","@id":"https://staging.forenteforlag.no/pax/forfatter/ulf-gronvold-2/","url":"https://staging.forenteforlag.no/pax/forfatter/ulf-gronvold-2/","name":"Ulf Grønvold - Pax","isPartOf":{"@id":"https://staging.forenteforlag.no/pax/#website"},"primaryImageOfPage":{"@id":"https://staging.forenteforlag.no/pax/forfatter/ulf-gronvold-2/#primaryimage"},"image":{"@id":"https://staging.forenteforlag.no/pax/forfatter/ulf-gronvold-2/#primaryimage"},"thumbnailUrl":"https://staging.forenteforlag.no/pax/wp-content/uploads/sites/5/2025/06/ulf-Gronvold-1.jpg","datePublished":"2024-12-10T19:58:12+00:00","dateModified":"2025-06-26T13:38:51+00:00","breadcrumb":{"@id":"https://staging.forenteforlag.no/pax/forfatter/ulf-gronvold-2/#breadcrumb"},"inLanguage":"nb-NO","potentialAction":[{"@type":"ReadAction","target":["https://staging.forenteforlag.no/pax/forfatter/ulf-gronvold-2/"]}]},{"@type":"ImageObject","inLanguage":"nb-NO","@id":"https://staging.forenteforlag.no/pax/forfatter/ulf-gronvold-2/#primaryimage","url":"https://staging.forenteforlag.no/pax/wp-content/uploads/sites/5/2025/06/ulf-Gronvold-1.jpg","contentUrl":"https://staging.forenteforlag.no/pax/wp-content/uploads/sites/5/2025/06/ulf-Gronvold-1.jpg","width":1280,"height":853},{"@type":"BreadcrumbList","@id":"https://staging.forenteforlag.no/pax/forfatter/ulf-gronvold-2/#breadcrumb","itemListElement":[{"@type":"ListItem","position":1,"name":"Hjem","item":"https://staging.forenteforlag.no/pax/"},{"@type":"ListItem","position":2,"name":"Ulf Grønvold"}]},{"@type":"WebSite","@id":"https://staging.forenteforlag.no/pax/#website","url":"https://staging.forenteforlag.no/pax/","name":"Pax","description":"","potentialAction":[{"@type":"SearchAction","target":{"@type":"EntryPoint","urlTemplate":"https://staging.forenteforlag.no/pax/?s={search_term_string}"},"query-input":{"@type":"PropertyValueSpecification","valueRequired":true,"valueName":"search_term_string"}}],"inLanguage":"nb-NO"}]}</script>
<!-- / Yoast SEO plugin. -->

Ulf Grønvold - Pax

Ulf Grønvold (f. 1947) er arkitekt MNAL og arkitekturhistoriker. Han var redaktør for arkitektenes fagtidsskrift Byggekunst fra 1983 til1993 og direktør for Arkitekturmuseet i ti år. Han mottok Kongens Fortjenstmedalje i gull i 2011.
