{"id":25139,"date":"2025-02-04T13:11:55","date_gmt":"2025-02-04T12:11:55","guid":{"rendered":"https:\/\/staging.forenteforlag.no\/forfatter\/tina-harnesk\/"},"modified":"2025-05-28T10:25:33","modified_gmt":"2025-05-28T08:25:33","slug":"tina-harnesk","status":"publish","type":"forfatter","link":"https:\/\/staging.forenteforlag.no\/pax\/forfatter\/tina-harnesk\/","title":{"rendered":"Tina Harnesk"},"content":{"rendered":"<p><strong>Tina Harnesk <\/strong>(f. 1984) er bibliotekar og forfatter. Hun vokste opp i Jokkmokk i Norrbotten og er n\u00e5 bosatt utenfor Arvidsjaur Tina Harnesk er av lulesamisk slekt, og hennes debutroman <em>Folk som s\u00e5r i sn\u00f8<\/em> er en hyllest til den samiske fortellertradisjonen.<\/p>\n<p><a href=\"https:\/\/drive.google.com\/file\/d\/1Qv83Fd5FghRkxPrVv_WmMjDdM4HR9Xm8\/view?usp=sharing\" target=\"_blank\" rel=\"noopener\">Last ned h\u00f8yoppl\u00f8st forfatterportrett<\/a><\/p>\n<p><strong>Foto:<\/strong> Carl Johan Utsi<\/p>\n","protected":false},"featured_media":25140,"template":"","meta":{"_acf_changed":false,"inline_featured_image":false},"class_list":["post-25139","forfatter","type-forfatter","status-publish","has-post-thumbnail","hentry"],"acf":[],"yoast_head":"<!-- This site is optimized with the Yoast SEO plugin v26.6 - https:\/\/yoast.com\/wordpress\/plugins\/seo\/ -->\n<title>Tina Harnesk - Pax<\/title>\n<meta name=\"robots\" content=\"noindex, follow, max-snippet:-1, max-image-preview:large, max-video-preview:-1\" \/>\n<meta property=\"og:locale\" content=\"nb_NO\" \/>\n<meta property=\"og:type\" content=\"article\" \/>\n<meta property=\"og:title\" content=\"Tina Harnesk - Pax\" \/>\n<meta property=\"og:description\" content=\"Tina Harnesk (f. 1984) er bibliotekar og forfatter. Hun vokste opp i Jokkmokk i Norrbotten og er n\u00e5 bosatt utenfor Arvidsjaur Tina Harnesk er av lulesamisk slekt, og hennes debutroman Folk som s\u00e5r i sn\u00f8 er en hyllest til den samiske fortellertradisjonen. Last ned h\u00f8yoppl\u00f8st forfatterportrett Foto: Carl Johan Utsi\" \/>\n<meta property=\"og:url\" content=\"https:\/\/staging.forenteforlag.no\/pax\/forfatter\/tina-harnesk\/\" \/>\n<meta property=\"og:site_name\" content=\"Pax\" \/>\n<meta property=\"article:modified_time\" content=\"2025-05-28T08:25:33+00:00\" \/>\n<meta property=\"og:image\" content=\"https:\/\/staging.forenteforlag.no\/pax\/wp-content\/uploads\/sites\/5\/2025\/02\/Bilde-14-scaled-1.jpeg\" \/>\n\t<meta property=\"og:image:width\" content=\"1280\" \/>\n\t<meta property=\"og:image:height\" content=\"1920\" \/>\n\t<meta property=\"og:image:type\" content=\"image\/jpeg\" \/>\n<meta name=\"twitter:card\" content=\"summary_large_image\" \/>\n<meta name=\"twitter:label1\" content=\"Ansl. lesetid\" \/>\n\t<meta name=\"twitter:data1\" content=\"1 minutt\" \/>\n<script type=\"application\/ld+json\" class=\"yoast-schema-graph\">{\"@context\":\"https:\/\/schema.org\",\"@graph\":[{\"@type\":\"WebPage\",\"@id\":\"https:\/\/staging.forenteforlag.no\/pax\/forfatter\/tina-harnesk\/\",\"url\":\"https:\/\/staging.forenteforlag.no\/pax\/forfatter\/tina-harnesk\/\",\"name\":\"Tina Harnesk - Pax\",\"isPartOf\":{\"@id\":\"https:\/\/staging.forenteforlag.no\/pax\/#website\"},\"primaryImageOfPage\":{\"@id\":\"https:\/\/staging.forenteforlag.no\/pax\/forfatter\/tina-harnesk\/#primaryimage\"},\"image\":{\"@id\":\"https:\/\/staging.forenteforlag.no\/pax\/forfatter\/tina-harnesk\/#primaryimage\"},\"thumbnailUrl\":\"https:\/\/staging.forenteforlag.no\/pax\/wp-content\/uploads\/sites\/5\/2025\/02\/Bilde-14-scaled-1.jpeg\",\"datePublished\":\"2025-02-04T12:11:55+00:00\",\"dateModified\":\"2025-05-28T08:25:33+00:00\",\"breadcrumb\":{\"@id\":\"https:\/\/staging.forenteforlag.no\/pax\/forfatter\/tina-harnesk\/#breadcrumb\"},\"inLanguage\":\"nb-NO\",\"potentialAction\":[{\"@type\":\"ReadAction\",\"target\":[\"https:\/\/staging.forenteforlag.no\/pax\/forfatter\/tina-harnesk\/\"]}]},{\"@type\":\"ImageObject\",\"inLanguage\":\"nb-NO\",\"@id\":\"https:\/\/staging.forenteforlag.no\/pax\/forfatter\/tina-harnesk\/#primaryimage\",\"url\":\"https:\/\/staging.forenteforlag.no\/pax\/wp-content\/uploads\/sites\/5\/2025\/02\/Bilde-14-scaled-1.jpeg\",\"contentUrl\":\"https:\/\/staging.forenteforlag.no\/pax\/wp-content\/uploads\/sites\/5\/2025\/02\/Bilde-14-scaled-1.jpeg\",\"width\":1280,\"height\":1920,\"caption\":\"Foto: Carl Johan Utsi\"},{\"@type\":\"BreadcrumbList\",\"@id\":\"https:\/\/staging.forenteforlag.no\/pax\/forfatter\/tina-harnesk\/#breadcrumb\",\"itemListElement\":[{\"@type\":\"ListItem\",\"position\":1,\"name\":\"Hjem\",\"item\":\"https:\/\/staging.forenteforlag.no\/pax\/\"},{\"@type\":\"ListItem\",\"position\":2,\"name\":\"Tina Harnesk\"}]},{\"@type\":\"WebSite\",\"@id\":\"https:\/\/staging.forenteforlag.no\/pax\/#website\",\"url\":\"https:\/\/staging.forenteforlag.no\/pax\/\",\"name\":\"Pax\",\"description\":\"\",\"potentialAction\":[{\"@type\":\"SearchAction\",\"target\":{\"@type\":\"EntryPoint\",\"urlTemplate\":\"https:\/\/staging.forenteforlag.no\/pax\/?s={search_term_string}\"},\"query-input\":{\"@type\":\"PropertyValueSpecification\",\"valueRequired\":true,\"valueName\":\"search_term_string\"}}],\"inLanguage\":\"nb-NO\"}]}<\/script>\n<!-- \/ Yoast SEO plugin. -->","yoast_head_json":{"title":"Tina Harnesk - Pax","robots":{"index":"noindex","follow":"follow","max-snippet":"max-snippet:-1","max-image-preview":"max-image-preview:large","max-video-preview":"max-video-preview:-1"},"og_locale":"nb_NO","og_type":"article","og_title":"Tina Harnesk - Pax","og_description":"Tina Harnesk (f. 1984) er bibliotekar og forfatter. Hun vokste opp i Jokkmokk i Norrbotten og er n\u00e5 bosatt utenfor Arvidsjaur Tina Harnesk er av lulesamisk slekt, og hennes debutroman Folk som s\u00e5r i sn\u00f8 er en hyllest til den samiske fortellertradisjonen. Last ned h\u00f8yoppl\u00f8st forfatterportrett Foto: Carl Johan Utsi","og_url":"https:\/\/staging.forenteforlag.no\/pax\/forfatter\/tina-harnesk\/","og_site_name":"Pax","article_modified_time":"2025-05-28T08:25:33+00:00","og_image":[{"width":1280,"height":1920,"url":"https:\/\/staging.forenteforlag.no\/pax\/wp-content\/uploads\/sites\/5\/2025\/02\/Bilde-14-scaled-1.jpeg","type":"image\/jpeg"}],"twitter_card":"summary_large_image","twitter_misc":{"Ansl. lesetid":"1 minutt"},"schema":{"@context":"https:\/\/schema.org","@graph":[{"@type":"WebPage","@id":"https:\/\/staging.forenteforlag.no\/pax\/forfatter\/tina-harnesk\/","url":"https:\/\/staging.forenteforlag.no\/pax\/forfatter\/tina-harnesk\/","name":"Tina Harnesk - Pax","isPartOf":{"@id":"https:\/\/staging.forenteforlag.no\/pax\/#website"},"primaryImageOfPage":{"@id":"https:\/\/staging.forenteforlag.no\/pax\/forfatter\/tina-harnesk\/#primaryimage"},"image":{"@id":"https:\/\/staging.forenteforlag.no\/pax\/forfatter\/tina-harnesk\/#primaryimage"},"thumbnailUrl":"https:\/\/staging.forenteforlag.no\/pax\/wp-content\/uploads\/sites\/5\/2025\/02\/Bilde-14-scaled-1.jpeg","datePublished":"2025-02-04T12:11:55+00:00","dateModified":"2025-05-28T08:25:33+00:00","breadcrumb":{"@id":"https:\/\/staging.forenteforlag.no\/pax\/forfatter\/tina-harnesk\/#breadcrumb"},"inLanguage":"nb-NO","potentialAction":[{"@type":"ReadAction","target":["https:\/\/staging.forenteforlag.no\/pax\/forfatter\/tina-harnesk\/"]}]},{"@type":"ImageObject","inLanguage":"nb-NO","@id":"https:\/\/staging.forenteforlag.no\/pax\/forfatter\/tina-harnesk\/#primaryimage","url":"https:\/\/staging.forenteforlag.no\/pax\/wp-content\/uploads\/sites\/5\/2025\/02\/Bilde-14-scaled-1.jpeg","contentUrl":"https:\/\/staging.forenteforlag.no\/pax\/wp-content\/uploads\/sites\/5\/2025\/02\/Bilde-14-scaled-1.jpeg","width":1280,"height":1920,"caption":"Foto: Carl Johan Utsi"},{"@type":"BreadcrumbList","@id":"https:\/\/staging.forenteforlag.no\/pax\/forfatter\/tina-harnesk\/#breadcrumb","itemListElement":[{"@type":"ListItem","position":1,"name":"Hjem","item":"https:\/\/staging.forenteforlag.no\/pax\/"},{"@type":"ListItem","position":2,"name":"Tina Harnesk"}]},{"@type":"WebSite","@id":"https:\/\/staging.forenteforlag.no\/pax\/#website","url":"https:\/\/staging.forenteforlag.no\/pax\/","name":"Pax","description":"","potentialAction":[{"@type":"SearchAction","target":{"@type":"EntryPoint","urlTemplate":"https:\/\/staging.forenteforlag.no\/pax\/?s={search_term_string}"},"query-input":{"@type":"PropertyValueSpecification","valueRequired":true,"valueName":"search_term_string"}}],"inLanguage":"nb-NO"}]}},"_links":{"self":[{"href":"https:\/\/staging.forenteforlag.no\/pax\/wp-json\/wp\/v2\/forfatter\/25139","targetHints":{"allow":["GET"]}}],"collection":[{"href":"https:\/\/staging.forenteforlag.no\/pax\/wp-json\/wp\/v2\/forfatter"}],"about":[{"href":"https:\/\/staging.forenteforlag.no\/pax\/wp-json\/wp\/v2\/types\/forfatter"}],"wp:featuredmedia":[{"embeddable":true,"href":"https:\/\/staging.forenteforlag.no\/pax\/wp-json\/wp\/v2\/media\/25140"}],"wp:attachment":[{"href":"https:\/\/staging.forenteforlag.no\/pax\/wp-json\/wp\/v2\/media?parent=25139"}],"curies":[{"name":"wp","href":"https:\/\/api.w.org\/{rel}","templated":true}]}}

<p><strong>Tina Harnesk </strong>(f. 1984) er bibliotekar og forfatter. Hun vokste opp i Jokkmokk i Norrbotten og er nå bosatt utenfor Arvidsjaur Tina Harnesk er av lulesamisk slekt, og hennes debutroman <em>Folk som sår i snø</em> er en hyllest til den samiske fortellertradisjonen.</p>
<p><a href="https://drive.google.com/file/d/1Qv83Fd5FghRkxPrVv_WmMjDdM4HR9Xm8/view?usp=sharing" target="_blank" rel="noopener">Last ned høyoppløst forfatterportrett</a></p>
<p><strong>Foto:</strong> Carl Johan Utsi</p>

<!-- This site is optimized with the Yoast SEO plugin v26.6 - https://yoast.com/wordpress/plugins/seo/ -->
<title>Tina Harnesk - Pax</title>
<meta name="robots" content="noindex, follow, max-snippet:-1, max-image-preview:large, max-video-preview:-1" />
<meta property="og:locale" content="nb_NO" />
<meta property="og:type" content="article" />
<meta property="og:title" content="Tina Harnesk - Pax" />
<meta property="og:description" content="Tina Harnesk (f. 1984) er bibliotekar og forfatter. Hun vokste opp i Jokkmokk i Norrbotten og er nå bosatt utenfor Arvidsjaur Tina Harnesk er av lulesamisk slekt, og hennes debutroman Folk som sår i snø er en hyllest til den samiske fortellertradisjonen. Last ned høyoppløst forfatterportrett Foto: Carl Johan Utsi" />
<meta property="og:url" content="https://staging.forenteforlag.no/pax/forfatter/tina-harnesk/" />
<meta property="og:site_name" content="Pax" />
<meta property="article:modified_time" content="2025-05-28T08:25:33+00:00" />
<meta property="og:image" content="https://staging.forenteforlag.no/pax/wp-content/uploads/sites/5/2025/02/Bilde-14-scaled-1.jpeg" />
	<meta property="og:image:width" content="1280" />
	<meta property="og:image:height" content="1920" />
	<meta property="og:image:type" content="image/jpeg" />
<meta name="twitter:card" content="summary_large_image" />
<meta name="twitter:label1" content="Ansl. lesetid" />
	<meta name="twitter:data1" content="1 minutt" />
<script type="application/ld+json" class="yoast-schema-graph">{"@context":"https://schema.org","@graph":[{"@type":"WebPage","@id":"https://staging.forenteforlag.no/pax/forfatter/tina-harnesk/","url":"https://staging.forenteforlag.no/pax/forfatter/tina-harnesk/","name":"Tina Harnesk - Pax","isPartOf":{"@id":"https://staging.forenteforlag.no/pax/#website"},"primaryImageOfPage":{"@id":"https://staging.forenteforlag.no/pax/forfatter/tina-harnesk/#primaryimage"},"image":{"@id":"https://staging.forenteforlag.no/pax/forfatter/tina-harnesk/#primaryimage"},"thumbnailUrl":"https://staging.forenteforlag.no/pax/wp-content/uploads/sites/5/2025/02/Bilde-14-scaled-1.jpeg","datePublished":"2025-02-04T12:11:55+00:00","dateModified":"2025-05-28T08:25:33+00:00","breadcrumb":{"@id":"https://staging.forenteforlag.no/pax/forfatter/tina-harnesk/#breadcrumb"},"inLanguage":"nb-NO","potentialAction":[{"@type":"ReadAction","target":["https://staging.forenteforlag.no/pax/forfatter/tina-harnesk/"]}]},{"@type":"ImageObject","inLanguage":"nb-NO","@id":"https://staging.forenteforlag.no/pax/forfatter/tina-harnesk/#primaryimage","url":"https://staging.forenteforlag.no/pax/wp-content/uploads/sites/5/2025/02/Bilde-14-scaled-1.jpeg","contentUrl":"https://staging.forenteforlag.no/pax/wp-content/uploads/sites/5/2025/02/Bilde-14-scaled-1.jpeg","width":1280,"height":1920,"caption":"Foto: Carl Johan Utsi"},{"@type":"BreadcrumbList","@id":"https://staging.forenteforlag.no/pax/forfatter/tina-harnesk/#breadcrumb","itemListElement":[{"@type":"ListItem","position":1,"name":"Hjem","item":"https://staging.forenteforlag.no/pax/"},{"@type":"ListItem","position":2,"name":"Tina Harnesk"}]},{"@type":"WebSite","@id":"https://staging.forenteforlag.no/pax/#website","url":"https://staging.forenteforlag.no/pax/","name":"Pax","description":"","potentialAction":[{"@type":"SearchAction","target":{"@type":"EntryPoint","urlTemplate":"https://staging.forenteforlag.no/pax/?s={search_term_string}"},"query-input":{"@type":"PropertyValueSpecification","valueRequired":true,"valueName":"search_term_string"}}],"inLanguage":"nb-NO"}]}</script>
<!-- / Yoast SEO plugin. -->

Tina Harnesk (f. 1984) er bibliotekar og forfatter. Hun vokste opp i Jokkmokk i Norrbotten og er nå bosatt utenfor Arvidsjaur Tina Harnesk er av lulesamisk slekt, og hennes debutroman Folk som sår i snø er en hyllest til den samiske fortellertradisjonen. Last ned høyoppløst forfatterportrett Foto: Carl Johan Utsi
