{"id":25054,"date":"2024-12-10T22:34:59","date_gmt":"2024-12-10T21:34:59","guid":{"rendered":"https:\/\/staging.forenteforlag.no\/forfatter\/oivind-andersen\/"},"modified":"2025-04-28T13:13:11","modified_gmt":"2025-04-28T11:13:11","slug":"oivind-andersen","status":"publish","type":"forfatter","link":"https:\/\/staging.forenteforlag.no\/pax\/forfatter\/oivind-andersen\/","title":{"rendered":"\u00d8ivind Andersen"},"content":{"rendered":"<p><strong>\u00d8ivind Andersen<\/strong> (f. 1944) er en pensjonert professor i klassisk filologi (gresk og latin). I 1980 ble han den f\u00f8rste professoren i klassiske fag ved Universitet i Trondheim, og fra 1989 til 1993 var han styrer for det nyopprettede norske instituttet i Aten. Fra 1997 var han ansatt ved Universitetet i Oslo. P\u00e5 norsk har han foruten en lang rekke artikler utgitt blant annet\u00a0<em>Antikkens materialistiske filosofi\u00a0<\/em>(1975, 1998),\u00a0<em>I retorikkens hage\u00a0<\/em>(1995, 9. opplag 2023),\u00a0<em>Pausanias<\/em>\u00a0(2001) og oversettelser av Platons\u00a0<em>Gorgias<\/em>\u00a0(2006) og Aristoteles\u2019\u00a0<em>Poetikk<\/em>\u00a0(2008).<\/p>\n","protected":false},"featured_media":25055,"template":"","meta":{"_acf_changed":false,"inline_featured_image":false},"class_list":["post-25054","forfatter","type-forfatter","status-publish","has-post-thumbnail","hentry"],"acf":[],"yoast_head":"<!-- This site is optimized with the Yoast SEO plugin v26.6 - https:\/\/yoast.com\/wordpress\/plugins\/seo\/ -->\n<title>\u00d8ivind Andersen - Pax<\/title>\n<meta name=\"robots\" content=\"noindex, follow, max-snippet:-1, max-image-preview:large, max-video-preview:-1\" \/>\n<meta property=\"og:locale\" content=\"nb_NO\" \/>\n<meta property=\"og:type\" content=\"article\" \/>\n<meta property=\"og:title\" content=\"\u00d8ivind Andersen - Pax\" \/>\n<meta property=\"og:description\" content=\"\u00d8ivind Andersen (f. 1944) er en pensjonert professor i klassisk filologi (gresk og latin). I 1980 ble han den f\u00f8rste professoren i klassiske fag ved Universitet i Trondheim, og fra 1989 til 1993 var han styrer for det nyopprettede norske instituttet i Aten. Fra 1997 var han ansatt ved Universitetet i Oslo. P\u00e5 norsk har [&hellip;]\" \/>\n<meta property=\"og:url\" content=\"https:\/\/staging.forenteforlag.no\/pax\/forfatter\/oivind-andersen\/\" \/>\n<meta property=\"og:site_name\" content=\"Pax\" \/>\n<meta property=\"article:modified_time\" content=\"2025-04-28T11:13:11+00:00\" \/>\n<meta property=\"og:image\" content=\"https:\/\/staging.forenteforlag.no\/pax\/wp-content\/uploads\/sites\/5\/2025\/02\/Bilde-18.jpeg\" \/>\n\t<meta property=\"og:image:width\" content=\"1786\" \/>\n\t<meta property=\"og:image:height\" content=\"1786\" \/>\n\t<meta property=\"og:image:type\" content=\"image\/jpeg\" \/>\n<meta name=\"twitter:card\" content=\"summary_large_image\" \/>\n<meta name=\"twitter:label1\" content=\"Ansl. lesetid\" \/>\n\t<meta name=\"twitter:data1\" content=\"1 minutt\" \/>\n<script type=\"application\/ld+json\" class=\"yoast-schema-graph\">{\"@context\":\"https:\/\/schema.org\",\"@graph\":[{\"@type\":\"WebPage\",\"@id\":\"https:\/\/staging.forenteforlag.no\/pax\/forfatter\/oivind-andersen\/\",\"url\":\"https:\/\/staging.forenteforlag.no\/pax\/forfatter\/oivind-andersen\/\",\"name\":\"\u00d8ivind Andersen - Pax\",\"isPartOf\":{\"@id\":\"https:\/\/staging.forenteforlag.no\/pax\/#website\"},\"primaryImageOfPage\":{\"@id\":\"https:\/\/staging.forenteforlag.no\/pax\/forfatter\/oivind-andersen\/#primaryimage\"},\"image\":{\"@id\":\"https:\/\/staging.forenteforlag.no\/pax\/forfatter\/oivind-andersen\/#primaryimage\"},\"thumbnailUrl\":\"https:\/\/staging.forenteforlag.no\/pax\/wp-content\/uploads\/sites\/5\/2025\/02\/Bilde-18.jpeg\",\"datePublished\":\"2024-12-10T21:34:59+00:00\",\"dateModified\":\"2025-04-28T11:13:11+00:00\",\"breadcrumb\":{\"@id\":\"https:\/\/staging.forenteforlag.no\/pax\/forfatter\/oivind-andersen\/#breadcrumb\"},\"inLanguage\":\"nb-NO\",\"potentialAction\":[{\"@type\":\"ReadAction\",\"target\":[\"https:\/\/staging.forenteforlag.no\/pax\/forfatter\/oivind-andersen\/\"]}]},{\"@type\":\"ImageObject\",\"inLanguage\":\"nb-NO\",\"@id\":\"https:\/\/staging.forenteforlag.no\/pax\/forfatter\/oivind-andersen\/#primaryimage\",\"url\":\"https:\/\/staging.forenteforlag.no\/pax\/wp-content\/uploads\/sites\/5\/2025\/02\/Bilde-18.jpeg\",\"contentUrl\":\"https:\/\/staging.forenteforlag.no\/pax\/wp-content\/uploads\/sites\/5\/2025\/02\/Bilde-18.jpeg\",\"width\":1786,\"height\":1786},{\"@type\":\"BreadcrumbList\",\"@id\":\"https:\/\/staging.forenteforlag.no\/pax\/forfatter\/oivind-andersen\/#breadcrumb\",\"itemListElement\":[{\"@type\":\"ListItem\",\"position\":1,\"name\":\"Hjem\",\"item\":\"https:\/\/staging.forenteforlag.no\/pax\/\"},{\"@type\":\"ListItem\",\"position\":2,\"name\":\"\u00d8ivind Andersen\"}]},{\"@type\":\"WebSite\",\"@id\":\"https:\/\/staging.forenteforlag.no\/pax\/#website\",\"url\":\"https:\/\/staging.forenteforlag.no\/pax\/\",\"name\":\"Pax\",\"description\":\"\",\"potentialAction\":[{\"@type\":\"SearchAction\",\"target\":{\"@type\":\"EntryPoint\",\"urlTemplate\":\"https:\/\/staging.forenteforlag.no\/pax\/?s={search_term_string}\"},\"query-input\":{\"@type\":\"PropertyValueSpecification\",\"valueRequired\":true,\"valueName\":\"search_term_string\"}}],\"inLanguage\":\"nb-NO\"}]}<\/script>\n<!-- \/ Yoast SEO plugin. -->","yoast_head_json":{"title":"\u00d8ivind Andersen - Pax","robots":{"index":"noindex","follow":"follow","max-snippet":"max-snippet:-1","max-image-preview":"max-image-preview:large","max-video-preview":"max-video-preview:-1"},"og_locale":"nb_NO","og_type":"article","og_title":"\u00d8ivind Andersen - Pax","og_description":"\u00d8ivind Andersen (f. 1944) er en pensjonert professor i klassisk filologi (gresk og latin). I 1980 ble han den f\u00f8rste professoren i klassiske fag ved Universitet i Trondheim, og fra 1989 til 1993 var han styrer for det nyopprettede norske instituttet i Aten. Fra 1997 var han ansatt ved Universitetet i Oslo. P\u00e5 norsk har [&hellip;]","og_url":"https:\/\/staging.forenteforlag.no\/pax\/forfatter\/oivind-andersen\/","og_site_name":"Pax","article_modified_time":"2025-04-28T11:13:11+00:00","og_image":[{"width":1786,"height":1786,"url":"https:\/\/staging.forenteforlag.no\/pax\/wp-content\/uploads\/sites\/5\/2025\/02\/Bilde-18.jpeg","type":"image\/jpeg"}],"twitter_card":"summary_large_image","twitter_misc":{"Ansl. lesetid":"1 minutt"},"schema":{"@context":"https:\/\/schema.org","@graph":[{"@type":"WebPage","@id":"https:\/\/staging.forenteforlag.no\/pax\/forfatter\/oivind-andersen\/","url":"https:\/\/staging.forenteforlag.no\/pax\/forfatter\/oivind-andersen\/","name":"\u00d8ivind Andersen - Pax","isPartOf":{"@id":"https:\/\/staging.forenteforlag.no\/pax\/#website"},"primaryImageOfPage":{"@id":"https:\/\/staging.forenteforlag.no\/pax\/forfatter\/oivind-andersen\/#primaryimage"},"image":{"@id":"https:\/\/staging.forenteforlag.no\/pax\/forfatter\/oivind-andersen\/#primaryimage"},"thumbnailUrl":"https:\/\/staging.forenteforlag.no\/pax\/wp-content\/uploads\/sites\/5\/2025\/02\/Bilde-18.jpeg","datePublished":"2024-12-10T21:34:59+00:00","dateModified":"2025-04-28T11:13:11+00:00","breadcrumb":{"@id":"https:\/\/staging.forenteforlag.no\/pax\/forfatter\/oivind-andersen\/#breadcrumb"},"inLanguage":"nb-NO","potentialAction":[{"@type":"ReadAction","target":["https:\/\/staging.forenteforlag.no\/pax\/forfatter\/oivind-andersen\/"]}]},{"@type":"ImageObject","inLanguage":"nb-NO","@id":"https:\/\/staging.forenteforlag.no\/pax\/forfatter\/oivind-andersen\/#primaryimage","url":"https:\/\/staging.forenteforlag.no\/pax\/wp-content\/uploads\/sites\/5\/2025\/02\/Bilde-18.jpeg","contentUrl":"https:\/\/staging.forenteforlag.no\/pax\/wp-content\/uploads\/sites\/5\/2025\/02\/Bilde-18.jpeg","width":1786,"height":1786},{"@type":"BreadcrumbList","@id":"https:\/\/staging.forenteforlag.no\/pax\/forfatter\/oivind-andersen\/#breadcrumb","itemListElement":[{"@type":"ListItem","position":1,"name":"Hjem","item":"https:\/\/staging.forenteforlag.no\/pax\/"},{"@type":"ListItem","position":2,"name":"\u00d8ivind Andersen"}]},{"@type":"WebSite","@id":"https:\/\/staging.forenteforlag.no\/pax\/#website","url":"https:\/\/staging.forenteforlag.no\/pax\/","name":"Pax","description":"","potentialAction":[{"@type":"SearchAction","target":{"@type":"EntryPoint","urlTemplate":"https:\/\/staging.forenteforlag.no\/pax\/?s={search_term_string}"},"query-input":{"@type":"PropertyValueSpecification","valueRequired":true,"valueName":"search_term_string"}}],"inLanguage":"nb-NO"}]}},"_links":{"self":[{"href":"https:\/\/staging.forenteforlag.no\/pax\/wp-json\/wp\/v2\/forfatter\/25054","targetHints":{"allow":["GET"]}}],"collection":[{"href":"https:\/\/staging.forenteforlag.no\/pax\/wp-json\/wp\/v2\/forfatter"}],"about":[{"href":"https:\/\/staging.forenteforlag.no\/pax\/wp-json\/wp\/v2\/types\/forfatter"}],"wp:featuredmedia":[{"embeddable":true,"href":"https:\/\/staging.forenteforlag.no\/pax\/wp-json\/wp\/v2\/media\/25055"}],"wp:attachment":[{"href":"https:\/\/staging.forenteforlag.no\/pax\/wp-json\/wp\/v2\/media?parent=25054"}],"curies":[{"name":"wp","href":"https:\/\/api.w.org\/{rel}","templated":true}]}}

Øivind Andersen

<p><strong>Øivind Andersen</strong> (f. 1944) er en pensjonert professor i klassisk filologi (gresk og latin). I 1980 ble han den første professoren i klassiske fag ved Universitet i Trondheim, og fra 1989 til 1993 var han styrer for det nyopprettede norske instituttet i Aten. Fra 1997 var han ansatt ved Universitetet i Oslo. På norsk har han foruten en lang rekke artikler utgitt blant annet <em>Antikkens materialistiske filosofi </em>(1975, 1998), <em>I retorikkens hage </em>(1995, 9. opplag 2023), <em>Pausanias</em> (2001) og oversettelser av Platons <em>Gorgias</em> (2006) og Aristoteles’ <em>Poetikk</em> (2008).</p>

<!-- This site is optimized with the Yoast SEO plugin v26.6 - https://yoast.com/wordpress/plugins/seo/ -->
<title>Øivind Andersen - Pax</title>
<meta name="robots" content="noindex, follow, max-snippet:-1, max-image-preview:large, max-video-preview:-1" />
<meta property="og:locale" content="nb_NO" />
<meta property="og:type" content="article" />
<meta property="og:title" content="Øivind Andersen - Pax" />
<meta property="og:description" content="Øivind Andersen (f. 1944) er en pensjonert professor i klassisk filologi (gresk og latin). I 1980 ble han den første professoren i klassiske fag ved Universitet i Trondheim, og fra 1989 til 1993 var han styrer for det nyopprettede norske instituttet i Aten. Fra 1997 var han ansatt ved Universitetet i Oslo. På norsk har [&hellip;]" />
<meta property="og:url" content="https://staging.forenteforlag.no/pax/forfatter/oivind-andersen/" />
<meta property="og:site_name" content="Pax" />
<meta property="article:modified_time" content="2025-04-28T11:13:11+00:00" />
<meta property="og:image" content="https://staging.forenteforlag.no/pax/wp-content/uploads/sites/5/2025/02/Bilde-18.jpeg" />
	<meta property="og:image:width" content="1786" />
	<meta property="og:image:height" content="1786" />
	<meta property="og:image:type" content="image/jpeg" />
<meta name="twitter:card" content="summary_large_image" />
<meta name="twitter:label1" content="Ansl. lesetid" />
	<meta name="twitter:data1" content="1 minutt" />
<script type="application/ld+json" class="yoast-schema-graph">{"@context":"https://schema.org","@graph":[{"@type":"WebPage","@id":"https://staging.forenteforlag.no/pax/forfatter/oivind-andersen/","url":"https://staging.forenteforlag.no/pax/forfatter/oivind-andersen/","name":"Øivind Andersen - Pax","isPartOf":{"@id":"https://staging.forenteforlag.no/pax/#website"},"primaryImageOfPage":{"@id":"https://staging.forenteforlag.no/pax/forfatter/oivind-andersen/#primaryimage"},"image":{"@id":"https://staging.forenteforlag.no/pax/forfatter/oivind-andersen/#primaryimage"},"thumbnailUrl":"https://staging.forenteforlag.no/pax/wp-content/uploads/sites/5/2025/02/Bilde-18.jpeg","datePublished":"2024-12-10T21:34:59+00:00","dateModified":"2025-04-28T11:13:11+00:00","breadcrumb":{"@id":"https://staging.forenteforlag.no/pax/forfatter/oivind-andersen/#breadcrumb"},"inLanguage":"nb-NO","potentialAction":[{"@type":"ReadAction","target":["https://staging.forenteforlag.no/pax/forfatter/oivind-andersen/"]}]},{"@type":"ImageObject","inLanguage":"nb-NO","@id":"https://staging.forenteforlag.no/pax/forfatter/oivind-andersen/#primaryimage","url":"https://staging.forenteforlag.no/pax/wp-content/uploads/sites/5/2025/02/Bilde-18.jpeg","contentUrl":"https://staging.forenteforlag.no/pax/wp-content/uploads/sites/5/2025/02/Bilde-18.jpeg","width":1786,"height":1786},{"@type":"BreadcrumbList","@id":"https://staging.forenteforlag.no/pax/forfatter/oivind-andersen/#breadcrumb","itemListElement":[{"@type":"ListItem","position":1,"name":"Hjem","item":"https://staging.forenteforlag.no/pax/"},{"@type":"ListItem","position":2,"name":"Øivind Andersen"}]},{"@type":"WebSite","@id":"https://staging.forenteforlag.no/pax/#website","url":"https://staging.forenteforlag.no/pax/","name":"Pax","description":"","potentialAction":[{"@type":"SearchAction","target":{"@type":"EntryPoint","urlTemplate":"https://staging.forenteforlag.no/pax/?s={search_term_string}"},"query-input":{"@type":"PropertyValueSpecification","valueRequired":true,"valueName":"search_term_string"}}],"inLanguage":"nb-NO"}]}</script>
<!-- / Yoast SEO plugin. -->

Øivind Andersen - Pax

Øivind Andersen (f. 1944) er en pensjonert professor i klassisk filologi (gresk og latin). I 1980 ble han den første professoren i klassiske fag ved Universitet i Trondheim, og fra 1989 til 1993 var han styrer for det nyopprettede norske instituttet i Aten. Fra 1997 var han ansatt ved Universitetet i Oslo. På norsk har [&hellip;]
