{"id":26074,"date":"2026-02-10T05:10:28","date_gmt":"2026-02-10T04:10:28","guid":{"rendered":"https:\/\/forlagetpress.no\/produkt\/gissel\/"},"modified":"2026-03-02T17:10:54","modified_gmt":"2026-03-02T16:10:54","slug":"gissel","status":"publish","type":"product","link":"https:\/\/staging.forenteforlag.no\/forlaget\/produkt\/gissel\/","title":{"rendered":"Gissel"},"content":{"rendered":"<p>Den 7. oktober 2023 stormet Hamas-terrorister Be\u2019eri-kibbutzen s\u00f8r i Israel. Fem av dem trenger seg inn i hjemmet til Eli Sharabi, kona og deres to d\u00f8tre. Sharabi blir brutalt lempet inn i en bil, kj\u00f8rt over grensen til Gaza, og til slutt kastet dypt ned i det kvelende m\u00f8rket i en tunnel. Mens krigen raser, gjennomg\u00e5r han 491 utmattende dager i fangenskap, mens han hele tiden holder fast ved h\u00e5pet om at han en dag vil bli gjenforent med sine kj\u00e6re.&lt;br&gt;&lt;br&gt;Eli Sharabis historie er en historie om sult, smerte, lengsel, ensomhet og en voldsom hjelpel\u00f8shet. Men det er ogs\u00e5 en historie om styrke, om motstandskraft og om \u00e5 nekte \u00e5 gi opp. Den handler om kameratskapet som ble smidd i fangenskap, troens stille kraft og beslutningen om \u00e5 velge livet, gang p\u00e5 gang.&lt;br&gt;<\/p>\n","protected":false},"excerpt":{"rendered":"<p>Den 7. oktober 2023 stormet Hamas-terrorister Be\u2019eri-kibbutzen s\u00f8r i Israel. Fem av dem trenger seg inn i hjemmet til Eli Sharabi, kona og deres to d\u00f8tre. Sharabi blir brutalt lempet inn i en bil, kj\u00f8rt over grensen til Gaza, og til slutt kastet dypt ned i det kvelende m\u00f8rket i en tunnel. Mens krigen raser, gjennomg\u00e5r han 491 utmattende dager i fangenskap, mens han hele tiden holder fast ved h\u00e5pet om at han en dag vil bli gjenforent med sine kj\u00e6re.<\/p>\n","protected":false},"featured_media":26629,"template":"","meta":{"_acf_changed":false,"inline_featured_image":false},"product_brand":[],"product_cat":[1780],"product_tag":[362],"class_list":{"0":"post-26074","1":"product","2":"type-product","3":"status-publish","4":"has-post-thumbnail","6":"product_cat-fastpris","7":"product_tag-faglitteratur","9":"first","10":"instock","11":"purchasable","12":"product-type-simple"},"acf":{"anmeldelse":[{"tekst_anmeldelser":"F\u00f8rste \u00f8yenvitneskildring etter terroraksjonen 7. oktober, 2023 formidles i spennet mellom lammende fortvilelse og kjempende livsmot.","av_anmeldelser":"Fartein Horgar","terningkast":"<i class=\"fa-solid fa-dice-six\"><\/i>","kilde":"Adresseavisen"},{"tekst_anmeldelser":"[E]n oppsiktsvekkende velskrevet bok der b\u00e5de grusomheter og h\u00e5p formidles i et klart spr\u00e5k med poetisk nerve. [...] Israelske Eli Sharabi er det f\u00f8rste tidligere gisselet til \u00e5 skrive bok. Den b\u00f8r leses.","av_anmeldelser":"Silje Bekeng-Flemmen","terningkast":false,"kilde":"Klassekampen"},{"tekst_anmeldelser":"Lavm\u00e6lt og sterkt om \u00e5 v\u00e6re Hamas' gissel. [...] \u00abGissel\u00bb er ingen politisk pamflett. Det l\u00f8fter dens kvaliteter, og bidrar til at den blir et bevegende skrift om menneskets vilk\u00e5r under umenneskelige livsforhold.","av_anmeldelser":"Fartein Horgar","terningkast":"<i class=\"fa-solid fa-dice-six\"><\/i>","kilde":"Adresseavisen"},{"tekst_anmeldelser":"Hjerteskj\u00e6rende fra Hamas-gissel.","av_anmeldelser":"Varg Lukas Folkman","terningkast":false,"kilde":"DN"},{"tekst_anmeldelser":"Styrken i denne boka er den individuelle beretningen. Den konkrete fortellingen, det n\u00f8kterne spr\u00e5ket forteller oss et individ. Det gj\u00f8r at vi kan se og f\u00f8le en individuell tragedie som representant for all tragedie. Beretningen redder oss fra b\u00e5de statistikken og politikken i krigen. [...] Derfor er enkeltberetninger som Eli Sharabis s\u00e5 viktige.","av_anmeldelser":"Andreas Wiese","terningkast":"<i class=\"fa-solid fa-dice-five\"><\/i>","kilde":"Dagbladet"}]},"yoast_head":"<!-- This site is optimized with the Yoast SEO plugin v26.6 - https:\/\/yoast.com\/wordpress\/plugins\/seo\/ -->\n<title>Gissel - Forlaget Press<\/title>\n<meta name=\"robots\" content=\"noindex, follow, max-snippet:-1, max-image-preview:large, max-video-preview:-1\" \/>\n<meta property=\"og:locale\" content=\"nb_NO\" \/>\n<meta property=\"og:type\" content=\"article\" \/>\n<meta property=\"og:title\" content=\"Gissel - Forlaget Press\" \/>\n<meta property=\"og:description\" content=\"Den 7. oktober 2023 stormet Hamas-terrorister Be\u2019eri-kibbutzen s\u00f8r i Israel. Fem av dem trenger seg inn i hjemmet til Eli Sharabi, kona og deres to d\u00f8tre. Sharabi blir brutalt lempet inn i en bil, kj\u00f8rt over grensen til Gaza, og til slutt kastet dypt ned i det kvelende m\u00f8rket i en tunnel. Mens krigen raser, gjennomg\u00e5r han 491 utmattende dager i fangenskap, mens han hele tiden holder fast ved h\u00e5pet om at han en dag vil bli gjenforent med sine kj\u00e6re.\" \/>\n<meta property=\"og:url\" content=\"https:\/\/staging.forenteforlag.no\/forlaget\/produkt\/gissel\/\" \/>\n<meta property=\"og:site_name\" content=\"Forlaget Press\" \/>\n<meta property=\"article:publisher\" content=\"https:\/\/www.facebook.com\/Forlagetpress\" \/>\n<meta property=\"article:modified_time\" content=\"2026-03-02T16:10:54+00:00\" \/>\n<meta property=\"og:image\" content=\"https:\/\/staging.forenteforlag.no\/forlaget\/wp-content\/uploads\/sites\/3\/2026\/02\/9788232807826.jpg\" \/>\n\t<meta property=\"og:image:width\" content=\"720\" \/>\n\t<meta property=\"og:image:height\" content=\"1128\" \/>\n\t<meta property=\"og:image:type\" content=\"image\/jpeg\" \/>\n<meta name=\"twitter:card\" content=\"summary_large_image\" \/>\n<meta name=\"twitter:label1\" content=\"Ansl. lesetid\" \/>\n\t<meta name=\"twitter:data1\" content=\"1 minutt\" \/>\n<script type=\"application\/ld+json\" class=\"yoast-schema-graph\">{\"@context\":\"https:\/\/schema.org\",\"@graph\":[{\"@type\":\"WebPage\",\"@id\":\"https:\/\/staging.forenteforlag.no\/forlaget\/produkt\/gissel\/\",\"url\":\"https:\/\/staging.forenteforlag.no\/forlaget\/produkt\/gissel\/\",\"name\":\"Gissel - Forlaget Press\",\"isPartOf\":{\"@id\":\"https:\/\/staging.forenteforlag.no\/forlaget\/#website\"},\"primaryImageOfPage\":{\"@id\":\"https:\/\/staging.forenteforlag.no\/forlaget\/produkt\/gissel\/#primaryimage\"},\"image\":{\"@id\":\"https:\/\/staging.forenteforlag.no\/forlaget\/produkt\/gissel\/#primaryimage\"},\"thumbnailUrl\":\"https:\/\/staging.forenteforlag.no\/forlaget\/wp-content\/uploads\/sites\/3\/2026\/02\/9788232807826.jpg\",\"datePublished\":\"2026-02-10T04:10:28+00:00\",\"dateModified\":\"2026-03-02T16:10:54+00:00\",\"breadcrumb\":{\"@id\":\"https:\/\/staging.forenteforlag.no\/forlaget\/produkt\/gissel\/#breadcrumb\"},\"inLanguage\":\"nb-NO\",\"potentialAction\":[{\"@type\":\"ReadAction\",\"target\":[\"https:\/\/staging.forenteforlag.no\/forlaget\/produkt\/gissel\/\"]}]},{\"@type\":\"ImageObject\",\"inLanguage\":\"nb-NO\",\"@id\":\"https:\/\/staging.forenteforlag.no\/forlaget\/produkt\/gissel\/#primaryimage\",\"url\":\"https:\/\/staging.forenteforlag.no\/forlaget\/wp-content\/uploads\/sites\/3\/2026\/02\/9788232807826.jpg\",\"contentUrl\":\"https:\/\/staging.forenteforlag.no\/forlaget\/wp-content\/uploads\/sites\/3\/2026\/02\/9788232807826.jpg\",\"width\":720,\"height\":1128},{\"@type\":\"BreadcrumbList\",\"@id\":\"https:\/\/staging.forenteforlag.no\/forlaget\/produkt\/gissel\/#breadcrumb\",\"itemListElement\":[{\"@type\":\"ListItem\",\"position\":1,\"name\":\"Hjem\",\"item\":\"https:\/\/staging.forenteforlag.no\/forlaget\/\"},{\"@type\":\"ListItem\",\"position\":2,\"name\":\"Alle b\u00f8ker\",\"item\":\"https:\/\/staging.forenteforlag.no\/forlaget\/butikk\/\"},{\"@type\":\"ListItem\",\"position\":3,\"name\":\"Gissel\"}]},{\"@type\":\"WebSite\",\"@id\":\"https:\/\/staging.forenteforlag.no\/forlaget\/#website\",\"url\":\"https:\/\/staging.forenteforlag.no\/forlaget\/\",\"name\":\"Forlaget Press\",\"description\":\"\",\"publisher\":{\"@id\":\"https:\/\/staging.forenteforlag.no\/forlaget\/#organization\"},\"potentialAction\":[{\"@type\":\"SearchAction\",\"target\":{\"@type\":\"EntryPoint\",\"urlTemplate\":\"https:\/\/staging.forenteforlag.no\/forlaget\/?s={search_term_string}\"},\"query-input\":{\"@type\":\"PropertyValueSpecification\",\"valueRequired\":true,\"valueName\":\"search_term_string\"}}],\"inLanguage\":\"nb-NO\"},{\"@type\":\"Organization\",\"@id\":\"https:\/\/staging.forenteforlag.no\/forlaget\/#organization\",\"name\":\"Forlaget Press\",\"url\":\"https:\/\/staging.forenteforlag.no\/forlaget\/\",\"logo\":{\"@type\":\"ImageObject\",\"inLanguage\":\"nb-NO\",\"@id\":\"https:\/\/staging.forenteforlag.no\/forlaget\/#\/schema\/logo\/image\/\",\"url\":\"https:\/\/staging.forenteforlag.no\/forlaget\/wp-content\/uploads\/sites\/3\/2024\/09\/Press_logo.svg\",\"contentUrl\":\"https:\/\/staging.forenteforlag.no\/forlaget\/wp-content\/uploads\/sites\/3\/2024\/09\/Press_logo.svg\",\"width\":100,\"height\":100,\"caption\":\"Forlaget Press\"},\"image\":{\"@id\":\"https:\/\/staging.forenteforlag.no\/forlaget\/#\/schema\/logo\/image\/\"},\"sameAs\":[\"https:\/\/www.facebook.com\/Forlagetpress\"]}]}<\/script>\n<!-- \/ Yoast SEO plugin. -->","yoast_head_json":{"title":"Gissel - Forlaget Press","robots":{"index":"noindex","follow":"follow","max-snippet":"max-snippet:-1","max-image-preview":"max-image-preview:large","max-video-preview":"max-video-preview:-1"},"og_locale":"nb_NO","og_type":"article","og_title":"Gissel - Forlaget Press","og_description":"Den 7. oktober 2023 stormet Hamas-terrorister Be\u2019eri-kibbutzen s\u00f8r i Israel. Fem av dem trenger seg inn i hjemmet til Eli Sharabi, kona og deres to d\u00f8tre. Sharabi blir brutalt lempet inn i en bil, kj\u00f8rt over grensen til Gaza, og til slutt kastet dypt ned i det kvelende m\u00f8rket i en tunnel. Mens krigen raser, gjennomg\u00e5r han 491 utmattende dager i fangenskap, mens han hele tiden holder fast ved h\u00e5pet om at han en dag vil bli gjenforent med sine kj\u00e6re.","og_url":"https:\/\/staging.forenteforlag.no\/forlaget\/produkt\/gissel\/","og_site_name":"Forlaget Press","article_publisher":"https:\/\/www.facebook.com\/Forlagetpress","article_modified_time":"2026-03-02T16:10:54+00:00","og_image":[{"width":720,"height":1128,"url":"https:\/\/staging.forenteforlag.no\/forlaget\/wp-content\/uploads\/sites\/3\/2026\/02\/9788232807826.jpg","type":"image\/jpeg"}],"twitter_card":"summary_large_image","twitter_misc":{"Ansl. lesetid":"1 minutt"},"schema":{"@context":"https:\/\/schema.org","@graph":[{"@type":"WebPage","@id":"https:\/\/staging.forenteforlag.no\/forlaget\/produkt\/gissel\/","url":"https:\/\/staging.forenteforlag.no\/forlaget\/produkt\/gissel\/","name":"Gissel - Forlaget Press","isPartOf":{"@id":"https:\/\/staging.forenteforlag.no\/forlaget\/#website"},"primaryImageOfPage":{"@id":"https:\/\/staging.forenteforlag.no\/forlaget\/produkt\/gissel\/#primaryimage"},"image":{"@id":"https:\/\/staging.forenteforlag.no\/forlaget\/produkt\/gissel\/#primaryimage"},"thumbnailUrl":"https:\/\/staging.forenteforlag.no\/forlaget\/wp-content\/uploads\/sites\/3\/2026\/02\/9788232807826.jpg","datePublished":"2026-02-10T04:10:28+00:00","dateModified":"2026-03-02T16:10:54+00:00","breadcrumb":{"@id":"https:\/\/staging.forenteforlag.no\/forlaget\/produkt\/gissel\/#breadcrumb"},"inLanguage":"nb-NO","potentialAction":[{"@type":"ReadAction","target":["https:\/\/staging.forenteforlag.no\/forlaget\/produkt\/gissel\/"]}]},{"@type":"ImageObject","inLanguage":"nb-NO","@id":"https:\/\/staging.forenteforlag.no\/forlaget\/produkt\/gissel\/#primaryimage","url":"https:\/\/staging.forenteforlag.no\/forlaget\/wp-content\/uploads\/sites\/3\/2026\/02\/9788232807826.jpg","contentUrl":"https:\/\/staging.forenteforlag.no\/forlaget\/wp-content\/uploads\/sites\/3\/2026\/02\/9788232807826.jpg","width":720,"height":1128},{"@type":"BreadcrumbList","@id":"https:\/\/staging.forenteforlag.no\/forlaget\/produkt\/gissel\/#breadcrumb","itemListElement":[{"@type":"ListItem","position":1,"name":"Hjem","item":"https:\/\/staging.forenteforlag.no\/forlaget\/"},{"@type":"ListItem","position":2,"name":"Alle b\u00f8ker","item":"https:\/\/staging.forenteforlag.no\/forlaget\/butikk\/"},{"@type":"ListItem","position":3,"name":"Gissel"}]},{"@type":"WebSite","@id":"https:\/\/staging.forenteforlag.no\/forlaget\/#website","url":"https:\/\/staging.forenteforlag.no\/forlaget\/","name":"Forlaget Press","description":"","publisher":{"@id":"https:\/\/staging.forenteforlag.no\/forlaget\/#organization"},"potentialAction":[{"@type":"SearchAction","target":{"@type":"EntryPoint","urlTemplate":"https:\/\/staging.forenteforlag.no\/forlaget\/?s={search_term_string}"},"query-input":{"@type":"PropertyValueSpecification","valueRequired":true,"valueName":"search_term_string"}}],"inLanguage":"nb-NO"},{"@type":"Organization","@id":"https:\/\/staging.forenteforlag.no\/forlaget\/#organization","name":"Forlaget Press","url":"https:\/\/staging.forenteforlag.no\/forlaget\/","logo":{"@type":"ImageObject","inLanguage":"nb-NO","@id":"https:\/\/staging.forenteforlag.no\/forlaget\/#\/schema\/logo\/image\/","url":"https:\/\/staging.forenteforlag.no\/forlaget\/wp-content\/uploads\/sites\/3\/2024\/09\/Press_logo.svg","contentUrl":"https:\/\/staging.forenteforlag.no\/forlaget\/wp-content\/uploads\/sites\/3\/2024\/09\/Press_logo.svg","width":100,"height":100,"caption":"Forlaget Press"},"image":{"@id":"https:\/\/staging.forenteforlag.no\/forlaget\/#\/schema\/logo\/image\/"},"sameAs":["https:\/\/www.facebook.com\/Forlagetpress"]}]}},"_links":{"self":[{"href":"https:\/\/staging.forenteforlag.no\/forlaget\/wp-json\/wp\/v2\/product\/26074","targetHints":{"allow":["GET"]}}],"collection":[{"href":"https:\/\/staging.forenteforlag.no\/forlaget\/wp-json\/wp\/v2\/product"}],"about":[{"href":"https:\/\/staging.forenteforlag.no\/forlaget\/wp-json\/wp\/v2\/types\/product"}],"wp:featuredmedia":[{"embeddable":true,"href":"https:\/\/staging.forenteforlag.no\/forlaget\/wp-json\/wp\/v2\/media\/26629"}],"wp:attachment":[{"href":"https:\/\/staging.forenteforlag.no\/forlaget\/wp-json\/wp\/v2\/media?parent=26074"}],"wp:term":[{"taxonomy":"product_brand","embeddable":true,"href":"https:\/\/staging.forenteforlag.no\/forlaget\/wp-json\/wp\/v2\/product_brand?post=26074"},{"taxonomy":"product_cat","embeddable":true,"href":"https:\/\/staging.forenteforlag.no\/forlaget\/wp-json\/wp\/v2\/product_cat?post=26074"},{"taxonomy":"product_tag","embeddable":true,"href":"https:\/\/staging.forenteforlag.no\/forlaget\/wp-json\/wp\/v2\/product_tag?post=26074"}],"curies":[{"name":"wp","href":"https:\/\/api.w.org\/{rel}","templated":true}]}}