{"id":25950,"date":"2025-10-27T05:13:42","date_gmt":"2025-10-27T04:13:42","guid":{"rendered":"https:\/\/forlagetpress.no\/produkt\/verden-vibrerer\/"},"modified":"2026-03-02T17:09:07","modified_gmt":"2026-03-02T16:09:07","slug":"verden-vibrerer","status":"publish","type":"product","link":"https:\/\/staging.forenteforlag.no\/forlaget\/produkt\/verden-vibrerer\/","title":{"rendered":"Verden vibrerer"},"content":{"rendered":"<p>Tom Sandberg (1953\u20132014) regnes som en av Norges mest profilerte og betydningsfulle kunstfotografer, som med sitt s\u00e6regne fotografi ogs\u00e5 gjorde seg bemerket internasjonalt. Verden vibrerer\u00a0tar for seg arbeider fra hele Tom Sandbergs virksomhet, fra slutten av 1970-\u00e5rene og helt frem til de siste \u00e5rene han var aktiv.\u00a0Sandberg er s\u00e6rlig kjent for sine atmosf\u00e6riske svart-hvitt fotografier og sin finstemte modulering av gr\u00e5nyanser i spennet mellom beksvart og det helt hvite. Boken inkluderer en rekke ikoniske verk fra h\u00f8ydepunktene i hans karriere, men l\u00f8fter ogs\u00e5 frem mindre kjente verk preget av eksperimentering med format og teknikk.Boken utkommer i forbindelse med utstillingen Verden vibrerer ved Henie Onstad Kunstmuseum (31.10. 2025 \u2013 01.03. 2026). Tekstene er skrevet av Susanne \u00d8stby S\u00e6ther, Morten Anden\u00e6s, Vibeke Tandberg og Torgrim Eggen \u2013 essays som til sammen utgj\u00f8r en bred tematisk vifte, i fors\u00f8ket p\u00e5 \u00e5 beskrive Sandbergs mangetydige kunstnerskap.\u00a0Formgivning\/design ved Kim Hiorth\u00f8y og Martin Asbj\u00f8rnsen.<\/p>\n","protected":false},"excerpt":{"rendered":"<p>Tom Sandberg (1953\u20132014) regnes som en av Norges mest profilerte og betydningsfulle kunstfotografer, som med sitt s\u00e6regne fotografi ogs\u00e5 gjorde seg bemerket internasjonalt. Verden vibrerer\u00a0tar for seg arbeider fra hele Tom Sandbergs virksomhet, fra slutten av 1970-\u00e5rene og helt frem til de siste \u00e5rene han var aktiv.\u00a0Sandberg er s\u00e6rlig kjent for sine atmosf\u00e6riske svart-hvitt fotografier [&hellip;]<\/p>\n","protected":false},"featured_media":26611,"template":"","meta":{"_acf_changed":false,"inline_featured_image":false},"product_brand":[],"product_cat":[1780],"product_tag":[362],"class_list":{"0":"post-25950","1":"product","2":"type-product","3":"status-publish","4":"has-post-thumbnail","6":"product_cat-fastpris","7":"product_tag-faglitteratur","9":"first","10":"midlertidig-utsolgt","11":"purchasable","12":"product-type-simple"},"acf":{"anmeldelse":null},"yoast_head":"<!-- This site is optimized with the Yoast SEO plugin v26.6 - https:\/\/yoast.com\/wordpress\/plugins\/seo\/ -->\n<title>Verden vibrerer - Forlaget Press<\/title>\n<meta name=\"robots\" content=\"noindex, follow, max-snippet:-1, max-image-preview:large, max-video-preview:-1\" \/>\n<meta property=\"og:locale\" content=\"nb_NO\" \/>\n<meta property=\"og:type\" content=\"article\" \/>\n<meta property=\"og:title\" content=\"Verden vibrerer - Forlaget Press\" \/>\n<meta property=\"og:description\" content=\"Tom Sandberg (1953\u20132014) regnes som en av Norges mest profilerte og betydningsfulle kunstfotografer, som med sitt s\u00e6regne fotografi ogs\u00e5 gjorde seg bemerket internasjonalt. Verden vibrerer\u00a0tar for seg arbeider fra hele Tom Sandbergs virksomhet, fra slutten av 1970-\u00e5rene og helt frem til de siste \u00e5rene han var aktiv.\u00a0Sandberg er s\u00e6rlig kjent for sine atmosf\u00e6riske svart-hvitt fotografier [&hellip;]\" \/>\n<meta property=\"og:url\" content=\"https:\/\/staging.forenteforlag.no\/forlaget\/produkt\/verden-vibrerer\/\" \/>\n<meta property=\"og:site_name\" content=\"Forlaget Press\" \/>\n<meta property=\"article:publisher\" content=\"https:\/\/www.facebook.com\/Forlagetpress\" \/>\n<meta property=\"article:modified_time\" content=\"2026-03-02T16:09:07+00:00\" \/>\n<meta property=\"og:image\" content=\"https:\/\/staging.forenteforlag.no\/forlaget\/wp-content\/uploads\/sites\/3\/2026\/02\/9788232807284.jpg\" \/>\n\t<meta property=\"og:image:width\" content=\"720\" \/>\n\t<meta property=\"og:image:height\" content=\"950\" \/>\n\t<meta property=\"og:image:type\" content=\"image\/jpeg\" \/>\n<meta name=\"twitter:card\" content=\"summary_large_image\" \/>\n<meta name=\"twitter:label1\" content=\"Ansl. lesetid\" \/>\n\t<meta name=\"twitter:data1\" content=\"1 minutt\" \/>\n<script type=\"application\/ld+json\" class=\"yoast-schema-graph\">{\"@context\":\"https:\/\/schema.org\",\"@graph\":[{\"@type\":\"WebPage\",\"@id\":\"https:\/\/staging.forenteforlag.no\/forlaget\/produkt\/verden-vibrerer\/\",\"url\":\"https:\/\/staging.forenteforlag.no\/forlaget\/produkt\/verden-vibrerer\/\",\"name\":\"Verden vibrerer - Forlaget Press\",\"isPartOf\":{\"@id\":\"https:\/\/staging.forenteforlag.no\/forlaget\/#website\"},\"primaryImageOfPage\":{\"@id\":\"https:\/\/staging.forenteforlag.no\/forlaget\/produkt\/verden-vibrerer\/#primaryimage\"},\"image\":{\"@id\":\"https:\/\/staging.forenteforlag.no\/forlaget\/produkt\/verden-vibrerer\/#primaryimage\"},\"thumbnailUrl\":\"https:\/\/staging.forenteforlag.no\/forlaget\/wp-content\/uploads\/sites\/3\/2026\/02\/9788232807284.jpg\",\"datePublished\":\"2025-10-27T04:13:42+00:00\",\"dateModified\":\"2026-03-02T16:09:07+00:00\",\"breadcrumb\":{\"@id\":\"https:\/\/staging.forenteforlag.no\/forlaget\/produkt\/verden-vibrerer\/#breadcrumb\"},\"inLanguage\":\"nb-NO\",\"potentialAction\":[{\"@type\":\"ReadAction\",\"target\":[\"https:\/\/staging.forenteforlag.no\/forlaget\/produkt\/verden-vibrerer\/\"]}]},{\"@type\":\"ImageObject\",\"inLanguage\":\"nb-NO\",\"@id\":\"https:\/\/staging.forenteforlag.no\/forlaget\/produkt\/verden-vibrerer\/#primaryimage\",\"url\":\"https:\/\/staging.forenteforlag.no\/forlaget\/wp-content\/uploads\/sites\/3\/2026\/02\/9788232807284.jpg\",\"contentUrl\":\"https:\/\/staging.forenteforlag.no\/forlaget\/wp-content\/uploads\/sites\/3\/2026\/02\/9788232807284.jpg\",\"width\":720,\"height\":950},{\"@type\":\"BreadcrumbList\",\"@id\":\"https:\/\/staging.forenteforlag.no\/forlaget\/produkt\/verden-vibrerer\/#breadcrumb\",\"itemListElement\":[{\"@type\":\"ListItem\",\"position\":1,\"name\":\"Hjem\",\"item\":\"https:\/\/staging.forenteforlag.no\/forlaget\/\"},{\"@type\":\"ListItem\",\"position\":2,\"name\":\"Alle b\u00f8ker\",\"item\":\"https:\/\/staging.forenteforlag.no\/forlaget\/butikk\/\"},{\"@type\":\"ListItem\",\"position\":3,\"name\":\"Verden vibrerer\"}]},{\"@type\":\"WebSite\",\"@id\":\"https:\/\/staging.forenteforlag.no\/forlaget\/#website\",\"url\":\"https:\/\/staging.forenteforlag.no\/forlaget\/\",\"name\":\"Forlaget Press\",\"description\":\"\",\"publisher\":{\"@id\":\"https:\/\/staging.forenteforlag.no\/forlaget\/#organization\"},\"potentialAction\":[{\"@type\":\"SearchAction\",\"target\":{\"@type\":\"EntryPoint\",\"urlTemplate\":\"https:\/\/staging.forenteforlag.no\/forlaget\/?s={search_term_string}\"},\"query-input\":{\"@type\":\"PropertyValueSpecification\",\"valueRequired\":true,\"valueName\":\"search_term_string\"}}],\"inLanguage\":\"nb-NO\"},{\"@type\":\"Organization\",\"@id\":\"https:\/\/staging.forenteforlag.no\/forlaget\/#organization\",\"name\":\"Forlaget Press\",\"url\":\"https:\/\/staging.forenteforlag.no\/forlaget\/\",\"logo\":{\"@type\":\"ImageObject\",\"inLanguage\":\"nb-NO\",\"@id\":\"https:\/\/staging.forenteforlag.no\/forlaget\/#\/schema\/logo\/image\/\",\"url\":\"https:\/\/staging.forenteforlag.no\/forlaget\/wp-content\/uploads\/sites\/3\/2024\/09\/Press_logo.svg\",\"contentUrl\":\"https:\/\/staging.forenteforlag.no\/forlaget\/wp-content\/uploads\/sites\/3\/2024\/09\/Press_logo.svg\",\"width\":100,\"height\":100,\"caption\":\"Forlaget Press\"},\"image\":{\"@id\":\"https:\/\/staging.forenteforlag.no\/forlaget\/#\/schema\/logo\/image\/\"},\"sameAs\":[\"https:\/\/www.facebook.com\/Forlagetpress\"]}]}<\/script>\n<!-- \/ Yoast SEO plugin. -->","yoast_head_json":{"title":"Verden vibrerer - Forlaget Press","robots":{"index":"noindex","follow":"follow","max-snippet":"max-snippet:-1","max-image-preview":"max-image-preview:large","max-video-preview":"max-video-preview:-1"},"og_locale":"nb_NO","og_type":"article","og_title":"Verden vibrerer - Forlaget Press","og_description":"Tom Sandberg (1953\u20132014) regnes som en av Norges mest profilerte og betydningsfulle kunstfotografer, som med sitt s\u00e6regne fotografi ogs\u00e5 gjorde seg bemerket internasjonalt. Verden vibrerer\u00a0tar for seg arbeider fra hele Tom Sandbergs virksomhet, fra slutten av 1970-\u00e5rene og helt frem til de siste \u00e5rene han var aktiv.\u00a0Sandberg er s\u00e6rlig kjent for sine atmosf\u00e6riske svart-hvitt fotografier [&hellip;]","og_url":"https:\/\/staging.forenteforlag.no\/forlaget\/produkt\/verden-vibrerer\/","og_site_name":"Forlaget Press","article_publisher":"https:\/\/www.facebook.com\/Forlagetpress","article_modified_time":"2026-03-02T16:09:07+00:00","og_image":[{"width":720,"height":950,"url":"https:\/\/staging.forenteforlag.no\/forlaget\/wp-content\/uploads\/sites\/3\/2026\/02\/9788232807284.jpg","type":"image\/jpeg"}],"twitter_card":"summary_large_image","twitter_misc":{"Ansl. lesetid":"1 minutt"},"schema":{"@context":"https:\/\/schema.org","@graph":[{"@type":"WebPage","@id":"https:\/\/staging.forenteforlag.no\/forlaget\/produkt\/verden-vibrerer\/","url":"https:\/\/staging.forenteforlag.no\/forlaget\/produkt\/verden-vibrerer\/","name":"Verden vibrerer - Forlaget Press","isPartOf":{"@id":"https:\/\/staging.forenteforlag.no\/forlaget\/#website"},"primaryImageOfPage":{"@id":"https:\/\/staging.forenteforlag.no\/forlaget\/produkt\/verden-vibrerer\/#primaryimage"},"image":{"@id":"https:\/\/staging.forenteforlag.no\/forlaget\/produkt\/verden-vibrerer\/#primaryimage"},"thumbnailUrl":"https:\/\/staging.forenteforlag.no\/forlaget\/wp-content\/uploads\/sites\/3\/2026\/02\/9788232807284.jpg","datePublished":"2025-10-27T04:13:42+00:00","dateModified":"2026-03-02T16:09:07+00:00","breadcrumb":{"@id":"https:\/\/staging.forenteforlag.no\/forlaget\/produkt\/verden-vibrerer\/#breadcrumb"},"inLanguage":"nb-NO","potentialAction":[{"@type":"ReadAction","target":["https:\/\/staging.forenteforlag.no\/forlaget\/produkt\/verden-vibrerer\/"]}]},{"@type":"ImageObject","inLanguage":"nb-NO","@id":"https:\/\/staging.forenteforlag.no\/forlaget\/produkt\/verden-vibrerer\/#primaryimage","url":"https:\/\/staging.forenteforlag.no\/forlaget\/wp-content\/uploads\/sites\/3\/2026\/02\/9788232807284.jpg","contentUrl":"https:\/\/staging.forenteforlag.no\/forlaget\/wp-content\/uploads\/sites\/3\/2026\/02\/9788232807284.jpg","width":720,"height":950},{"@type":"BreadcrumbList","@id":"https:\/\/staging.forenteforlag.no\/forlaget\/produkt\/verden-vibrerer\/#breadcrumb","itemListElement":[{"@type":"ListItem","position":1,"name":"Hjem","item":"https:\/\/staging.forenteforlag.no\/forlaget\/"},{"@type":"ListItem","position":2,"name":"Alle b\u00f8ker","item":"https:\/\/staging.forenteforlag.no\/forlaget\/butikk\/"},{"@type":"ListItem","position":3,"name":"Verden vibrerer"}]},{"@type":"WebSite","@id":"https:\/\/staging.forenteforlag.no\/forlaget\/#website","url":"https:\/\/staging.forenteforlag.no\/forlaget\/","name":"Forlaget Press","description":"","publisher":{"@id":"https:\/\/staging.forenteforlag.no\/forlaget\/#organization"},"potentialAction":[{"@type":"SearchAction","target":{"@type":"EntryPoint","urlTemplate":"https:\/\/staging.forenteforlag.no\/forlaget\/?s={search_term_string}"},"query-input":{"@type":"PropertyValueSpecification","valueRequired":true,"valueName":"search_term_string"}}],"inLanguage":"nb-NO"},{"@type":"Organization","@id":"https:\/\/staging.forenteforlag.no\/forlaget\/#organization","name":"Forlaget Press","url":"https:\/\/staging.forenteforlag.no\/forlaget\/","logo":{"@type":"ImageObject","inLanguage":"nb-NO","@id":"https:\/\/staging.forenteforlag.no\/forlaget\/#\/schema\/logo\/image\/","url":"https:\/\/staging.forenteforlag.no\/forlaget\/wp-content\/uploads\/sites\/3\/2024\/09\/Press_logo.svg","contentUrl":"https:\/\/staging.forenteforlag.no\/forlaget\/wp-content\/uploads\/sites\/3\/2024\/09\/Press_logo.svg","width":100,"height":100,"caption":"Forlaget Press"},"image":{"@id":"https:\/\/staging.forenteforlag.no\/forlaget\/#\/schema\/logo\/image\/"},"sameAs":["https:\/\/www.facebook.com\/Forlagetpress"]}]}},"_links":{"self":[{"href":"https:\/\/staging.forenteforlag.no\/forlaget\/wp-json\/wp\/v2\/product\/25950","targetHints":{"allow":["GET"]}}],"collection":[{"href":"https:\/\/staging.forenteforlag.no\/forlaget\/wp-json\/wp\/v2\/product"}],"about":[{"href":"https:\/\/staging.forenteforlag.no\/forlaget\/wp-json\/wp\/v2\/types\/product"}],"wp:featuredmedia":[{"embeddable":true,"href":"https:\/\/staging.forenteforlag.no\/forlaget\/wp-json\/wp\/v2\/media\/26611"}],"wp:attachment":[{"href":"https:\/\/staging.forenteforlag.no\/forlaget\/wp-json\/wp\/v2\/media?parent=25950"}],"wp:term":[{"taxonomy":"product_brand","embeddable":true,"href":"https:\/\/staging.forenteforlag.no\/forlaget\/wp-json\/wp\/v2\/product_brand?post=25950"},{"taxonomy":"product_cat","embeddable":true,"href":"https:\/\/staging.forenteforlag.no\/forlaget\/wp-json\/wp\/v2\/product_cat?post=25950"},{"taxonomy":"product_tag","embeddable":true,"href":"https:\/\/staging.forenteforlag.no\/forlaget\/wp-json\/wp\/v2\/product_tag?post=25950"}],"curies":[{"name":"wp","href":"https:\/\/api.w.org\/{rel}","templated":true}]}}

<p>Tom Sandberg (1953–2014) regnes som en av Norges mest profilerte og betydningsfulle kunstfotografer, som med sitt særegne fotografi også gjorde seg bemerket internasjonalt. Verden vibrerer tar for seg arbeider fra hele Tom Sandbergs virksomhet, fra slutten av 1970-årene og helt frem til de siste årene han var aktiv. Sandberg er særlig kjent for sine atmosfæriske svart-hvitt fotografier og sin finstemte modulering av grånyanser i spennet mellom beksvart og det helt hvite. Boken inkluderer en rekke ikoniske verk fra høydepunktene i hans karriere, men løfter også frem mindre kjente verk preget av eksperimentering med format og teknikk.Boken utkommer i forbindelse med utstillingen Verden vibrerer ved Henie Onstad Kunstmuseum (31.10. 2025 – 01.03. 2026). Tekstene er skrevet av Susanne Østby Sæther, Morten Andenæs, Vibeke Tandberg og Torgrim Eggen – essays som til sammen utgjør en bred tematisk vifte, i forsøket på å beskrive Sandbergs mangetydige kunstnerskap. Formgivning/design ved Kim Hiorthøy og Martin Asbjørnsen.</p>

<p>Tom Sandberg (1953–2014) regnes som en av Norges mest profilerte og betydningsfulle kunstfotografer, som med sitt særegne fotografi også gjorde seg bemerket internasjonalt. Verden vibrerer tar for seg arbeider fra hele Tom Sandbergs virksomhet, fra slutten av 1970-årene og helt frem til de siste årene han var aktiv. Sandberg er særlig kjent for sine atmosfæriske svart-hvitt fotografier [&hellip;]</p>

<!-- This site is optimized with the Yoast SEO plugin v26.6 - https://yoast.com/wordpress/plugins/seo/ -->
<title>Verden vibrerer - Forlaget Press</title>
<meta name="robots" content="noindex, follow, max-snippet:-1, max-image-preview:large, max-video-preview:-1" />
<meta property="og:locale" content="nb_NO" />
<meta property="og:type" content="article" />
<meta property="og:title" content="Verden vibrerer - Forlaget Press" />
<meta property="og:description" content="Tom Sandberg (1953–2014) regnes som en av Norges mest profilerte og betydningsfulle kunstfotografer, som med sitt særegne fotografi også gjorde seg bemerket internasjonalt. Verden vibrerer tar for seg arbeider fra hele Tom Sandbergs virksomhet, fra slutten av 1970-årene og helt frem til de siste årene han var aktiv. Sandberg er særlig kjent for sine atmosfæriske svart-hvitt fotografier [&hellip;]" />
<meta property="og:url" content="https://staging.forenteforlag.no/forlaget/produkt/verden-vibrerer/" />
<meta property="og:site_name" content="Forlaget Press" />
<meta property="article:publisher" content="https://www.facebook.com/Forlagetpress" />
<meta property="article:modified_time" content="2026-03-02T16:09:07+00:00" />
<meta property="og:image" content="https://staging.forenteforlag.no/forlaget/wp-content/uploads/sites/3/2026/02/9788232807284.jpg" />
	<meta property="og:image:width" content="720" />
	<meta property="og:image:height" content="950" />
	<meta property="og:image:type" content="image/jpeg" />
<meta name="twitter:card" content="summary_large_image" />
<meta name="twitter:label1" content="Ansl. lesetid" />
	<meta name="twitter:data1" content="1 minutt" />
<script type="application/ld+json" class="yoast-schema-graph">{"@context":"https://schema.org","@graph":[{"@type":"WebPage","@id":"https://staging.forenteforlag.no/forlaget/produkt/verden-vibrerer/","url":"https://staging.forenteforlag.no/forlaget/produkt/verden-vibrerer/","name":"Verden vibrerer - Forlaget Press","isPartOf":{"@id":"https://staging.forenteforlag.no/forlaget/#website"},"primaryImageOfPage":{"@id":"https://staging.forenteforlag.no/forlaget/produkt/verden-vibrerer/#primaryimage"},"image":{"@id":"https://staging.forenteforlag.no/forlaget/produkt/verden-vibrerer/#primaryimage"},"thumbnailUrl":"https://staging.forenteforlag.no/forlaget/wp-content/uploads/sites/3/2026/02/9788232807284.jpg","datePublished":"2025-10-27T04:13:42+00:00","dateModified":"2026-03-02T16:09:07+00:00","breadcrumb":{"@id":"https://staging.forenteforlag.no/forlaget/produkt/verden-vibrerer/#breadcrumb"},"inLanguage":"nb-NO","potentialAction":[{"@type":"ReadAction","target":["https://staging.forenteforlag.no/forlaget/produkt/verden-vibrerer/"]}]},{"@type":"ImageObject","inLanguage":"nb-NO","@id":"https://staging.forenteforlag.no/forlaget/produkt/verden-vibrerer/#primaryimage","url":"https://staging.forenteforlag.no/forlaget/wp-content/uploads/sites/3/2026/02/9788232807284.jpg","contentUrl":"https://staging.forenteforlag.no/forlaget/wp-content/uploads/sites/3/2026/02/9788232807284.jpg","width":720,"height":950},{"@type":"BreadcrumbList","@id":"https://staging.forenteforlag.no/forlaget/produkt/verden-vibrerer/#breadcrumb","itemListElement":[{"@type":"ListItem","position":1,"name":"Hjem","item":"https://staging.forenteforlag.no/forlaget/"},{"@type":"ListItem","position":2,"name":"Alle bøker","item":"https://staging.forenteforlag.no/forlaget/butikk/"},{"@type":"ListItem","position":3,"name":"Verden vibrerer"}]},{"@type":"WebSite","@id":"https://staging.forenteforlag.no/forlaget/#website","url":"https://staging.forenteforlag.no/forlaget/","name":"Forlaget Press","description":"","publisher":{"@id":"https://staging.forenteforlag.no/forlaget/#organization"},"potentialAction":[{"@type":"SearchAction","target":{"@type":"EntryPoint","urlTemplate":"https://staging.forenteforlag.no/forlaget/?s={search_term_string}"},"query-input":{"@type":"PropertyValueSpecification","valueRequired":true,"valueName":"search_term_string"}}],"inLanguage":"nb-NO"},{"@type":"Organization","@id":"https://staging.forenteforlag.no/forlaget/#organization","name":"Forlaget Press","url":"https://staging.forenteforlag.no/forlaget/","logo":{"@type":"ImageObject","inLanguage":"nb-NO","@id":"https://staging.forenteforlag.no/forlaget/#/schema/logo/image/","url":"https://staging.forenteforlag.no/forlaget/wp-content/uploads/sites/3/2024/09/Press_logo.svg","contentUrl":"https://staging.forenteforlag.no/forlaget/wp-content/uploads/sites/3/2024/09/Press_logo.svg","width":100,"height":100,"caption":"Forlaget Press"},"image":{"@id":"https://staging.forenteforlag.no/forlaget/#/schema/logo/image/"},"sameAs":["https://www.facebook.com/Forlagetpress"]}]}</script>
<!-- / Yoast SEO plugin. -->

Tom Sandberg (1953–2014) regnes som en av Norges mest profilerte og betydningsfulle kunstfotografer, som med sitt særegne fotografi også gjorde seg bemerket internasjonalt. Verden vibrerer tar for seg arbeider fra hele Tom Sandbergs virksomhet, fra slutten av 1970-årene og helt frem til de siste årene han var aktiv. Sandberg er særlig kjent for sine atmosfæriske svart-hvitt fotografier [&hellip;]

Alle bøker
