{"id":24626,"date":"2025-08-03T23:13:09","date_gmt":"2025-08-03T21:13:09","guid":{"rendered":"https:\/\/forlagetpress.no\/produkt\/om-frihet-3\/"},"modified":"2026-03-03T18:48:55","modified_gmt":"2026-03-03T17:48:55","slug":"om-frihet-3","status":"publish","type":"product","link":"https:\/\/staging.forenteforlag.no\/forlaget\/produkt\/om-frihet-3\/","title":{"rendered":"Om frihet"},"content":{"rendered":"<p>Frihet inneb\u00e6rer ikke bare frav\u00e6r av det onde, men tilstedev\u00e6relse av det gode. I det \u00f8yeblikk vi tar friheten for gitt, st\u00e5r den i fare for \u00e5 bli borte. Det finnes ingen frihet uten solidaritet &#8211; din frihet er forutsetningen for min frihet.Timothy Snyder er en av v\u00e5r tids viktigste intellektuelle stemmer. Hans bok Om tyranni. 20 ting vi kan l\u00e6re av det 20. \u00e5rhundre (2017), der han advarte mot ufrihetens former, fant millioner av lesere over hele verden, og ble her hjemme anbefalt som obligatorisk pensum p\u00e5 skolene.I Om frihet tar Snyder steget videre og utforsker hva frihet er, i positiv forstand. Gjennom en personlig og engasjerende tekst, gir Snyder oss en grundig analyse av hva vi ikke bare m\u00e5 kjempe imot, men f\u00f8rst og fremst hva det er vi er vi m\u00e5 kjempe for.\u00abLidenskapelig, personlig og overbevisende &#8211; et h\u00f8yt og tydelig varselrop om prinsippfasthet og engasjement i en tid preget av uro og utfordringer.\u00bbPHILLIPPE SANDS\u00abAlle som bryr seg om frihet &#8211; hva den inneb\u00e6rer og hva som skal til for \u00e5 bevare den, b\u00f8r lese denne boken.\u00bbANNE APPLEBAUM<\/p>\n","protected":false},"excerpt":{"rendered":"<p>Frihet inneb\u00e6rer ikke bare frav\u00e6r av det onde, men tilstedev\u00e6relse av det gode. I det \u00f8yeblikk vi tar friheten for gitt, st\u00e5r den i fare for \u00e5 bli borte. Det finnes ingen frihet uten solidaritet &#8211; din frihet er forutsetningen for min frihet.Timothy Snyder er en av v\u00e5r tids viktigste intellektuelle stemmer. Hans bok Om [&hellip;]<\/p>\n","protected":false},"featured_media":26619,"template":"","meta":{"_acf_changed":false,"inline_featured_image":false},"product_brand":[],"product_cat":[1780],"product_tag":[362],"class_list":{"0":"post-24626","1":"product","2":"type-product","3":"status-publish","4":"has-post-thumbnail","6":"product_cat-fastpris","7":"product_tag-faglitteratur","9":"first","10":"instock","11":"purchasable","12":"product-type-simple"},"acf":{"anmeldelse":null},"yoast_head":"<!-- This site is optimized with the Yoast SEO plugin v26.6 - https:\/\/yoast.com\/wordpress\/plugins\/seo\/ -->\n<title>Om frihet - Forlaget Press<\/title>\n<meta name=\"robots\" content=\"noindex, follow, max-snippet:-1, max-image-preview:large, max-video-preview:-1\" \/>\n<meta property=\"og:locale\" content=\"nb_NO\" \/>\n<meta property=\"og:type\" content=\"article\" \/>\n<meta property=\"og:title\" content=\"Om frihet - Forlaget Press\" \/>\n<meta property=\"og:description\" content=\"Frihet inneb\u00e6rer ikke bare frav\u00e6r av det onde, men tilstedev\u00e6relse av det gode. I det \u00f8yeblikk vi tar friheten for gitt, st\u00e5r den i fare for \u00e5 bli borte. Det finnes ingen frihet uten solidaritet &#8211; din frihet er forutsetningen for min frihet.Timothy Snyder er en av v\u00e5r tids viktigste intellektuelle stemmer. Hans bok Om [&hellip;]\" \/>\n<meta property=\"og:url\" content=\"https:\/\/staging.forenteforlag.no\/forlaget\/produkt\/om-frihet-3\/\" \/>\n<meta property=\"og:site_name\" content=\"Forlaget Press\" \/>\n<meta property=\"article:publisher\" content=\"https:\/\/www.facebook.com\/Forlagetpress\" \/>\n<meta property=\"article:modified_time\" content=\"2026-03-03T17:48:55+00:00\" \/>\n<meta property=\"og:image\" content=\"https:\/\/staging.forenteforlag.no\/forlaget\/wp-content\/uploads\/sites\/3\/2026\/02\/9788232807390.jpg\" \/>\n\t<meta property=\"og:image:width\" content=\"720\" \/>\n\t<meta property=\"og:image:height\" content=\"1017\" \/>\n\t<meta property=\"og:image:type\" content=\"image\/jpeg\" \/>\n<meta name=\"twitter:card\" content=\"summary_large_image\" \/>\n<meta name=\"twitter:label1\" content=\"Ansl. lesetid\" \/>\n\t<meta name=\"twitter:data1\" content=\"1 minutt\" \/>\n<script type=\"application\/ld+json\" class=\"yoast-schema-graph\">{\"@context\":\"https:\/\/schema.org\",\"@graph\":[{\"@type\":\"WebPage\",\"@id\":\"https:\/\/staging.forenteforlag.no\/forlaget\/produkt\/om-frihet-3\/\",\"url\":\"https:\/\/staging.forenteforlag.no\/forlaget\/produkt\/om-frihet-3\/\",\"name\":\"Om frihet - Forlaget Press\",\"isPartOf\":{\"@id\":\"https:\/\/staging.forenteforlag.no\/forlaget\/#website\"},\"primaryImageOfPage\":{\"@id\":\"https:\/\/staging.forenteforlag.no\/forlaget\/produkt\/om-frihet-3\/#primaryimage\"},\"image\":{\"@id\":\"https:\/\/staging.forenteforlag.no\/forlaget\/produkt\/om-frihet-3\/#primaryimage\"},\"thumbnailUrl\":\"https:\/\/staging.forenteforlag.no\/forlaget\/wp-content\/uploads\/sites\/3\/2026\/02\/9788232807390.jpg\",\"datePublished\":\"2025-08-03T21:13:09+00:00\",\"dateModified\":\"2026-03-03T17:48:55+00:00\",\"breadcrumb\":{\"@id\":\"https:\/\/staging.forenteforlag.no\/forlaget\/produkt\/om-frihet-3\/#breadcrumb\"},\"inLanguage\":\"nb-NO\",\"potentialAction\":[{\"@type\":\"ReadAction\",\"target\":[\"https:\/\/staging.forenteforlag.no\/forlaget\/produkt\/om-frihet-3\/\"]}]},{\"@type\":\"ImageObject\",\"inLanguage\":\"nb-NO\",\"@id\":\"https:\/\/staging.forenteforlag.no\/forlaget\/produkt\/om-frihet-3\/#primaryimage\",\"url\":\"https:\/\/staging.forenteforlag.no\/forlaget\/wp-content\/uploads\/sites\/3\/2026\/02\/9788232807390.jpg\",\"contentUrl\":\"https:\/\/staging.forenteforlag.no\/forlaget\/wp-content\/uploads\/sites\/3\/2026\/02\/9788232807390.jpg\",\"width\":720,\"height\":1017},{\"@type\":\"BreadcrumbList\",\"@id\":\"https:\/\/staging.forenteforlag.no\/forlaget\/produkt\/om-frihet-3\/#breadcrumb\",\"itemListElement\":[{\"@type\":\"ListItem\",\"position\":1,\"name\":\"Hjem\",\"item\":\"https:\/\/staging.forenteforlag.no\/forlaget\/\"},{\"@type\":\"ListItem\",\"position\":2,\"name\":\"Alle b\u00f8ker\",\"item\":\"https:\/\/staging.forenteforlag.no\/forlaget\/butikk\/\"},{\"@type\":\"ListItem\",\"position\":3,\"name\":\"Om frihet\"}]},{\"@type\":\"WebSite\",\"@id\":\"https:\/\/staging.forenteforlag.no\/forlaget\/#website\",\"url\":\"https:\/\/staging.forenteforlag.no\/forlaget\/\",\"name\":\"Forlaget Press\",\"description\":\"\",\"publisher\":{\"@id\":\"https:\/\/staging.forenteforlag.no\/forlaget\/#organization\"},\"potentialAction\":[{\"@type\":\"SearchAction\",\"target\":{\"@type\":\"EntryPoint\",\"urlTemplate\":\"https:\/\/staging.forenteforlag.no\/forlaget\/?s={search_term_string}\"},\"query-input\":{\"@type\":\"PropertyValueSpecification\",\"valueRequired\":true,\"valueName\":\"search_term_string\"}}],\"inLanguage\":\"nb-NO\"},{\"@type\":\"Organization\",\"@id\":\"https:\/\/staging.forenteforlag.no\/forlaget\/#organization\",\"name\":\"Forlaget Press\",\"url\":\"https:\/\/staging.forenteforlag.no\/forlaget\/\",\"logo\":{\"@type\":\"ImageObject\",\"inLanguage\":\"nb-NO\",\"@id\":\"https:\/\/staging.forenteforlag.no\/forlaget\/#\/schema\/logo\/image\/\",\"url\":\"https:\/\/staging.forenteforlag.no\/forlaget\/wp-content\/uploads\/sites\/3\/2024\/09\/Press_logo.svg\",\"contentUrl\":\"https:\/\/staging.forenteforlag.no\/forlaget\/wp-content\/uploads\/sites\/3\/2024\/09\/Press_logo.svg\",\"width\":100,\"height\":100,\"caption\":\"Forlaget Press\"},\"image\":{\"@id\":\"https:\/\/staging.forenteforlag.no\/forlaget\/#\/schema\/logo\/image\/\"},\"sameAs\":[\"https:\/\/www.facebook.com\/Forlagetpress\"]}]}<\/script>\n<!-- \/ Yoast SEO plugin. -->","yoast_head_json":{"title":"Om frihet - Forlaget Press","robots":{"index":"noindex","follow":"follow","max-snippet":"max-snippet:-1","max-image-preview":"max-image-preview:large","max-video-preview":"max-video-preview:-1"},"og_locale":"nb_NO","og_type":"article","og_title":"Om frihet - Forlaget Press","og_description":"Frihet inneb\u00e6rer ikke bare frav\u00e6r av det onde, men tilstedev\u00e6relse av det gode. I det \u00f8yeblikk vi tar friheten for gitt, st\u00e5r den i fare for \u00e5 bli borte. Det finnes ingen frihet uten solidaritet &#8211; din frihet er forutsetningen for min frihet.Timothy Snyder er en av v\u00e5r tids viktigste intellektuelle stemmer. Hans bok Om [&hellip;]","og_url":"https:\/\/staging.forenteforlag.no\/forlaget\/produkt\/om-frihet-3\/","og_site_name":"Forlaget Press","article_publisher":"https:\/\/www.facebook.com\/Forlagetpress","article_modified_time":"2026-03-03T17:48:55+00:00","og_image":[{"width":720,"height":1017,"url":"https:\/\/staging.forenteforlag.no\/forlaget\/wp-content\/uploads\/sites\/3\/2026\/02\/9788232807390.jpg","type":"image\/jpeg"}],"twitter_card":"summary_large_image","twitter_misc":{"Ansl. lesetid":"1 minutt"},"schema":{"@context":"https:\/\/schema.org","@graph":[{"@type":"WebPage","@id":"https:\/\/staging.forenteforlag.no\/forlaget\/produkt\/om-frihet-3\/","url":"https:\/\/staging.forenteforlag.no\/forlaget\/produkt\/om-frihet-3\/","name":"Om frihet - Forlaget Press","isPartOf":{"@id":"https:\/\/staging.forenteforlag.no\/forlaget\/#website"},"primaryImageOfPage":{"@id":"https:\/\/staging.forenteforlag.no\/forlaget\/produkt\/om-frihet-3\/#primaryimage"},"image":{"@id":"https:\/\/staging.forenteforlag.no\/forlaget\/produkt\/om-frihet-3\/#primaryimage"},"thumbnailUrl":"https:\/\/staging.forenteforlag.no\/forlaget\/wp-content\/uploads\/sites\/3\/2026\/02\/9788232807390.jpg","datePublished":"2025-08-03T21:13:09+00:00","dateModified":"2026-03-03T17:48:55+00:00","breadcrumb":{"@id":"https:\/\/staging.forenteforlag.no\/forlaget\/produkt\/om-frihet-3\/#breadcrumb"},"inLanguage":"nb-NO","potentialAction":[{"@type":"ReadAction","target":["https:\/\/staging.forenteforlag.no\/forlaget\/produkt\/om-frihet-3\/"]}]},{"@type":"ImageObject","inLanguage":"nb-NO","@id":"https:\/\/staging.forenteforlag.no\/forlaget\/produkt\/om-frihet-3\/#primaryimage","url":"https:\/\/staging.forenteforlag.no\/forlaget\/wp-content\/uploads\/sites\/3\/2026\/02\/9788232807390.jpg","contentUrl":"https:\/\/staging.forenteforlag.no\/forlaget\/wp-content\/uploads\/sites\/3\/2026\/02\/9788232807390.jpg","width":720,"height":1017},{"@type":"BreadcrumbList","@id":"https:\/\/staging.forenteforlag.no\/forlaget\/produkt\/om-frihet-3\/#breadcrumb","itemListElement":[{"@type":"ListItem","position":1,"name":"Hjem","item":"https:\/\/staging.forenteforlag.no\/forlaget\/"},{"@type":"ListItem","position":2,"name":"Alle b\u00f8ker","item":"https:\/\/staging.forenteforlag.no\/forlaget\/butikk\/"},{"@type":"ListItem","position":3,"name":"Om frihet"}]},{"@type":"WebSite","@id":"https:\/\/staging.forenteforlag.no\/forlaget\/#website","url":"https:\/\/staging.forenteforlag.no\/forlaget\/","name":"Forlaget Press","description":"","publisher":{"@id":"https:\/\/staging.forenteforlag.no\/forlaget\/#organization"},"potentialAction":[{"@type":"SearchAction","target":{"@type":"EntryPoint","urlTemplate":"https:\/\/staging.forenteforlag.no\/forlaget\/?s={search_term_string}"},"query-input":{"@type":"PropertyValueSpecification","valueRequired":true,"valueName":"search_term_string"}}],"inLanguage":"nb-NO"},{"@type":"Organization","@id":"https:\/\/staging.forenteforlag.no\/forlaget\/#organization","name":"Forlaget Press","url":"https:\/\/staging.forenteforlag.no\/forlaget\/","logo":{"@type":"ImageObject","inLanguage":"nb-NO","@id":"https:\/\/staging.forenteforlag.no\/forlaget\/#\/schema\/logo\/image\/","url":"https:\/\/staging.forenteforlag.no\/forlaget\/wp-content\/uploads\/sites\/3\/2024\/09\/Press_logo.svg","contentUrl":"https:\/\/staging.forenteforlag.no\/forlaget\/wp-content\/uploads\/sites\/3\/2024\/09\/Press_logo.svg","width":100,"height":100,"caption":"Forlaget Press"},"image":{"@id":"https:\/\/staging.forenteforlag.no\/forlaget\/#\/schema\/logo\/image\/"},"sameAs":["https:\/\/www.facebook.com\/Forlagetpress"]}]}},"_links":{"self":[{"href":"https:\/\/staging.forenteforlag.no\/forlaget\/wp-json\/wp\/v2\/product\/24626","targetHints":{"allow":["GET"]}}],"collection":[{"href":"https:\/\/staging.forenteforlag.no\/forlaget\/wp-json\/wp\/v2\/product"}],"about":[{"href":"https:\/\/staging.forenteforlag.no\/forlaget\/wp-json\/wp\/v2\/types\/product"}],"wp:featuredmedia":[{"embeddable":true,"href":"https:\/\/staging.forenteforlag.no\/forlaget\/wp-json\/wp\/v2\/media\/26619"}],"wp:attachment":[{"href":"https:\/\/staging.forenteforlag.no\/forlaget\/wp-json\/wp\/v2\/media?parent=24626"}],"wp:term":[{"taxonomy":"product_brand","embeddable":true,"href":"https:\/\/staging.forenteforlag.no\/forlaget\/wp-json\/wp\/v2\/product_brand?post=24626"},{"taxonomy":"product_cat","embeddable":true,"href":"https:\/\/staging.forenteforlag.no\/forlaget\/wp-json\/wp\/v2\/product_cat?post=24626"},{"taxonomy":"product_tag","embeddable":true,"href":"https:\/\/staging.forenteforlag.no\/forlaget\/wp-json\/wp\/v2\/product_tag?post=24626"}],"curies":[{"name":"wp","href":"https:\/\/api.w.org\/{rel}","templated":true}]}}

<p>Frihet innebærer ikke bare fravær av det onde, men tilstedeværelse av det gode. I det øyeblikk vi tar friheten for gitt, står den i fare for å bli borte. Det finnes ingen frihet uten solidaritet &#8211; din frihet er forutsetningen for min frihet.Timothy Snyder er en av vår tids viktigste intellektuelle stemmer. Hans bok Om tyranni. 20 ting vi kan lære av det 20. århundre (2017), der han advarte mot ufrihetens former, fant millioner av lesere over hele verden, og ble her hjemme anbefalt som obligatorisk pensum på skolene.I Om frihet tar Snyder steget videre og utforsker hva frihet er, i positiv forstand. Gjennom en personlig og engasjerende tekst, gir Snyder oss en grundig analyse av hva vi ikke bare må kjempe imot, men først og fremst hva det er vi er vi må kjempe for.«Lidenskapelig, personlig og overbevisende &#8211; et høyt og tydelig varselrop om prinsippfasthet og engasjement i en tid preget av uro og utfordringer.»PHILLIPPE SANDS«Alle som bryr seg om frihet &#8211; hva den innebærer og hva som skal til for å bevare den, bør lese denne boken.»ANNE APPLEBAUM</p>

<p>Frihet innebærer ikke bare fravær av det onde, men tilstedeværelse av det gode. I det øyeblikk vi tar friheten for gitt, står den i fare for å bli borte. Det finnes ingen frihet uten solidaritet &#8211; din frihet er forutsetningen for min frihet.Timothy Snyder er en av vår tids viktigste intellektuelle stemmer. Hans bok Om [&hellip;]</p>

<!-- This site is optimized with the Yoast SEO plugin v26.6 - https://yoast.com/wordpress/plugins/seo/ -->
<title>Om frihet - Forlaget Press</title>
<meta name="robots" content="noindex, follow, max-snippet:-1, max-image-preview:large, max-video-preview:-1" />
<meta property="og:locale" content="nb_NO" />
<meta property="og:type" content="article" />
<meta property="og:title" content="Om frihet - Forlaget Press" />
<meta property="og:description" content="Frihet innebærer ikke bare fravær av det onde, men tilstedeværelse av det gode. I det øyeblikk vi tar friheten for gitt, står den i fare for å bli borte. Det finnes ingen frihet uten solidaritet &#8211; din frihet er forutsetningen for min frihet.Timothy Snyder er en av vår tids viktigste intellektuelle stemmer. Hans bok Om [&hellip;]" />
<meta property="og:url" content="https://staging.forenteforlag.no/forlaget/produkt/om-frihet-3/" />
<meta property="og:site_name" content="Forlaget Press" />
<meta property="article:publisher" content="https://www.facebook.com/Forlagetpress" />
<meta property="article:modified_time" content="2026-03-03T17:48:55+00:00" />
<meta property="og:image" content="https://staging.forenteforlag.no/forlaget/wp-content/uploads/sites/3/2026/02/9788232807390.jpg" />
	<meta property="og:image:width" content="720" />
	<meta property="og:image:height" content="1017" />
	<meta property="og:image:type" content="image/jpeg" />
<meta name="twitter:card" content="summary_large_image" />
<meta name="twitter:label1" content="Ansl. lesetid" />
	<meta name="twitter:data1" content="1 minutt" />
<script type="application/ld+json" class="yoast-schema-graph">{"@context":"https://schema.org","@graph":[{"@type":"WebPage","@id":"https://staging.forenteforlag.no/forlaget/produkt/om-frihet-3/","url":"https://staging.forenteforlag.no/forlaget/produkt/om-frihet-3/","name":"Om frihet - Forlaget Press","isPartOf":{"@id":"https://staging.forenteforlag.no/forlaget/#website"},"primaryImageOfPage":{"@id":"https://staging.forenteforlag.no/forlaget/produkt/om-frihet-3/#primaryimage"},"image":{"@id":"https://staging.forenteforlag.no/forlaget/produkt/om-frihet-3/#primaryimage"},"thumbnailUrl":"https://staging.forenteforlag.no/forlaget/wp-content/uploads/sites/3/2026/02/9788232807390.jpg","datePublished":"2025-08-03T21:13:09+00:00","dateModified":"2026-03-03T17:48:55+00:00","breadcrumb":{"@id":"https://staging.forenteforlag.no/forlaget/produkt/om-frihet-3/#breadcrumb"},"inLanguage":"nb-NO","potentialAction":[{"@type":"ReadAction","target":["https://staging.forenteforlag.no/forlaget/produkt/om-frihet-3/"]}]},{"@type":"ImageObject","inLanguage":"nb-NO","@id":"https://staging.forenteforlag.no/forlaget/produkt/om-frihet-3/#primaryimage","url":"https://staging.forenteforlag.no/forlaget/wp-content/uploads/sites/3/2026/02/9788232807390.jpg","contentUrl":"https://staging.forenteforlag.no/forlaget/wp-content/uploads/sites/3/2026/02/9788232807390.jpg","width":720,"height":1017},{"@type":"BreadcrumbList","@id":"https://staging.forenteforlag.no/forlaget/produkt/om-frihet-3/#breadcrumb","itemListElement":[{"@type":"ListItem","position":1,"name":"Hjem","item":"https://staging.forenteforlag.no/forlaget/"},{"@type":"ListItem","position":2,"name":"Alle bøker","item":"https://staging.forenteforlag.no/forlaget/butikk/"},{"@type":"ListItem","position":3,"name":"Om frihet"}]},{"@type":"WebSite","@id":"https://staging.forenteforlag.no/forlaget/#website","url":"https://staging.forenteforlag.no/forlaget/","name":"Forlaget Press","description":"","publisher":{"@id":"https://staging.forenteforlag.no/forlaget/#organization"},"potentialAction":[{"@type":"SearchAction","target":{"@type":"EntryPoint","urlTemplate":"https://staging.forenteforlag.no/forlaget/?s={search_term_string}"},"query-input":{"@type":"PropertyValueSpecification","valueRequired":true,"valueName":"search_term_string"}}],"inLanguage":"nb-NO"},{"@type":"Organization","@id":"https://staging.forenteforlag.no/forlaget/#organization","name":"Forlaget Press","url":"https://staging.forenteforlag.no/forlaget/","logo":{"@type":"ImageObject","inLanguage":"nb-NO","@id":"https://staging.forenteforlag.no/forlaget/#/schema/logo/image/","url":"https://staging.forenteforlag.no/forlaget/wp-content/uploads/sites/3/2024/09/Press_logo.svg","contentUrl":"https://staging.forenteforlag.no/forlaget/wp-content/uploads/sites/3/2024/09/Press_logo.svg","width":100,"height":100,"caption":"Forlaget Press"},"image":{"@id":"https://staging.forenteforlag.no/forlaget/#/schema/logo/image/"},"sameAs":["https://www.facebook.com/Forlagetpress"]}]}</script>
<!-- / Yoast SEO plugin. -->

Frihet innebærer ikke bare fravær av det onde, men tilstedeværelse av det gode. I det øyeblikk vi tar friheten for gitt, står den i fare for å bli borte. Det finnes ingen frihet uten solidaritet &#8211; din frihet er forutsetningen for min frihet.Timothy Snyder er en av vår tids viktigste intellektuelle stemmer. Hans bok Om [&hellip;]

Alle bøker
