{"id":24616,"date":"2025-10-20T23:04:22","date_gmt":"2025-10-20T21:04:22","guid":{"rendered":"https:\/\/forlagetpress.no\/produkt\/i-alle-vinduer\/"},"modified":"2026-03-02T17:09:40","modified_gmt":"2026-03-02T16:09:40","slug":"i-alle-vinduer","status":"publish","type":"product","link":"https:\/\/staging.forenteforlag.no\/forlaget\/produkt\/i-alle-vinduer\/","title":{"rendered":"I alle vinduer"},"content":{"rendered":"<p>Mot slutten av 1700-tallet begynte noen f\u00e5 mennesker \u00e5 praktisere en helt ny skikk her til lands: De tok med seg planter inn for \u00e5 dyrke dem i vinduskarmen. I l\u00f8pet av f\u00e5 ti\u00e5r spredde den merkelige praksisen seg fra overklassen utover i befolkningen. Hundre \u00e5r senere var potteplanter s\u00e5 vanlige over hele Norge at de ble regnet som tegn p\u00e5 et godt hjem. Hvordan hadde det seg at potteplantene s\u00e5 raskt klarte \u00e5 erobre norske stuer?&lt;br&gt;&lt;br&gt;Potteplantene vi kjenner i dag, er i stor grad et barn av kolonialiseringen: Vakre og eksotiske vekster ble hentet til Europa og Norge for \u00e5 gis et nytt liv innend\u00f8rs. De fremmede plantene stilte ogs\u00e5 krav til oppvarming, n\u00e6ring, rikelig med lys fra vinduene. Samtidig signaliserte frodige og velstelte planter i vinduskarmen et renslig og velordnet husstell. Slik forteller stueplantene om endringer i ideologi, kultur, arkitektur, \u00f8konomi og hverdagsliv. Liv Emma Thorsen setter potteplantene i sentrum, og bruker de vakre plantene til \u00e5 fortelle en ny, fascinerende og annerledes historie om det moderne Norge.&lt;br&gt;<\/p>\n","protected":false},"excerpt":{"rendered":"<p>Mot slutten av 1700-tallet begynte noen f\u00e5 mennesker \u00e5 praktisere en helt ny skikk her til lands: De tok med seg planter inn for \u00e5 dyrke dem i vinduskarmen. I l\u00f8pet av f\u00e5 ti\u00e5r spredde den merkelige praksisen seg fra overklassen utover i befolkningen. Hundre \u00e5r senere var potteplanter s\u00e5 vanlige over hele Norge at [&hellip;]<\/p>\n","protected":false},"featured_media":25876,"template":"","meta":{"_acf_changed":false,"inline_featured_image":false},"product_brand":[],"product_cat":[1780],"product_tag":[362],"class_list":{"0":"post-24616","1":"product","2":"type-product","3":"status-publish","4":"has-post-thumbnail","6":"product_cat-fastpris","7":"product_tag-faglitteratur","9":"first","10":"instock","11":"purchasable","12":"product-type-simple"},"acf":{"anmeldelse":[{"tekst_anmeldelser":"Fascinerende... umulig \u00e5 forholde seg likegyldig til det man selv m\u00e5tte ha av gr\u00f8nt i vinduet.","av_anmeldelser":"Elise Dybvig","terningkast":false,"kilde":"Morgenbladet"},{"tekst_anmeldelser":"Her er en nydelig og fascinerende dokumentasjon av den i utgangspunktet merkelige tradisjonen med blomster i potter innend\u00f8rs.","av_anmeldelser":"Ole Jacob Hoel","terningkast":false,"kilde":"Adresseavisen"},{"tekst_anmeldelser":"[E]n sjeldent vakker bok.... Det er en glede \u00e5 lese Liv Emma Thorsens velskrevne og vennlige bok. \u00abI alle vinduer\u00bb er kanskje aller mest interessant for planteelskere, men er det noe boka overbeviser meg om, er det at alle burde v\u00e6re nettopp det.","av_anmeldelser":"Silje Bekeng-Flemmen","terningkast":false,"kilde":"Klassekampen"}]},"yoast_head":"<!-- This site is optimized with the Yoast SEO plugin v26.6 - https:\/\/yoast.com\/wordpress\/plugins\/seo\/ -->\n<title>I alle vinduer - Forlaget Press<\/title>\n<meta name=\"robots\" content=\"noindex, follow, max-snippet:-1, max-image-preview:large, max-video-preview:-1\" \/>\n<meta property=\"og:locale\" content=\"nb_NO\" \/>\n<meta property=\"og:type\" content=\"article\" \/>\n<meta property=\"og:title\" content=\"I alle vinduer - Forlaget Press\" \/>\n<meta property=\"og:description\" content=\"Mot slutten av 1700-tallet begynte noen f\u00e5 mennesker \u00e5 praktisere en helt ny skikk her til lands: De tok med seg planter inn for \u00e5 dyrke dem i vinduskarmen. I l\u00f8pet av f\u00e5 ti\u00e5r spredde den merkelige praksisen seg fra overklassen utover i befolkningen. Hundre \u00e5r senere var potteplanter s\u00e5 vanlige over hele Norge at [&hellip;]\" \/>\n<meta property=\"og:url\" content=\"https:\/\/staging.forenteforlag.no\/forlaget\/produkt\/i-alle-vinduer\/\" \/>\n<meta property=\"og:site_name\" content=\"Forlaget Press\" \/>\n<meta property=\"article:publisher\" content=\"https:\/\/www.facebook.com\/Forlagetpress\" \/>\n<meta property=\"article:modified_time\" content=\"2026-03-02T16:09:40+00:00\" \/>\n<meta property=\"og:image\" content=\"https:\/\/staging.forenteforlag.no\/forlaget\/wp-content\/uploads\/sites\/3\/2025\/09\/9788232807376.jpeg\" \/>\n\t<meta property=\"og:image:width\" content=\"892\" \/>\n\t<meta property=\"og:image:height\" content=\"1335\" \/>\n\t<meta property=\"og:image:type\" content=\"image\/jpeg\" \/>\n<meta name=\"twitter:card\" content=\"summary_large_image\" \/>\n<meta name=\"twitter:label1\" content=\"Ansl. lesetid\" \/>\n\t<meta name=\"twitter:data1\" content=\"2 minutter\" \/>\n<script type=\"application\/ld+json\" class=\"yoast-schema-graph\">{\"@context\":\"https:\/\/schema.org\",\"@graph\":[{\"@type\":\"WebPage\",\"@id\":\"https:\/\/staging.forenteforlag.no\/forlaget\/produkt\/i-alle-vinduer\/\",\"url\":\"https:\/\/staging.forenteforlag.no\/forlaget\/produkt\/i-alle-vinduer\/\",\"name\":\"I alle vinduer - Forlaget Press\",\"isPartOf\":{\"@id\":\"https:\/\/staging.forenteforlag.no\/forlaget\/#website\"},\"primaryImageOfPage\":{\"@id\":\"https:\/\/staging.forenteforlag.no\/forlaget\/produkt\/i-alle-vinduer\/#primaryimage\"},\"image\":{\"@id\":\"https:\/\/staging.forenteforlag.no\/forlaget\/produkt\/i-alle-vinduer\/#primaryimage\"},\"thumbnailUrl\":\"https:\/\/staging.forenteforlag.no\/forlaget\/wp-content\/uploads\/sites\/3\/2025\/09\/9788232807376.jpeg\",\"datePublished\":\"2025-10-20T21:04:22+00:00\",\"dateModified\":\"2026-03-02T16:09:40+00:00\",\"breadcrumb\":{\"@id\":\"https:\/\/staging.forenteforlag.no\/forlaget\/produkt\/i-alle-vinduer\/#breadcrumb\"},\"inLanguage\":\"nb-NO\",\"potentialAction\":[{\"@type\":\"ReadAction\",\"target\":[\"https:\/\/staging.forenteforlag.no\/forlaget\/produkt\/i-alle-vinduer\/\"]}]},{\"@type\":\"ImageObject\",\"inLanguage\":\"nb-NO\",\"@id\":\"https:\/\/staging.forenteforlag.no\/forlaget\/produkt\/i-alle-vinduer\/#primaryimage\",\"url\":\"https:\/\/staging.forenteforlag.no\/forlaget\/wp-content\/uploads\/sites\/3\/2025\/09\/9788232807376.jpeg\",\"contentUrl\":\"https:\/\/staging.forenteforlag.no\/forlaget\/wp-content\/uploads\/sites\/3\/2025\/09\/9788232807376.jpeg\",\"width\":892,\"height\":1335},{\"@type\":\"BreadcrumbList\",\"@id\":\"https:\/\/staging.forenteforlag.no\/forlaget\/produkt\/i-alle-vinduer\/#breadcrumb\",\"itemListElement\":[{\"@type\":\"ListItem\",\"position\":1,\"name\":\"Hjem\",\"item\":\"https:\/\/staging.forenteforlag.no\/forlaget\/\"},{\"@type\":\"ListItem\",\"position\":2,\"name\":\"Alle b\u00f8ker\",\"item\":\"https:\/\/staging.forenteforlag.no\/forlaget\/butikk\/\"},{\"@type\":\"ListItem\",\"position\":3,\"name\":\"I alle vinduer\"}]},{\"@type\":\"WebSite\",\"@id\":\"https:\/\/staging.forenteforlag.no\/forlaget\/#website\",\"url\":\"https:\/\/staging.forenteforlag.no\/forlaget\/\",\"name\":\"Forlaget Press\",\"description\":\"\",\"publisher\":{\"@id\":\"https:\/\/staging.forenteforlag.no\/forlaget\/#organization\"},\"potentialAction\":[{\"@type\":\"SearchAction\",\"target\":{\"@type\":\"EntryPoint\",\"urlTemplate\":\"https:\/\/staging.forenteforlag.no\/forlaget\/?s={search_term_string}\"},\"query-input\":{\"@type\":\"PropertyValueSpecification\",\"valueRequired\":true,\"valueName\":\"search_term_string\"}}],\"inLanguage\":\"nb-NO\"},{\"@type\":\"Organization\",\"@id\":\"https:\/\/staging.forenteforlag.no\/forlaget\/#organization\",\"name\":\"Forlaget Press\",\"url\":\"https:\/\/staging.forenteforlag.no\/forlaget\/\",\"logo\":{\"@type\":\"ImageObject\",\"inLanguage\":\"nb-NO\",\"@id\":\"https:\/\/staging.forenteforlag.no\/forlaget\/#\/schema\/logo\/image\/\",\"url\":\"https:\/\/staging.forenteforlag.no\/forlaget\/wp-content\/uploads\/sites\/3\/2024\/09\/Press_logo.svg\",\"contentUrl\":\"https:\/\/staging.forenteforlag.no\/forlaget\/wp-content\/uploads\/sites\/3\/2024\/09\/Press_logo.svg\",\"width\":100,\"height\":100,\"caption\":\"Forlaget Press\"},\"image\":{\"@id\":\"https:\/\/staging.forenteforlag.no\/forlaget\/#\/schema\/logo\/image\/\"},\"sameAs\":[\"https:\/\/www.facebook.com\/Forlagetpress\"]}]}<\/script>\n<!-- \/ Yoast SEO plugin. -->","yoast_head_json":{"title":"I alle vinduer - Forlaget Press","robots":{"index":"noindex","follow":"follow","max-snippet":"max-snippet:-1","max-image-preview":"max-image-preview:large","max-video-preview":"max-video-preview:-1"},"og_locale":"nb_NO","og_type":"article","og_title":"I alle vinduer - Forlaget Press","og_description":"Mot slutten av 1700-tallet begynte noen f\u00e5 mennesker \u00e5 praktisere en helt ny skikk her til lands: De tok med seg planter inn for \u00e5 dyrke dem i vinduskarmen. I l\u00f8pet av f\u00e5 ti\u00e5r spredde den merkelige praksisen seg fra overklassen utover i befolkningen. Hundre \u00e5r senere var potteplanter s\u00e5 vanlige over hele Norge at [&hellip;]","og_url":"https:\/\/staging.forenteforlag.no\/forlaget\/produkt\/i-alle-vinduer\/","og_site_name":"Forlaget Press","article_publisher":"https:\/\/www.facebook.com\/Forlagetpress","article_modified_time":"2026-03-02T16:09:40+00:00","og_image":[{"width":892,"height":1335,"url":"https:\/\/staging.forenteforlag.no\/forlaget\/wp-content\/uploads\/sites\/3\/2025\/09\/9788232807376.jpeg","type":"image\/jpeg"}],"twitter_card":"summary_large_image","twitter_misc":{"Ansl. lesetid":"2 minutter"},"schema":{"@context":"https:\/\/schema.org","@graph":[{"@type":"WebPage","@id":"https:\/\/staging.forenteforlag.no\/forlaget\/produkt\/i-alle-vinduer\/","url":"https:\/\/staging.forenteforlag.no\/forlaget\/produkt\/i-alle-vinduer\/","name":"I alle vinduer - Forlaget Press","isPartOf":{"@id":"https:\/\/staging.forenteforlag.no\/forlaget\/#website"},"primaryImageOfPage":{"@id":"https:\/\/staging.forenteforlag.no\/forlaget\/produkt\/i-alle-vinduer\/#primaryimage"},"image":{"@id":"https:\/\/staging.forenteforlag.no\/forlaget\/produkt\/i-alle-vinduer\/#primaryimage"},"thumbnailUrl":"https:\/\/staging.forenteforlag.no\/forlaget\/wp-content\/uploads\/sites\/3\/2025\/09\/9788232807376.jpeg","datePublished":"2025-10-20T21:04:22+00:00","dateModified":"2026-03-02T16:09:40+00:00","breadcrumb":{"@id":"https:\/\/staging.forenteforlag.no\/forlaget\/produkt\/i-alle-vinduer\/#breadcrumb"},"inLanguage":"nb-NO","potentialAction":[{"@type":"ReadAction","target":["https:\/\/staging.forenteforlag.no\/forlaget\/produkt\/i-alle-vinduer\/"]}]},{"@type":"ImageObject","inLanguage":"nb-NO","@id":"https:\/\/staging.forenteforlag.no\/forlaget\/produkt\/i-alle-vinduer\/#primaryimage","url":"https:\/\/staging.forenteforlag.no\/forlaget\/wp-content\/uploads\/sites\/3\/2025\/09\/9788232807376.jpeg","contentUrl":"https:\/\/staging.forenteforlag.no\/forlaget\/wp-content\/uploads\/sites\/3\/2025\/09\/9788232807376.jpeg","width":892,"height":1335},{"@type":"BreadcrumbList","@id":"https:\/\/staging.forenteforlag.no\/forlaget\/produkt\/i-alle-vinduer\/#breadcrumb","itemListElement":[{"@type":"ListItem","position":1,"name":"Hjem","item":"https:\/\/staging.forenteforlag.no\/forlaget\/"},{"@type":"ListItem","position":2,"name":"Alle b\u00f8ker","item":"https:\/\/staging.forenteforlag.no\/forlaget\/butikk\/"},{"@type":"ListItem","position":3,"name":"I alle vinduer"}]},{"@type":"WebSite","@id":"https:\/\/staging.forenteforlag.no\/forlaget\/#website","url":"https:\/\/staging.forenteforlag.no\/forlaget\/","name":"Forlaget Press","description":"","publisher":{"@id":"https:\/\/staging.forenteforlag.no\/forlaget\/#organization"},"potentialAction":[{"@type":"SearchAction","target":{"@type":"EntryPoint","urlTemplate":"https:\/\/staging.forenteforlag.no\/forlaget\/?s={search_term_string}"},"query-input":{"@type":"PropertyValueSpecification","valueRequired":true,"valueName":"search_term_string"}}],"inLanguage":"nb-NO"},{"@type":"Organization","@id":"https:\/\/staging.forenteforlag.no\/forlaget\/#organization","name":"Forlaget Press","url":"https:\/\/staging.forenteforlag.no\/forlaget\/","logo":{"@type":"ImageObject","inLanguage":"nb-NO","@id":"https:\/\/staging.forenteforlag.no\/forlaget\/#\/schema\/logo\/image\/","url":"https:\/\/staging.forenteforlag.no\/forlaget\/wp-content\/uploads\/sites\/3\/2024\/09\/Press_logo.svg","contentUrl":"https:\/\/staging.forenteforlag.no\/forlaget\/wp-content\/uploads\/sites\/3\/2024\/09\/Press_logo.svg","width":100,"height":100,"caption":"Forlaget Press"},"image":{"@id":"https:\/\/staging.forenteforlag.no\/forlaget\/#\/schema\/logo\/image\/"},"sameAs":["https:\/\/www.facebook.com\/Forlagetpress"]}]}},"_links":{"self":[{"href":"https:\/\/staging.forenteforlag.no\/forlaget\/wp-json\/wp\/v2\/product\/24616","targetHints":{"allow":["GET"]}}],"collection":[{"href":"https:\/\/staging.forenteforlag.no\/forlaget\/wp-json\/wp\/v2\/product"}],"about":[{"href":"https:\/\/staging.forenteforlag.no\/forlaget\/wp-json\/wp\/v2\/types\/product"}],"wp:featuredmedia":[{"embeddable":true,"href":"https:\/\/staging.forenteforlag.no\/forlaget\/wp-json\/wp\/v2\/media\/25876"}],"wp:attachment":[{"href":"https:\/\/staging.forenteforlag.no\/forlaget\/wp-json\/wp\/v2\/media?parent=24616"}],"wp:term":[{"taxonomy":"product_brand","embeddable":true,"href":"https:\/\/staging.forenteforlag.no\/forlaget\/wp-json\/wp\/v2\/product_brand?post=24616"},{"taxonomy":"product_cat","embeddable":true,"href":"https:\/\/staging.forenteforlag.no\/forlaget\/wp-json\/wp\/v2\/product_cat?post=24616"},{"taxonomy":"product_tag","embeddable":true,"href":"https:\/\/staging.forenteforlag.no\/forlaget\/wp-json\/wp\/v2\/product_tag?post=24616"}],"curies":[{"name":"wp","href":"https:\/\/api.w.org\/{rel}","templated":true}]}}