{"id":23123,"date":"2025-03-16T15:37:09","date_gmt":"2025-03-16T14:37:09","guid":{"rendered":"https:\/\/forlagetpress.no\/produkt\/kjott-snakker-ikke\/"},"modified":"2026-03-02T17:06:50","modified_gmt":"2026-03-02T16:06:50","slug":"kjott-snakker-ikke","status":"publish","type":"product","link":"https:\/\/staging.forenteforlag.no\/forlaget\/produkt\/kjott-snakker-ikke\/","title":{"rendered":"Kj\u00f8tt snakker ikke"},"content":{"rendered":"<p>Alt skjedde s\u00e5 raskt. F\u00f8rst ble alle dyr smittet med viruset, og alt dyrekj\u00f8tt ble giftig. Ekstraordin\u00e6re tiltak ble iverksatt av myndighetene. N\u00e5 er \u00abspesialkj\u00f8tt\u00bb \u2013 menneskekj\u00f8tt \u2013 lovlig \u00e5 spise.Marcos jobber med avl av mennesker til spesialkj\u00f8tt. En dag f\u00e5r han en gave: et levende eksemplar av ypperste kvalitet. Han etterlater henne i l\u00e5ven, bundet, hun er et problem som han skal kvitte seg med senere. Sakte, men sikkert begynner han \u00e5 behandle henne som et menneske. Og snart plages han av tanken p\u00e5 det som har g\u00e5tt tapt \u2013 og det som kanskje fortsatt kan reddes.AGUSTINA BAZTERRICA (1974) er f\u00f8dt og oppvokst i Buenos Aires. Kj\u00f8tt snakker ikke kom ut i 2017 og vant den prestisjetunge Premio Clarin-prisen. Den er oversatt til over 30 spr\u00e5k og solgt i mer enn 500 000 eksemplarer p\u00e5 engelsk.<\/p>\n","protected":false},"excerpt":{"rendered":"<p>Alt skjedde s\u00e5 raskt. F\u00f8rst ble alle dyr smittet med viruset, og alt dyrekj\u00f8tt ble giftig. Ekstraordin\u00e6re tiltak ble iverksatt av myndighetene. N\u00e5 er \u00abspesialkj\u00f8tt\u00bb \u2013 menneskekj\u00f8tt \u2013 lovlig \u00e5 spise.Marcos jobber med avl av mennesker til spesialkj\u00f8tt. En dag f\u00e5r han en gave: et levende eksemplar av ypperste kvalitet. Han etterlater henne i l\u00e5ven, [&hellip;]<\/p>\n","protected":false},"featured_media":26576,"template":"","meta":{"_acf_changed":false,"inline_featured_image":false},"product_brand":[],"product_cat":[1780],"product_tag":[370],"class_list":{"0":"post-23123","1":"product","2":"type-product","3":"status-publish","4":"has-post-thumbnail","6":"product_cat-fastpris","7":"product_tag-skjonnlitteratur","9":"first","10":"instock","11":"shipping-taxable","12":"purchasable","13":"product-type-simple"},"acf":{"anmeldelse":[{"tekst_anmeldelser":"\"Kj\u00f8tt snakker ikke\" [er] en hardtsl\u00e5ende roman. Like rammende er den underliggende kapitalismekritikken. Hva som helst kan bli en vare, noe man kan tjene penger p\u00e5. Det vet vi i grunnen fra f\u00f8r, men hos Bazterrica er temaet s\u00e5 hardt skrudd til at det stirrer oss rett i hvit\u00f8yet.","av_anmeldelser":"Anne Merethe K. Prinos","terningkast":false,"kilde":"Aftenposten"},{"tekst_anmeldelser":"Boka ligg an til \u00e5 bli den mest skakande opplevinga du kan utsette deg for p\u00e5 lesefronten i 2025.","av_anmeldelser":"Lars Petter Sveen","terningkast":false,"kilde":"V\u00e5rt Land"}]},"yoast_head":"<!-- This site is optimized with the Yoast SEO plugin v26.6 - https:\/\/yoast.com\/wordpress\/plugins\/seo\/ -->\n<title>Kj\u00f8tt snakker ikke - Forlaget Press<\/title>\n<meta name=\"robots\" content=\"noindex, follow, max-snippet:-1, max-image-preview:large, max-video-preview:-1\" \/>\n<meta property=\"og:locale\" content=\"nb_NO\" \/>\n<meta property=\"og:type\" content=\"article\" \/>\n<meta property=\"og:title\" content=\"Kj\u00f8tt snakker ikke - Forlaget Press\" \/>\n<meta property=\"og:description\" content=\"Alt skjedde s\u00e5 raskt. F\u00f8rst ble alle dyr smittet med viruset, og alt dyrekj\u00f8tt ble giftig. Ekstraordin\u00e6re tiltak ble iverksatt av myndighetene. N\u00e5 er \u00abspesialkj\u00f8tt\u00bb \u2013 menneskekj\u00f8tt \u2013 lovlig \u00e5 spise.Marcos jobber med avl av mennesker til spesialkj\u00f8tt. En dag f\u00e5r han en gave: et levende eksemplar av ypperste kvalitet. Han etterlater henne i l\u00e5ven, [&hellip;]\" \/>\n<meta property=\"og:url\" content=\"https:\/\/staging.forenteforlag.no\/forlaget\/produkt\/kjott-snakker-ikke\/\" \/>\n<meta property=\"og:site_name\" content=\"Forlaget Press\" \/>\n<meta property=\"article:publisher\" content=\"https:\/\/www.facebook.com\/Forlagetpress\" \/>\n<meta property=\"article:modified_time\" content=\"2026-03-02T16:06:50+00:00\" \/>\n<meta property=\"og:image\" content=\"https:\/\/staging.forenteforlag.no\/forlaget\/wp-content\/uploads\/sites\/3\/2026\/02\/9788232806560.jpg\" \/>\n\t<meta property=\"og:image:width\" content=\"720\" \/>\n\t<meta property=\"og:image:height\" content=\"1050\" \/>\n\t<meta property=\"og:image:type\" content=\"image\/jpeg\" \/>\n<meta name=\"twitter:card\" content=\"summary_large_image\" \/>\n<meta name=\"twitter:label1\" content=\"Ansl. lesetid\" \/>\n\t<meta name=\"twitter:data1\" content=\"1 minutt\" \/>\n<script type=\"application\/ld+json\" class=\"yoast-schema-graph\">{\"@context\":\"https:\/\/schema.org\",\"@graph\":[{\"@type\":\"WebPage\",\"@id\":\"https:\/\/staging.forenteforlag.no\/forlaget\/produkt\/kjott-snakker-ikke\/\",\"url\":\"https:\/\/staging.forenteforlag.no\/forlaget\/produkt\/kjott-snakker-ikke\/\",\"name\":\"Kj\u00f8tt snakker ikke - Forlaget Press\",\"isPartOf\":{\"@id\":\"https:\/\/staging.forenteforlag.no\/forlaget\/#website\"},\"primaryImageOfPage\":{\"@id\":\"https:\/\/staging.forenteforlag.no\/forlaget\/produkt\/kjott-snakker-ikke\/#primaryimage\"},\"image\":{\"@id\":\"https:\/\/staging.forenteforlag.no\/forlaget\/produkt\/kjott-snakker-ikke\/#primaryimage\"},\"thumbnailUrl\":\"https:\/\/staging.forenteforlag.no\/forlaget\/wp-content\/uploads\/sites\/3\/2026\/02\/9788232806560.jpg\",\"datePublished\":\"2025-03-16T14:37:09+00:00\",\"dateModified\":\"2026-03-02T16:06:50+00:00\",\"breadcrumb\":{\"@id\":\"https:\/\/staging.forenteforlag.no\/forlaget\/produkt\/kjott-snakker-ikke\/#breadcrumb\"},\"inLanguage\":\"nb-NO\",\"potentialAction\":[{\"@type\":\"ReadAction\",\"target\":[\"https:\/\/staging.forenteforlag.no\/forlaget\/produkt\/kjott-snakker-ikke\/\"]}]},{\"@type\":\"ImageObject\",\"inLanguage\":\"nb-NO\",\"@id\":\"https:\/\/staging.forenteforlag.no\/forlaget\/produkt\/kjott-snakker-ikke\/#primaryimage\",\"url\":\"https:\/\/staging.forenteforlag.no\/forlaget\/wp-content\/uploads\/sites\/3\/2026\/02\/9788232806560.jpg\",\"contentUrl\":\"https:\/\/staging.forenteforlag.no\/forlaget\/wp-content\/uploads\/sites\/3\/2026\/02\/9788232806560.jpg\",\"width\":720,\"height\":1050},{\"@type\":\"BreadcrumbList\",\"@id\":\"https:\/\/staging.forenteforlag.no\/forlaget\/produkt\/kjott-snakker-ikke\/#breadcrumb\",\"itemListElement\":[{\"@type\":\"ListItem\",\"position\":1,\"name\":\"Hjem\",\"item\":\"https:\/\/staging.forenteforlag.no\/forlaget\/\"},{\"@type\":\"ListItem\",\"position\":2,\"name\":\"Alle b\u00f8ker\",\"item\":\"https:\/\/staging.forenteforlag.no\/forlaget\/butikk\/\"},{\"@type\":\"ListItem\",\"position\":3,\"name\":\"Kj\u00f8tt snakker ikke\"}]},{\"@type\":\"WebSite\",\"@id\":\"https:\/\/staging.forenteforlag.no\/forlaget\/#website\",\"url\":\"https:\/\/staging.forenteforlag.no\/forlaget\/\",\"name\":\"Forlaget Press\",\"description\":\"\",\"publisher\":{\"@id\":\"https:\/\/staging.forenteforlag.no\/forlaget\/#organization\"},\"potentialAction\":[{\"@type\":\"SearchAction\",\"target\":{\"@type\":\"EntryPoint\",\"urlTemplate\":\"https:\/\/staging.forenteforlag.no\/forlaget\/?s={search_term_string}\"},\"query-input\":{\"@type\":\"PropertyValueSpecification\",\"valueRequired\":true,\"valueName\":\"search_term_string\"}}],\"inLanguage\":\"nb-NO\"},{\"@type\":\"Organization\",\"@id\":\"https:\/\/staging.forenteforlag.no\/forlaget\/#organization\",\"name\":\"Forlaget Press\",\"url\":\"https:\/\/staging.forenteforlag.no\/forlaget\/\",\"logo\":{\"@type\":\"ImageObject\",\"inLanguage\":\"nb-NO\",\"@id\":\"https:\/\/staging.forenteforlag.no\/forlaget\/#\/schema\/logo\/image\/\",\"url\":\"https:\/\/staging.forenteforlag.no\/forlaget\/wp-content\/uploads\/sites\/3\/2024\/09\/Press_logo.svg\",\"contentUrl\":\"https:\/\/staging.forenteforlag.no\/forlaget\/wp-content\/uploads\/sites\/3\/2024\/09\/Press_logo.svg\",\"width\":100,\"height\":100,\"caption\":\"Forlaget Press\"},\"image\":{\"@id\":\"https:\/\/staging.forenteforlag.no\/forlaget\/#\/schema\/logo\/image\/\"},\"sameAs\":[\"https:\/\/www.facebook.com\/Forlagetpress\"]}]}<\/script>\n<!-- \/ Yoast SEO plugin. -->","yoast_head_json":{"title":"Kj\u00f8tt snakker ikke - Forlaget Press","robots":{"index":"noindex","follow":"follow","max-snippet":"max-snippet:-1","max-image-preview":"max-image-preview:large","max-video-preview":"max-video-preview:-1"},"og_locale":"nb_NO","og_type":"article","og_title":"Kj\u00f8tt snakker ikke - Forlaget Press","og_description":"Alt skjedde s\u00e5 raskt. F\u00f8rst ble alle dyr smittet med viruset, og alt dyrekj\u00f8tt ble giftig. Ekstraordin\u00e6re tiltak ble iverksatt av myndighetene. N\u00e5 er \u00abspesialkj\u00f8tt\u00bb \u2013 menneskekj\u00f8tt \u2013 lovlig \u00e5 spise.Marcos jobber med avl av mennesker til spesialkj\u00f8tt. En dag f\u00e5r han en gave: et levende eksemplar av ypperste kvalitet. Han etterlater henne i l\u00e5ven, [&hellip;]","og_url":"https:\/\/staging.forenteforlag.no\/forlaget\/produkt\/kjott-snakker-ikke\/","og_site_name":"Forlaget Press","article_publisher":"https:\/\/www.facebook.com\/Forlagetpress","article_modified_time":"2026-03-02T16:06:50+00:00","og_image":[{"width":720,"height":1050,"url":"https:\/\/staging.forenteforlag.no\/forlaget\/wp-content\/uploads\/sites\/3\/2026\/02\/9788232806560.jpg","type":"image\/jpeg"}],"twitter_card":"summary_large_image","twitter_misc":{"Ansl. lesetid":"1 minutt"},"schema":{"@context":"https:\/\/schema.org","@graph":[{"@type":"WebPage","@id":"https:\/\/staging.forenteforlag.no\/forlaget\/produkt\/kjott-snakker-ikke\/","url":"https:\/\/staging.forenteforlag.no\/forlaget\/produkt\/kjott-snakker-ikke\/","name":"Kj\u00f8tt snakker ikke - Forlaget Press","isPartOf":{"@id":"https:\/\/staging.forenteforlag.no\/forlaget\/#website"},"primaryImageOfPage":{"@id":"https:\/\/staging.forenteforlag.no\/forlaget\/produkt\/kjott-snakker-ikke\/#primaryimage"},"image":{"@id":"https:\/\/staging.forenteforlag.no\/forlaget\/produkt\/kjott-snakker-ikke\/#primaryimage"},"thumbnailUrl":"https:\/\/staging.forenteforlag.no\/forlaget\/wp-content\/uploads\/sites\/3\/2026\/02\/9788232806560.jpg","datePublished":"2025-03-16T14:37:09+00:00","dateModified":"2026-03-02T16:06:50+00:00","breadcrumb":{"@id":"https:\/\/staging.forenteforlag.no\/forlaget\/produkt\/kjott-snakker-ikke\/#breadcrumb"},"inLanguage":"nb-NO","potentialAction":[{"@type":"ReadAction","target":["https:\/\/staging.forenteforlag.no\/forlaget\/produkt\/kjott-snakker-ikke\/"]}]},{"@type":"ImageObject","inLanguage":"nb-NO","@id":"https:\/\/staging.forenteforlag.no\/forlaget\/produkt\/kjott-snakker-ikke\/#primaryimage","url":"https:\/\/staging.forenteforlag.no\/forlaget\/wp-content\/uploads\/sites\/3\/2026\/02\/9788232806560.jpg","contentUrl":"https:\/\/staging.forenteforlag.no\/forlaget\/wp-content\/uploads\/sites\/3\/2026\/02\/9788232806560.jpg","width":720,"height":1050},{"@type":"BreadcrumbList","@id":"https:\/\/staging.forenteforlag.no\/forlaget\/produkt\/kjott-snakker-ikke\/#breadcrumb","itemListElement":[{"@type":"ListItem","position":1,"name":"Hjem","item":"https:\/\/staging.forenteforlag.no\/forlaget\/"},{"@type":"ListItem","position":2,"name":"Alle b\u00f8ker","item":"https:\/\/staging.forenteforlag.no\/forlaget\/butikk\/"},{"@type":"ListItem","position":3,"name":"Kj\u00f8tt snakker ikke"}]},{"@type":"WebSite","@id":"https:\/\/staging.forenteforlag.no\/forlaget\/#website","url":"https:\/\/staging.forenteforlag.no\/forlaget\/","name":"Forlaget Press","description":"","publisher":{"@id":"https:\/\/staging.forenteforlag.no\/forlaget\/#organization"},"potentialAction":[{"@type":"SearchAction","target":{"@type":"EntryPoint","urlTemplate":"https:\/\/staging.forenteforlag.no\/forlaget\/?s={search_term_string}"},"query-input":{"@type":"PropertyValueSpecification","valueRequired":true,"valueName":"search_term_string"}}],"inLanguage":"nb-NO"},{"@type":"Organization","@id":"https:\/\/staging.forenteforlag.no\/forlaget\/#organization","name":"Forlaget Press","url":"https:\/\/staging.forenteforlag.no\/forlaget\/","logo":{"@type":"ImageObject","inLanguage":"nb-NO","@id":"https:\/\/staging.forenteforlag.no\/forlaget\/#\/schema\/logo\/image\/","url":"https:\/\/staging.forenteforlag.no\/forlaget\/wp-content\/uploads\/sites\/3\/2024\/09\/Press_logo.svg","contentUrl":"https:\/\/staging.forenteforlag.no\/forlaget\/wp-content\/uploads\/sites\/3\/2024\/09\/Press_logo.svg","width":100,"height":100,"caption":"Forlaget Press"},"image":{"@id":"https:\/\/staging.forenteforlag.no\/forlaget\/#\/schema\/logo\/image\/"},"sameAs":["https:\/\/www.facebook.com\/Forlagetpress"]}]}},"_links":{"self":[{"href":"https:\/\/staging.forenteforlag.no\/forlaget\/wp-json\/wp\/v2\/product\/23123","targetHints":{"allow":["GET"]}}],"collection":[{"href":"https:\/\/staging.forenteforlag.no\/forlaget\/wp-json\/wp\/v2\/product"}],"about":[{"href":"https:\/\/staging.forenteforlag.no\/forlaget\/wp-json\/wp\/v2\/types\/product"}],"wp:featuredmedia":[{"embeddable":true,"href":"https:\/\/staging.forenteforlag.no\/forlaget\/wp-json\/wp\/v2\/media\/26576"}],"wp:attachment":[{"href":"https:\/\/staging.forenteforlag.no\/forlaget\/wp-json\/wp\/v2\/media?parent=23123"}],"wp:term":[{"taxonomy":"product_brand","embeddable":true,"href":"https:\/\/staging.forenteforlag.no\/forlaget\/wp-json\/wp\/v2\/product_brand?post=23123"},{"taxonomy":"product_cat","embeddable":true,"href":"https:\/\/staging.forenteforlag.no\/forlaget\/wp-json\/wp\/v2\/product_cat?post=23123"},{"taxonomy":"product_tag","embeddable":true,"href":"https:\/\/staging.forenteforlag.no\/forlaget\/wp-json\/wp\/v2\/product_tag?post=23123"}],"curies":[{"name":"wp","href":"https:\/\/api.w.org\/{rel}","templated":true}]}}