{"id":22875,"date":"2025-03-13T15:36:56","date_gmt":"2025-03-13T14:36:56","guid":{"rendered":"https:\/\/forlagetpress.no\/produkt\/marzahn-mon-amour-3\/"},"modified":"2026-03-03T18:48:06","modified_gmt":"2026-03-03T17:48:06","slug":"marzahn-mon-amour-3","status":"publish","type":"product","link":"https:\/\/staging.forenteforlag.no\/forlaget\/produkt\/marzahn-mon-amour-3\/","title":{"rendered":"Marzahn, mon amour"},"content":{"rendered":"<p>VINNER AV DUBLIN LITERARY AWARDEn kvinne p\u00e5 vei inn i de \u00abusynlige \u00e5rene\u00bb som middelaldrende forlater sin mislykkede skrivekarriere for \u00e5 omskolere seg til fotpleier i forstaden Marzahn, hvor DDRs middelklasse flyttet inn i nybygde betongh\u00f8yhus i utkanten av Berlin p\u00e5 1970-tallet. Mens f\u00f8tter files, vaskes og sm\u00f8res forteller kundene sine livshistorier.Marzahn, mon amour er en fortelling om en bydels forvandling fra et hverdagslig perspektiv. En hjertevarm beretning om det livet som var, det som kunne ha v\u00e6rt og det som gjenst\u00e5r fortalt gjennom et rikt persongalleri: herr Paulke som var en av de f\u00f8rste innbyggerne i Marzahn for f\u00f8rti \u00e5r siden; fru Guse som g\u00e5r baklengs bort fra verden; herr Pietsch, eksfunksjon\u00e6ren med sixpencelua. Historier fulle av medmenneskelighet og humor, underverk om mennesket selv \u2013 observert fra deres f\u00f8tter.\u00abDu har aldri lest en bok som denne, forbered deg p\u00e5 \u00e5 f\u00e5 latterkrampe i det ene \u00f8yeblikket og v\u00e6re p\u00e5 gr\u00e5ten i det neste.\u00bbDublin Literary Award 2023\u00abP\u00e5 vakkert vis fanger Katja Oskamp menneskenes essens. De kommer virkelig til live gjennom hennes portretter. En mektig bok.\u00bbFrank-Walter Steinmeier, Tysklands Forbundspresident<\/p>\n","protected":false},"excerpt":{"rendered":"<p>VINNER AV DUBLIN LITERARY AWARDEn kvinne p\u00e5 vei inn i de \u00abusynlige \u00e5rene\u00bb som middelaldrende forlater sin mislykkede skrivekarriere for \u00e5 omskolere seg til fotpleier i forstaden Marzahn, hvor DDRs middelklasse flyttet inn i nybygde betongh\u00f8yhus i utkanten av Berlin p\u00e5 1970-tallet. Mens f\u00f8tter files, vaskes og sm\u00f8res forteller kundene sine livshistorier.Marzahn, mon amour er [&hellip;]<\/p>\n","protected":false},"featured_media":26593,"template":"","meta":{"_acf_changed":false,"inline_featured_image":false},"product_brand":[],"product_cat":[1781],"product_tag":[370],"class_list":{"0":"post-22875","1":"product","2":"type-product","3":"status-publish","4":"has-post-thumbnail","6":"product_cat-rabattkodekampanje","7":"product_tag-skjonnlitteratur","9":"first","10":"instock","11":"shipping-taxable","12":"purchasable","13":"product-type-simple"},"acf":{"anmeldelse":[{"tekst_anmeldelser":"\u00abMarzahn, mon amour er rett og slett 170 sider d\u00f8nn sjarmerende hverdagsprosa. Dypt menneskelig, elegant og intelligent skrevet, med betraktninger om livet sett fra en klok kvinnes st\u00e5sted. En sjarmklump av en bok om kj\u00e6rligheten til menneskene og bydelen. Neste gang jeg kommer til Berlin, skal jeg garantert opps\u00f8ke drabantbyen Marzahn.\u00bb","av_anmeldelser":"Jan \u00d8yvind Helgesen","terningkast":"<i class=\"fa-solid fa-dice-six\"><\/i>","kilde":"Nettavisen"},{"tekst_anmeldelser":"\u00abOskamp leverer en knallsterk roman \u2026 som evner \u00e5 fange skj\u00f8nnheten i det hverdagslige p\u00e5 en m\u00e5te som f\u00f8les b\u00e5de nostalgisk og kjemperelevant p\u00e5 en og samme tid.\u00bb","av_anmeldelser":"Torstein Oftedal Hoset","terningkast":"<i class=\"fa-solid fa-dice-six\"><\/i>","kilde":"Stavanger Aftenblad"},{"tekst_anmeldelser":"\u00abVakker, vakker, vakker! Den mest originale, poetiske og vakre kj\u00e6rlighetserkl\u00e6ringen til v\u00e5re sm\u00e5 liv som jeg har lest p\u00e5 veldig lenge. Med vidd, varme og de mest vidunderlige bilder skildrer Katja Oskamp mennesker gjennom deres f\u00f8tter.\u00bb","av_anmeldelser":"Cathrine Kr\u00f8ger","terningkast":"<i class=\"fa-solid fa-dice-six\"><\/i>","kilde":"Dagbladet"}]},"yoast_head":"<!-- This site is optimized with the Yoast SEO plugin v26.6 - https:\/\/yoast.com\/wordpress\/plugins\/seo\/ -->\n<title>Marzahn, mon amour - Forlaget Press<\/title>\n<meta name=\"robots\" content=\"noindex, follow, max-snippet:-1, max-image-preview:large, max-video-preview:-1\" \/>\n<meta property=\"og:locale\" content=\"nb_NO\" \/>\n<meta property=\"og:type\" content=\"article\" \/>\n<meta property=\"og:title\" content=\"Marzahn, mon amour - Forlaget Press\" \/>\n<meta property=\"og:description\" content=\"VINNER AV DUBLIN LITERARY AWARDEn kvinne p\u00e5 vei inn i de \u00abusynlige \u00e5rene\u00bb som middelaldrende forlater sin mislykkede skrivekarriere for \u00e5 omskolere seg til fotpleier i forstaden Marzahn, hvor DDRs middelklasse flyttet inn i nybygde betongh\u00f8yhus i utkanten av Berlin p\u00e5 1970-tallet. Mens f\u00f8tter files, vaskes og sm\u00f8res forteller kundene sine livshistorier.Marzahn, mon amour er [&hellip;]\" \/>\n<meta property=\"og:url\" content=\"https:\/\/staging.forenteforlag.no\/forlaget\/produkt\/marzahn-mon-amour-3\/\" \/>\n<meta property=\"og:site_name\" content=\"Forlaget Press\" \/>\n<meta property=\"article:publisher\" content=\"https:\/\/www.facebook.com\/Forlagetpress\" \/>\n<meta property=\"article:modified_time\" content=\"2026-03-03T17:48:06+00:00\" \/>\n<meta property=\"og:image\" content=\"https:\/\/staging.forenteforlag.no\/forlaget\/wp-content\/uploads\/sites\/3\/2026\/02\/9788232806973.jpg\" \/>\n\t<meta property=\"og:image:width\" content=\"720\" \/>\n\t<meta property=\"og:image:height\" content=\"1078\" \/>\n\t<meta property=\"og:image:type\" content=\"image\/jpeg\" \/>\n<meta name=\"twitter:card\" content=\"summary_large_image\" \/>\n<meta name=\"twitter:label1\" content=\"Ansl. lesetid\" \/>\n\t<meta name=\"twitter:data1\" content=\"2 minutter\" \/>\n<script type=\"application\/ld+json\" class=\"yoast-schema-graph\">{\"@context\":\"https:\/\/schema.org\",\"@graph\":[{\"@type\":\"WebPage\",\"@id\":\"https:\/\/staging.forenteforlag.no\/forlaget\/produkt\/marzahn-mon-amour-3\/\",\"url\":\"https:\/\/staging.forenteforlag.no\/forlaget\/produkt\/marzahn-mon-amour-3\/\",\"name\":\"Marzahn, mon amour - Forlaget Press\",\"isPartOf\":{\"@id\":\"https:\/\/staging.forenteforlag.no\/forlaget\/#website\"},\"primaryImageOfPage\":{\"@id\":\"https:\/\/staging.forenteforlag.no\/forlaget\/produkt\/marzahn-mon-amour-3\/#primaryimage\"},\"image\":{\"@id\":\"https:\/\/staging.forenteforlag.no\/forlaget\/produkt\/marzahn-mon-amour-3\/#primaryimage\"},\"thumbnailUrl\":\"https:\/\/staging.forenteforlag.no\/forlaget\/wp-content\/uploads\/sites\/3\/2026\/02\/9788232806973.jpg\",\"datePublished\":\"2025-03-13T14:36:56+00:00\",\"dateModified\":\"2026-03-03T17:48:06+00:00\",\"breadcrumb\":{\"@id\":\"https:\/\/staging.forenteforlag.no\/forlaget\/produkt\/marzahn-mon-amour-3\/#breadcrumb\"},\"inLanguage\":\"nb-NO\",\"potentialAction\":[{\"@type\":\"ReadAction\",\"target\":[\"https:\/\/staging.forenteforlag.no\/forlaget\/produkt\/marzahn-mon-amour-3\/\"]}]},{\"@type\":\"ImageObject\",\"inLanguage\":\"nb-NO\",\"@id\":\"https:\/\/staging.forenteforlag.no\/forlaget\/produkt\/marzahn-mon-amour-3\/#primaryimage\",\"url\":\"https:\/\/staging.forenteforlag.no\/forlaget\/wp-content\/uploads\/sites\/3\/2026\/02\/9788232806973.jpg\",\"contentUrl\":\"https:\/\/staging.forenteforlag.no\/forlaget\/wp-content\/uploads\/sites\/3\/2026\/02\/9788232806973.jpg\",\"width\":720,\"height\":1078},{\"@type\":\"BreadcrumbList\",\"@id\":\"https:\/\/staging.forenteforlag.no\/forlaget\/produkt\/marzahn-mon-amour-3\/#breadcrumb\",\"itemListElement\":[{\"@type\":\"ListItem\",\"position\":1,\"name\":\"Hjem\",\"item\":\"https:\/\/staging.forenteforlag.no\/forlaget\/\"},{\"@type\":\"ListItem\",\"position\":2,\"name\":\"Alle b\u00f8ker\",\"item\":\"https:\/\/staging.forenteforlag.no\/forlaget\/butikk\/\"},{\"@type\":\"ListItem\",\"position\":3,\"name\":\"Marzahn, mon amour\"}]},{\"@type\":\"WebSite\",\"@id\":\"https:\/\/staging.forenteforlag.no\/forlaget\/#website\",\"url\":\"https:\/\/staging.forenteforlag.no\/forlaget\/\",\"name\":\"Forlaget Press\",\"description\":\"\",\"publisher\":{\"@id\":\"https:\/\/staging.forenteforlag.no\/forlaget\/#organization\"},\"potentialAction\":[{\"@type\":\"SearchAction\",\"target\":{\"@type\":\"EntryPoint\",\"urlTemplate\":\"https:\/\/staging.forenteforlag.no\/forlaget\/?s={search_term_string}\"},\"query-input\":{\"@type\":\"PropertyValueSpecification\",\"valueRequired\":true,\"valueName\":\"search_term_string\"}}],\"inLanguage\":\"nb-NO\"},{\"@type\":\"Organization\",\"@id\":\"https:\/\/staging.forenteforlag.no\/forlaget\/#organization\",\"name\":\"Forlaget Press\",\"url\":\"https:\/\/staging.forenteforlag.no\/forlaget\/\",\"logo\":{\"@type\":\"ImageObject\",\"inLanguage\":\"nb-NO\",\"@id\":\"https:\/\/staging.forenteforlag.no\/forlaget\/#\/schema\/logo\/image\/\",\"url\":\"https:\/\/staging.forenteforlag.no\/forlaget\/wp-content\/uploads\/sites\/3\/2024\/09\/Press_logo.svg\",\"contentUrl\":\"https:\/\/staging.forenteforlag.no\/forlaget\/wp-content\/uploads\/sites\/3\/2024\/09\/Press_logo.svg\",\"width\":100,\"height\":100,\"caption\":\"Forlaget Press\"},\"image\":{\"@id\":\"https:\/\/staging.forenteforlag.no\/forlaget\/#\/schema\/logo\/image\/\"},\"sameAs\":[\"https:\/\/www.facebook.com\/Forlagetpress\"]}]}<\/script>\n<!-- \/ Yoast SEO plugin. -->","yoast_head_json":{"title":"Marzahn, mon amour - Forlaget Press","robots":{"index":"noindex","follow":"follow","max-snippet":"max-snippet:-1","max-image-preview":"max-image-preview:large","max-video-preview":"max-video-preview:-1"},"og_locale":"nb_NO","og_type":"article","og_title":"Marzahn, mon amour - Forlaget Press","og_description":"VINNER AV DUBLIN LITERARY AWARDEn kvinne p\u00e5 vei inn i de \u00abusynlige \u00e5rene\u00bb som middelaldrende forlater sin mislykkede skrivekarriere for \u00e5 omskolere seg til fotpleier i forstaden Marzahn, hvor DDRs middelklasse flyttet inn i nybygde betongh\u00f8yhus i utkanten av Berlin p\u00e5 1970-tallet. Mens f\u00f8tter files, vaskes og sm\u00f8res forteller kundene sine livshistorier.Marzahn, mon amour er [&hellip;]","og_url":"https:\/\/staging.forenteforlag.no\/forlaget\/produkt\/marzahn-mon-amour-3\/","og_site_name":"Forlaget Press","article_publisher":"https:\/\/www.facebook.com\/Forlagetpress","article_modified_time":"2026-03-03T17:48:06+00:00","og_image":[{"width":720,"height":1078,"url":"https:\/\/staging.forenteforlag.no\/forlaget\/wp-content\/uploads\/sites\/3\/2026\/02\/9788232806973.jpg","type":"image\/jpeg"}],"twitter_card":"summary_large_image","twitter_misc":{"Ansl. lesetid":"2 minutter"},"schema":{"@context":"https:\/\/schema.org","@graph":[{"@type":"WebPage","@id":"https:\/\/staging.forenteforlag.no\/forlaget\/produkt\/marzahn-mon-amour-3\/","url":"https:\/\/staging.forenteforlag.no\/forlaget\/produkt\/marzahn-mon-amour-3\/","name":"Marzahn, mon amour - Forlaget Press","isPartOf":{"@id":"https:\/\/staging.forenteforlag.no\/forlaget\/#website"},"primaryImageOfPage":{"@id":"https:\/\/staging.forenteforlag.no\/forlaget\/produkt\/marzahn-mon-amour-3\/#primaryimage"},"image":{"@id":"https:\/\/staging.forenteforlag.no\/forlaget\/produkt\/marzahn-mon-amour-3\/#primaryimage"},"thumbnailUrl":"https:\/\/staging.forenteforlag.no\/forlaget\/wp-content\/uploads\/sites\/3\/2026\/02\/9788232806973.jpg","datePublished":"2025-03-13T14:36:56+00:00","dateModified":"2026-03-03T17:48:06+00:00","breadcrumb":{"@id":"https:\/\/staging.forenteforlag.no\/forlaget\/produkt\/marzahn-mon-amour-3\/#breadcrumb"},"inLanguage":"nb-NO","potentialAction":[{"@type":"ReadAction","target":["https:\/\/staging.forenteforlag.no\/forlaget\/produkt\/marzahn-mon-amour-3\/"]}]},{"@type":"ImageObject","inLanguage":"nb-NO","@id":"https:\/\/staging.forenteforlag.no\/forlaget\/produkt\/marzahn-mon-amour-3\/#primaryimage","url":"https:\/\/staging.forenteforlag.no\/forlaget\/wp-content\/uploads\/sites\/3\/2026\/02\/9788232806973.jpg","contentUrl":"https:\/\/staging.forenteforlag.no\/forlaget\/wp-content\/uploads\/sites\/3\/2026\/02\/9788232806973.jpg","width":720,"height":1078},{"@type":"BreadcrumbList","@id":"https:\/\/staging.forenteforlag.no\/forlaget\/produkt\/marzahn-mon-amour-3\/#breadcrumb","itemListElement":[{"@type":"ListItem","position":1,"name":"Hjem","item":"https:\/\/staging.forenteforlag.no\/forlaget\/"},{"@type":"ListItem","position":2,"name":"Alle b\u00f8ker","item":"https:\/\/staging.forenteforlag.no\/forlaget\/butikk\/"},{"@type":"ListItem","position":3,"name":"Marzahn, mon amour"}]},{"@type":"WebSite","@id":"https:\/\/staging.forenteforlag.no\/forlaget\/#website","url":"https:\/\/staging.forenteforlag.no\/forlaget\/","name":"Forlaget Press","description":"","publisher":{"@id":"https:\/\/staging.forenteforlag.no\/forlaget\/#organization"},"potentialAction":[{"@type":"SearchAction","target":{"@type":"EntryPoint","urlTemplate":"https:\/\/staging.forenteforlag.no\/forlaget\/?s={search_term_string}"},"query-input":{"@type":"PropertyValueSpecification","valueRequired":true,"valueName":"search_term_string"}}],"inLanguage":"nb-NO"},{"@type":"Organization","@id":"https:\/\/staging.forenteforlag.no\/forlaget\/#organization","name":"Forlaget Press","url":"https:\/\/staging.forenteforlag.no\/forlaget\/","logo":{"@type":"ImageObject","inLanguage":"nb-NO","@id":"https:\/\/staging.forenteforlag.no\/forlaget\/#\/schema\/logo\/image\/","url":"https:\/\/staging.forenteforlag.no\/forlaget\/wp-content\/uploads\/sites\/3\/2024\/09\/Press_logo.svg","contentUrl":"https:\/\/staging.forenteforlag.no\/forlaget\/wp-content\/uploads\/sites\/3\/2024\/09\/Press_logo.svg","width":100,"height":100,"caption":"Forlaget Press"},"image":{"@id":"https:\/\/staging.forenteforlag.no\/forlaget\/#\/schema\/logo\/image\/"},"sameAs":["https:\/\/www.facebook.com\/Forlagetpress"]}]}},"_links":{"self":[{"href":"https:\/\/staging.forenteforlag.no\/forlaget\/wp-json\/wp\/v2\/product\/22875","targetHints":{"allow":["GET"]}}],"collection":[{"href":"https:\/\/staging.forenteforlag.no\/forlaget\/wp-json\/wp\/v2\/product"}],"about":[{"href":"https:\/\/staging.forenteforlag.no\/forlaget\/wp-json\/wp\/v2\/types\/product"}],"wp:featuredmedia":[{"embeddable":true,"href":"https:\/\/staging.forenteforlag.no\/forlaget\/wp-json\/wp\/v2\/media\/26593"}],"wp:attachment":[{"href":"https:\/\/staging.forenteforlag.no\/forlaget\/wp-json\/wp\/v2\/media?parent=22875"}],"wp:term":[{"taxonomy":"product_brand","embeddable":true,"href":"https:\/\/staging.forenteforlag.no\/forlaget\/wp-json\/wp\/v2\/product_brand?post=22875"},{"taxonomy":"product_cat","embeddable":true,"href":"https:\/\/staging.forenteforlag.no\/forlaget\/wp-json\/wp\/v2\/product_cat?post=22875"},{"taxonomy":"product_tag","embeddable":true,"href":"https:\/\/staging.forenteforlag.no\/forlaget\/wp-json\/wp\/v2\/product_tag?post=22875"}],"curies":[{"name":"wp","href":"https:\/\/api.w.org\/{rel}","templated":true}]}}