{"id":22469,"date":"2024-10-04T02:00:00","date_gmt":"2024-10-04T00:00:00","guid":{"rendered":"https:\/\/forlagetpress.forenteforlag.no\/produkt\/min-sonn-rabbineren\/"},"modified":"2026-03-02T17:07:14","modified_gmt":"2026-03-02T16:07:14","slug":"min-sonn-rabbineren","status":"publish","type":"product","link":"https:\/\/staging.forenteforlag.no\/forlaget\/produkt\/min-sonn-rabbineren\/","title":{"rendered":"Min s\u00f8nn rabbineren"},"content":{"rendered":"<p>Benyamin var nitten \u00e5r da han bestemte seg: Han ville avtjene verneplikt i den israelske h\u00e6ren. Han var en vanlig norsk gutt, hadde akkurat fullf\u00f8rt videreg\u00e5ende, han likte \u00e5 st\u00e5 p\u00e5 ski og spille gitar. Men reisene til faren i Israel var ikke lenger nok: Som israelsk statsborger ville Benyamin tjenestegj\u00f8re i h\u00e6ren.&lt;br&gt;Hva er det som bestemmer hvem vi er? Hvor er vi hjemme, hva definerer oss? Moren Nina forsto s\u00f8nnens beslutning, men h\u00e5pet og trodde han ville vende tilbake til Norge. Det skjedde ikke. Etter milit\u00e6rtjenesten konverterte Benyamin til j\u00f8dedommen. Samtidig ble han mer og mer opptatt av religi\u00f8se sp\u00f8rsm\u00e5l. I dag er han rabbiner i en ortodoks menighet i Israel, gift med en russisk-j\u00f8disk kvinne og far til seks barn.&lt;br&gt;&lt;br&gt;&lt;em&gt;Min s\u00f8nn rabbineren&lt;\/em&gt; er en sterk og tankevekkende bok om identitet, familie og tilh\u00f8righet, om n\u00e6rhet og avstand, om det vi viser og det vi skjuler. Men ogs\u00e5 en \u00f8ye\u00e5pnende reise inn i det israelske samfunnet i dag. Hva kan Benyamins liv og historien til familien hans i Israel si oss om j\u00f8disk virkelighet? Og hva skjer n\u00e5r krigen i Gaza bryter ut?&lt;br&gt;<\/p>\n","protected":false},"excerpt":{"rendered":"<p>Benyamin var nitten \u00e5r da han bestemte seg: Han ville avtjene verneplikt i den israelske h\u00e6ren. Han var en vanlig norsk gutt, hadde akkurat fullf\u00f8rt videreg\u00e5ende, han likte \u00e5 st\u00e5 p\u00e5 ski og spille gitar. Men reisene til faren i Israel var ikke lenger nok: Som israelsk statsborger ville Benyamin tjenestegj\u00f8re i h\u00e6ren.&lt;br&gt;Hva er det [&hellip;]<\/p>\n","protected":false},"featured_media":26582,"template":"","meta":{"_acf_changed":false,"inline_featured_image":false},"product_brand":[],"product_cat":[1781],"product_tag":[362],"class_list":{"0":"post-22469","1":"product","2":"type-product","3":"status-publish","4":"has-post-thumbnail","6":"product_cat-rabattkodekampanje","7":"product_tag-faglitteratur","9":"first","10":"instock","11":"shipping-taxable","12":"purchasable","13":"product-type-simple"},"acf":{"anmeldelse":[{"tekst_anmeldelser":"Nina Kroglund sirkler inn sin s\u00f8nns overraskende valg. [Boka] er ingen sakprosaavhandling, men likevel full av kunnskap hun har tilegnet seg i sitt strev etter \u00e5 forst\u00e5 s\u00f8nnens valg om \u00e5 bli j\u00f8de istedenfor \u00e5 v\u00e6re norsk. Vi f\u00e5r god innsikt i hennes undring, og ikke minst kjennskap til marokkanske j\u00f8ders vanskelige vei. [...] Kroglund er ingen apologet for israelsk gjengjeldelsesvold, men viser oss at det er mennesker p\u00e5 alle sider av konfliktene i det ulykkelige, lovede landet, b\u00e5de mellom folkegrupper og internt i de stridende leirene.","av_anmeldelser":"Jon Rognlien","terningkast":"<i class=\"fa-solid fa-dice-five\"><\/i>","kilde":"Dagbladet"}]},"yoast_head":"<!-- This site is optimized with the Yoast SEO plugin v26.6 - https:\/\/yoast.com\/wordpress\/plugins\/seo\/ -->\n<title>Min s\u00f8nn rabbineren - Forlaget Press<\/title>\n<meta name=\"robots\" content=\"noindex, follow, max-snippet:-1, max-image-preview:large, max-video-preview:-1\" \/>\n<meta property=\"og:locale\" content=\"nb_NO\" \/>\n<meta property=\"og:type\" content=\"article\" \/>\n<meta property=\"og:title\" content=\"Min s\u00f8nn rabbineren - Forlaget Press\" \/>\n<meta property=\"og:description\" content=\"Benyamin var nitten \u00e5r da han bestemte seg: Han ville avtjene verneplikt i den israelske h\u00e6ren. Han var en vanlig norsk gutt, hadde akkurat fullf\u00f8rt videreg\u00e5ende, han likte \u00e5 st\u00e5 p\u00e5 ski og spille gitar. Men reisene til faren i Israel var ikke lenger nok: Som israelsk statsborger ville Benyamin tjenestegj\u00f8re i h\u00e6ren.&lt;br&gt;Hva er det [&hellip;]\" \/>\n<meta property=\"og:url\" content=\"https:\/\/staging.forenteforlag.no\/forlaget\/produkt\/min-sonn-rabbineren\/\" \/>\n<meta property=\"og:site_name\" content=\"Forlaget Press\" \/>\n<meta property=\"article:publisher\" content=\"https:\/\/www.facebook.com\/Forlagetpress\" \/>\n<meta property=\"article:modified_time\" content=\"2026-03-02T16:07:14+00:00\" \/>\n<meta property=\"og:image\" content=\"https:\/\/staging.forenteforlag.no\/forlaget\/wp-content\/uploads\/sites\/3\/2026\/02\/9788232806690.jpg\" \/>\n\t<meta property=\"og:image:width\" content=\"720\" \/>\n\t<meta property=\"og:image:height\" content=\"1062\" \/>\n\t<meta property=\"og:image:type\" content=\"image\/jpeg\" \/>\n<meta name=\"twitter:card\" content=\"summary_large_image\" \/>\n<meta name=\"twitter:label1\" content=\"Ansl. lesetid\" \/>\n\t<meta name=\"twitter:data1\" content=\"1 minutt\" \/>\n<script type=\"application\/ld+json\" class=\"yoast-schema-graph\">{\"@context\":\"https:\/\/schema.org\",\"@graph\":[{\"@type\":\"WebPage\",\"@id\":\"https:\/\/staging.forenteforlag.no\/forlaget\/produkt\/min-sonn-rabbineren\/\",\"url\":\"https:\/\/staging.forenteforlag.no\/forlaget\/produkt\/min-sonn-rabbineren\/\",\"name\":\"Min s\u00f8nn rabbineren - Forlaget Press\",\"isPartOf\":{\"@id\":\"https:\/\/staging.forenteforlag.no\/forlaget\/#website\"},\"primaryImageOfPage\":{\"@id\":\"https:\/\/staging.forenteforlag.no\/forlaget\/produkt\/min-sonn-rabbineren\/#primaryimage\"},\"image\":{\"@id\":\"https:\/\/staging.forenteforlag.no\/forlaget\/produkt\/min-sonn-rabbineren\/#primaryimage\"},\"thumbnailUrl\":\"https:\/\/staging.forenteforlag.no\/forlaget\/wp-content\/uploads\/sites\/3\/2026\/02\/9788232806690.jpg\",\"datePublished\":\"2024-10-04T00:00:00+00:00\",\"dateModified\":\"2026-03-02T16:07:14+00:00\",\"breadcrumb\":{\"@id\":\"https:\/\/staging.forenteforlag.no\/forlaget\/produkt\/min-sonn-rabbineren\/#breadcrumb\"},\"inLanguage\":\"nb-NO\",\"potentialAction\":[{\"@type\":\"ReadAction\",\"target\":[\"https:\/\/staging.forenteforlag.no\/forlaget\/produkt\/min-sonn-rabbineren\/\"]}]},{\"@type\":\"ImageObject\",\"inLanguage\":\"nb-NO\",\"@id\":\"https:\/\/staging.forenteforlag.no\/forlaget\/produkt\/min-sonn-rabbineren\/#primaryimage\",\"url\":\"https:\/\/staging.forenteforlag.no\/forlaget\/wp-content\/uploads\/sites\/3\/2026\/02\/9788232806690.jpg\",\"contentUrl\":\"https:\/\/staging.forenteforlag.no\/forlaget\/wp-content\/uploads\/sites\/3\/2026\/02\/9788232806690.jpg\",\"width\":720,\"height\":1062},{\"@type\":\"BreadcrumbList\",\"@id\":\"https:\/\/staging.forenteforlag.no\/forlaget\/produkt\/min-sonn-rabbineren\/#breadcrumb\",\"itemListElement\":[{\"@type\":\"ListItem\",\"position\":1,\"name\":\"Hjem\",\"item\":\"https:\/\/staging.forenteforlag.no\/forlaget\/\"},{\"@type\":\"ListItem\",\"position\":2,\"name\":\"Alle b\u00f8ker\",\"item\":\"https:\/\/staging.forenteforlag.no\/forlaget\/butikk\/\"},{\"@type\":\"ListItem\",\"position\":3,\"name\":\"Min s\u00f8nn rabbineren\"}]},{\"@type\":\"WebSite\",\"@id\":\"https:\/\/staging.forenteforlag.no\/forlaget\/#website\",\"url\":\"https:\/\/staging.forenteforlag.no\/forlaget\/\",\"name\":\"Forlaget Press\",\"description\":\"\",\"publisher\":{\"@id\":\"https:\/\/staging.forenteforlag.no\/forlaget\/#organization\"},\"potentialAction\":[{\"@type\":\"SearchAction\",\"target\":{\"@type\":\"EntryPoint\",\"urlTemplate\":\"https:\/\/staging.forenteforlag.no\/forlaget\/?s={search_term_string}\"},\"query-input\":{\"@type\":\"PropertyValueSpecification\",\"valueRequired\":true,\"valueName\":\"search_term_string\"}}],\"inLanguage\":\"nb-NO\"},{\"@type\":\"Organization\",\"@id\":\"https:\/\/staging.forenteforlag.no\/forlaget\/#organization\",\"name\":\"Forlaget Press\",\"url\":\"https:\/\/staging.forenteforlag.no\/forlaget\/\",\"logo\":{\"@type\":\"ImageObject\",\"inLanguage\":\"nb-NO\",\"@id\":\"https:\/\/staging.forenteforlag.no\/forlaget\/#\/schema\/logo\/image\/\",\"url\":\"https:\/\/staging.forenteforlag.no\/forlaget\/wp-content\/uploads\/sites\/3\/2024\/09\/Press_logo.svg\",\"contentUrl\":\"https:\/\/staging.forenteforlag.no\/forlaget\/wp-content\/uploads\/sites\/3\/2024\/09\/Press_logo.svg\",\"width\":100,\"height\":100,\"caption\":\"Forlaget Press\"},\"image\":{\"@id\":\"https:\/\/staging.forenteforlag.no\/forlaget\/#\/schema\/logo\/image\/\"},\"sameAs\":[\"https:\/\/www.facebook.com\/Forlagetpress\"]}]}<\/script>\n<!-- \/ Yoast SEO plugin. -->","yoast_head_json":{"title":"Min s\u00f8nn rabbineren - Forlaget Press","robots":{"index":"noindex","follow":"follow","max-snippet":"max-snippet:-1","max-image-preview":"max-image-preview:large","max-video-preview":"max-video-preview:-1"},"og_locale":"nb_NO","og_type":"article","og_title":"Min s\u00f8nn rabbineren - Forlaget Press","og_description":"Benyamin var nitten \u00e5r da han bestemte seg: Han ville avtjene verneplikt i den israelske h\u00e6ren. Han var en vanlig norsk gutt, hadde akkurat fullf\u00f8rt videreg\u00e5ende, han likte \u00e5 st\u00e5 p\u00e5 ski og spille gitar. Men reisene til faren i Israel var ikke lenger nok: Som israelsk statsborger ville Benyamin tjenestegj\u00f8re i h\u00e6ren.&lt;br&gt;Hva er det [&hellip;]","og_url":"https:\/\/staging.forenteforlag.no\/forlaget\/produkt\/min-sonn-rabbineren\/","og_site_name":"Forlaget Press","article_publisher":"https:\/\/www.facebook.com\/Forlagetpress","article_modified_time":"2026-03-02T16:07:14+00:00","og_image":[{"width":720,"height":1062,"url":"https:\/\/staging.forenteforlag.no\/forlaget\/wp-content\/uploads\/sites\/3\/2026\/02\/9788232806690.jpg","type":"image\/jpeg"}],"twitter_card":"summary_large_image","twitter_misc":{"Ansl. lesetid":"1 minutt"},"schema":{"@context":"https:\/\/schema.org","@graph":[{"@type":"WebPage","@id":"https:\/\/staging.forenteforlag.no\/forlaget\/produkt\/min-sonn-rabbineren\/","url":"https:\/\/staging.forenteforlag.no\/forlaget\/produkt\/min-sonn-rabbineren\/","name":"Min s\u00f8nn rabbineren - Forlaget Press","isPartOf":{"@id":"https:\/\/staging.forenteforlag.no\/forlaget\/#website"},"primaryImageOfPage":{"@id":"https:\/\/staging.forenteforlag.no\/forlaget\/produkt\/min-sonn-rabbineren\/#primaryimage"},"image":{"@id":"https:\/\/staging.forenteforlag.no\/forlaget\/produkt\/min-sonn-rabbineren\/#primaryimage"},"thumbnailUrl":"https:\/\/staging.forenteforlag.no\/forlaget\/wp-content\/uploads\/sites\/3\/2026\/02\/9788232806690.jpg","datePublished":"2024-10-04T00:00:00+00:00","dateModified":"2026-03-02T16:07:14+00:00","breadcrumb":{"@id":"https:\/\/staging.forenteforlag.no\/forlaget\/produkt\/min-sonn-rabbineren\/#breadcrumb"},"inLanguage":"nb-NO","potentialAction":[{"@type":"ReadAction","target":["https:\/\/staging.forenteforlag.no\/forlaget\/produkt\/min-sonn-rabbineren\/"]}]},{"@type":"ImageObject","inLanguage":"nb-NO","@id":"https:\/\/staging.forenteforlag.no\/forlaget\/produkt\/min-sonn-rabbineren\/#primaryimage","url":"https:\/\/staging.forenteforlag.no\/forlaget\/wp-content\/uploads\/sites\/3\/2026\/02\/9788232806690.jpg","contentUrl":"https:\/\/staging.forenteforlag.no\/forlaget\/wp-content\/uploads\/sites\/3\/2026\/02\/9788232806690.jpg","width":720,"height":1062},{"@type":"BreadcrumbList","@id":"https:\/\/staging.forenteforlag.no\/forlaget\/produkt\/min-sonn-rabbineren\/#breadcrumb","itemListElement":[{"@type":"ListItem","position":1,"name":"Hjem","item":"https:\/\/staging.forenteforlag.no\/forlaget\/"},{"@type":"ListItem","position":2,"name":"Alle b\u00f8ker","item":"https:\/\/staging.forenteforlag.no\/forlaget\/butikk\/"},{"@type":"ListItem","position":3,"name":"Min s\u00f8nn rabbineren"}]},{"@type":"WebSite","@id":"https:\/\/staging.forenteforlag.no\/forlaget\/#website","url":"https:\/\/staging.forenteforlag.no\/forlaget\/","name":"Forlaget Press","description":"","publisher":{"@id":"https:\/\/staging.forenteforlag.no\/forlaget\/#organization"},"potentialAction":[{"@type":"SearchAction","target":{"@type":"EntryPoint","urlTemplate":"https:\/\/staging.forenteforlag.no\/forlaget\/?s={search_term_string}"},"query-input":{"@type":"PropertyValueSpecification","valueRequired":true,"valueName":"search_term_string"}}],"inLanguage":"nb-NO"},{"@type":"Organization","@id":"https:\/\/staging.forenteforlag.no\/forlaget\/#organization","name":"Forlaget Press","url":"https:\/\/staging.forenteforlag.no\/forlaget\/","logo":{"@type":"ImageObject","inLanguage":"nb-NO","@id":"https:\/\/staging.forenteforlag.no\/forlaget\/#\/schema\/logo\/image\/","url":"https:\/\/staging.forenteforlag.no\/forlaget\/wp-content\/uploads\/sites\/3\/2024\/09\/Press_logo.svg","contentUrl":"https:\/\/staging.forenteforlag.no\/forlaget\/wp-content\/uploads\/sites\/3\/2024\/09\/Press_logo.svg","width":100,"height":100,"caption":"Forlaget Press"},"image":{"@id":"https:\/\/staging.forenteforlag.no\/forlaget\/#\/schema\/logo\/image\/"},"sameAs":["https:\/\/www.facebook.com\/Forlagetpress"]}]}},"_links":{"self":[{"href":"https:\/\/staging.forenteforlag.no\/forlaget\/wp-json\/wp\/v2\/product\/22469","targetHints":{"allow":["GET"]}}],"collection":[{"href":"https:\/\/staging.forenteforlag.no\/forlaget\/wp-json\/wp\/v2\/product"}],"about":[{"href":"https:\/\/staging.forenteforlag.no\/forlaget\/wp-json\/wp\/v2\/types\/product"}],"wp:featuredmedia":[{"embeddable":true,"href":"https:\/\/staging.forenteforlag.no\/forlaget\/wp-json\/wp\/v2\/media\/26582"}],"wp:attachment":[{"href":"https:\/\/staging.forenteforlag.no\/forlaget\/wp-json\/wp\/v2\/media?parent=22469"}],"wp:term":[{"taxonomy":"product_brand","embeddable":true,"href":"https:\/\/staging.forenteforlag.no\/forlaget\/wp-json\/wp\/v2\/product_brand?post=22469"},{"taxonomy":"product_cat","embeddable":true,"href":"https:\/\/staging.forenteforlag.no\/forlaget\/wp-json\/wp\/v2\/product_cat?post=22469"},{"taxonomy":"product_tag","embeddable":true,"href":"https:\/\/staging.forenteforlag.no\/forlaget\/wp-json\/wp\/v2\/product_tag?post=22469"}],"curies":[{"name":"wp","href":"https:\/\/api.w.org\/{rel}","templated":true}]}}

Min sønn rabbineren

<p>Benyamin var nitten år da han bestemte seg: Han ville avtjene verneplikt i den israelske hæren. Han var en vanlig norsk gutt, hadde akkurat fullført videregående, han likte å stå på ski og spille gitar. Men reisene til faren i Israel var ikke lenger nok: Som israelsk statsborger ville Benyamin tjenestegjøre i hæren.&lt;br&gt;Hva er det som bestemmer hvem vi er? Hvor er vi hjemme, hva definerer oss? Moren Nina forsto sønnens beslutning, men håpet og trodde han ville vende tilbake til Norge. Det skjedde ikke. Etter militærtjenesten konverterte Benyamin til jødedommen. Samtidig ble han mer og mer opptatt av religiøse spørsmål. I dag er han rabbiner i en ortodoks menighet i Israel, gift med en russisk-jødisk kvinne og far til seks barn.&lt;br&gt;&lt;br&gt;&lt;em&gt;Min sønn rabbineren&lt;/em&gt; er en sterk og tankevekkende bok om identitet, familie og tilhørighet, om nærhet og avstand, om det vi viser og det vi skjuler. Men også en øyeåpnende reise inn i det israelske samfunnet i dag. Hva kan Benyamins liv og historien til familien hans i Israel si oss om jødisk virkelighet? Og hva skjer når krigen i Gaza bryter ut?&lt;br&gt;</p>

<p>Benyamin var nitten år da han bestemte seg: Han ville avtjene verneplikt i den israelske hæren. Han var en vanlig norsk gutt, hadde akkurat fullført videregående, han likte å stå på ski og spille gitar. Men reisene til faren i Israel var ikke lenger nok: Som israelsk statsborger ville Benyamin tjenestegjøre i hæren.&lt;br&gt;Hva er det [&hellip;]</p>

Nina Kroglund sirkler inn sin sønns overraskende valg. [Boka] er ingen sakprosaavhandling, men likevel full av kunnskap hun har tilegnet seg i sitt strev etter å forstå sønnens valg om å bli jøde istedenfor å være norsk. Vi får god innsikt i hennes undring, og ikke minst kjennskap til marokkanske jøders vanskelige vei. [...] Kroglund er ingen apologet for israelsk gjengjeldelsesvold, men viser oss at det er mennesker på alle sider av konfliktene i det ulykkelige, lovede landet, både mellom folkegrupper og internt i de stridende leirene.

<!-- This site is optimized with the Yoast SEO plugin v26.6 - https://yoast.com/wordpress/plugins/seo/ -->
<title>Min sønn rabbineren - Forlaget Press</title>
<meta name="robots" content="noindex, follow, max-snippet:-1, max-image-preview:large, max-video-preview:-1" />
<meta property="og:locale" content="nb_NO" />
<meta property="og:type" content="article" />
<meta property="og:title" content="Min sønn rabbineren - Forlaget Press" />
<meta property="og:description" content="Benyamin var nitten år da han bestemte seg: Han ville avtjene verneplikt i den israelske hæren. Han var en vanlig norsk gutt, hadde akkurat fullført videregående, han likte å stå på ski og spille gitar. Men reisene til faren i Israel var ikke lenger nok: Som israelsk statsborger ville Benyamin tjenestegjøre i hæren.&lt;br&gt;Hva er det [&hellip;]" />
<meta property="og:url" content="https://staging.forenteforlag.no/forlaget/produkt/min-sonn-rabbineren/" />
<meta property="og:site_name" content="Forlaget Press" />
<meta property="article:publisher" content="https://www.facebook.com/Forlagetpress" />
<meta property="article:modified_time" content="2026-03-02T16:07:14+00:00" />
<meta property="og:image" content="https://staging.forenteforlag.no/forlaget/wp-content/uploads/sites/3/2026/02/9788232806690.jpg" />
	<meta property="og:image:width" content="720" />
	<meta property="og:image:height" content="1062" />
	<meta property="og:image:type" content="image/jpeg" />
<meta name="twitter:card" content="summary_large_image" />
<meta name="twitter:label1" content="Ansl. lesetid" />
	<meta name="twitter:data1" content="1 minutt" />
<script type="application/ld+json" class="yoast-schema-graph">{"@context":"https://schema.org","@graph":[{"@type":"WebPage","@id":"https://staging.forenteforlag.no/forlaget/produkt/min-sonn-rabbineren/","url":"https://staging.forenteforlag.no/forlaget/produkt/min-sonn-rabbineren/","name":"Min sønn rabbineren - Forlaget Press","isPartOf":{"@id":"https://staging.forenteforlag.no/forlaget/#website"},"primaryImageOfPage":{"@id":"https://staging.forenteforlag.no/forlaget/produkt/min-sonn-rabbineren/#primaryimage"},"image":{"@id":"https://staging.forenteforlag.no/forlaget/produkt/min-sonn-rabbineren/#primaryimage"},"thumbnailUrl":"https://staging.forenteforlag.no/forlaget/wp-content/uploads/sites/3/2026/02/9788232806690.jpg","datePublished":"2024-10-04T00:00:00+00:00","dateModified":"2026-03-02T16:07:14+00:00","breadcrumb":{"@id":"https://staging.forenteforlag.no/forlaget/produkt/min-sonn-rabbineren/#breadcrumb"},"inLanguage":"nb-NO","potentialAction":[{"@type":"ReadAction","target":["https://staging.forenteforlag.no/forlaget/produkt/min-sonn-rabbineren/"]}]},{"@type":"ImageObject","inLanguage":"nb-NO","@id":"https://staging.forenteforlag.no/forlaget/produkt/min-sonn-rabbineren/#primaryimage","url":"https://staging.forenteforlag.no/forlaget/wp-content/uploads/sites/3/2026/02/9788232806690.jpg","contentUrl":"https://staging.forenteforlag.no/forlaget/wp-content/uploads/sites/3/2026/02/9788232806690.jpg","width":720,"height":1062},{"@type":"BreadcrumbList","@id":"https://staging.forenteforlag.no/forlaget/produkt/min-sonn-rabbineren/#breadcrumb","itemListElement":[{"@type":"ListItem","position":1,"name":"Hjem","item":"https://staging.forenteforlag.no/forlaget/"},{"@type":"ListItem","position":2,"name":"Alle bøker","item":"https://staging.forenteforlag.no/forlaget/butikk/"},{"@type":"ListItem","position":3,"name":"Min sønn rabbineren"}]},{"@type":"WebSite","@id":"https://staging.forenteforlag.no/forlaget/#website","url":"https://staging.forenteforlag.no/forlaget/","name":"Forlaget Press","description":"","publisher":{"@id":"https://staging.forenteforlag.no/forlaget/#organization"},"potentialAction":[{"@type":"SearchAction","target":{"@type":"EntryPoint","urlTemplate":"https://staging.forenteforlag.no/forlaget/?s={search_term_string}"},"query-input":{"@type":"PropertyValueSpecification","valueRequired":true,"valueName":"search_term_string"}}],"inLanguage":"nb-NO"},{"@type":"Organization","@id":"https://staging.forenteforlag.no/forlaget/#organization","name":"Forlaget Press","url":"https://staging.forenteforlag.no/forlaget/","logo":{"@type":"ImageObject","inLanguage":"nb-NO","@id":"https://staging.forenteforlag.no/forlaget/#/schema/logo/image/","url":"https://staging.forenteforlag.no/forlaget/wp-content/uploads/sites/3/2024/09/Press_logo.svg","contentUrl":"https://staging.forenteforlag.no/forlaget/wp-content/uploads/sites/3/2024/09/Press_logo.svg","width":100,"height":100,"caption":"Forlaget Press"},"image":{"@id":"https://staging.forenteforlag.no/forlaget/#/schema/logo/image/"},"sameAs":["https://www.facebook.com/Forlagetpress"]}]}</script>
<!-- / Yoast SEO plugin. -->

Min sønn rabbineren - Forlaget Press

Benyamin var nitten år da han bestemte seg: Han ville avtjene verneplikt i den israelske hæren. Han var en vanlig norsk gutt, hadde akkurat fullført videregående, han likte å stå på ski og spille gitar. Men reisene til faren i Israel var ikke lenger nok: Som israelsk statsborger ville Benyamin tjenestegjøre i hæren.&lt;br&gt;Hva er det [&hellip;]

Alle bøker
