{"id":22436,"date":"2011-06-06T02:00:00","date_gmt":"2011-06-06T00:00:00","guid":{"rendered":"https:\/\/forlagetpress.forenteforlag.no\/produkt\/ulvetid-4\/"},"modified":"2026-03-03T23:29:37","modified_gmt":"2026-03-03T22:29:37","slug":"ulvetid-4","status":"publish","type":"product","link":"https:\/\/staging.forenteforlag.no\/forlaget\/produkt\/ulvetid-4\/","title":{"rendered":"Ulvetid"},"content":{"rendered":"<p>Vinner av Booker-prisen 2009  Vinner av National Book Critics Circle Award 2009   Han er s\u00f8nn av en smed, han er Englands nest mektigste mann. Thomas Cromwell er b\u00f8lle og sjarm\u00f8r, humanist og sl\u00e5sskjempe, melankoliker og politisk geni. Folk viker unna ham. Tragedien leder ham fram til Henrik 8s side. Sammen vil de bryte alle lover for \u00e5 skape et nytt England.     Hilary Mantels mesterverk Ulvetid er en fullstendig moderne og annerledes historisk roman, en internasjonal kritikersuksess, den mestselgende Booker-prisvinner noensinne. Aldri har tudortidens England st\u00e5tt tydeligere for oss: maktens skj\u00f8nnhet og brutalitet, hofflivets redsler og gleder, hverdagens lukter og smaker. Ulvetid er en roman slik man ikke trodde de kunne skrives lenger: en gjenskaping av en hel verden, med skikkelser som st\u00e5r skremmende levende foran oss.<\/p>\n","protected":false},"excerpt":{"rendered":"<p>Vinner av Booker-prisen 2009 Vinner av National Book Critics Circle Award 2009 Han er s\u00f8nn av en smed, han er Englands nest mektigste mann. Thomas Cromwell er b\u00f8lle og sjarm\u00f8r, humanist og sl\u00e5sskjempe, melankoliker og politisk geni. Folk viker unna ham. Tragedien leder ham fram til Henrik 8s side. Sammen vil de bryte alle lover [&hellip;]<\/p>\n","protected":false},"featured_media":25223,"template":"","meta":{"_acf_changed":false,"inline_featured_image":false},"product_brand":[],"product_cat":[1781],"product_tag":[370],"class_list":{"0":"post-22436","1":"product","2":"type-product","3":"status-publish","4":"has-post-thumbnail","6":"product_cat-rabattkodekampanje","7":"product_tag-skjonnlitteratur","9":"first","10":"instock","11":"shipping-taxable","12":"purchasable","13":"product-type-simple"},"acf":{"anmeldelse":[{"tekst_anmeldelser":"\u00abDet ligg grundige studium bak, men det fungerer likevel mest som fantasy litteratur: ei fiktiv verd du g\u00e5r inn i og ikkje vil ut av; det er med sorg du lukkar boka p\u00e5 side 695 \u2013 var ho verkeleg ikkje lenger?\u00bb","av_anmeldelser":"Jan Inge S\u00f8rb\u00f8","terningkast":false,"kilde":"Morgenbladet"},{"tekst_anmeldelser":"\u00abUlvetid er en ambisi\u00f8s og observant roman om mennesker n\u00e6r makten og det farlige livet de lever.\u00bb","av_anmeldelser":"Inger Merete Hobbelstad","terningkast":false,"kilde":"Dagbladet"},{"tekst_anmeldelser":"\u00abOmfangsrikt epos om maktkamp i tudorenes England.\u00bb","av_anmeldelser":"Steinar Sivertsen","terningkast":false,"kilde":"Stavanger Aftenblad"},{"tekst_anmeldelser":"\u00abOriginalt, lystig og brutalt om en dramatisk tid og en original mann.\u00bb","av_anmeldelser":"Cathrine Kr\u00f8ger","terningkast":false,"kilde":"Dagbladet"},{"tekst_anmeldelser":"\u00abErkebritisk fortellerkunst p\u00e5 sitt beste: Ulvetid er blitt en engasjerende fortelling om en av Englands mest fascinerende personligheter gjennom tidene. [...] Ulvetid er spennende som en kriminalroman, og har i tillegg store litter\u00e6re kvaliteter. [...] Hege Mehren har gjort en fremragende jobb med \u00e5 oversette denne store romanen til et moderne, levende norsk.\u00bb","av_anmeldelser":"Sindre Hovdenakk","terningkast":false,"kilde":"VG"},{"tekst_anmeldelser":"\u00abBriljant og dyptloddende hoffreportasje.\u00bb","av_anmeldelser":"P\u00e5l Gerhard Olsen","terningkast":false,"kilde":"Bergens Tidende"},{"tekst_anmeldelser":"\u00abUlvetid er over oss. Og 700 sider er ikke \u00e9n for mye. [...] Som leser suges jeg med godt hjulpet av Hege Mehrens fabelaktige oversettelse, og ser fram til fortsettelsen.\u00bb","av_anmeldelser":"Arne Guttormsen","terningkast":false,"kilde":"V\u00e5rt Land"},{"tekst_anmeldelser":"\u00abEt s\u00e5 godt som fullkomment stykke romankunst.\u00bb","av_anmeldelser":"Maria \u00c5rolilja R\u00f8","terningkast":false,"kilde":"Adresseavisen"}]},"yoast_head":"<!-- This site is optimized with the Yoast SEO plugin v26.6 - https:\/\/yoast.com\/wordpress\/plugins\/seo\/ -->\n<title>Ulvetid - Forlaget Press<\/title>\n<meta name=\"robots\" content=\"noindex, follow, max-snippet:-1, max-image-preview:large, max-video-preview:-1\" \/>\n<meta property=\"og:locale\" content=\"nb_NO\" \/>\n<meta property=\"og:type\" content=\"article\" \/>\n<meta property=\"og:title\" content=\"Ulvetid - Forlaget Press\" \/>\n<meta property=\"og:description\" content=\"Vinner av Booker-prisen 2009 Vinner av National Book Critics Circle Award 2009 Han er s\u00f8nn av en smed, han er Englands nest mektigste mann. Thomas Cromwell er b\u00f8lle og sjarm\u00f8r, humanist og sl\u00e5sskjempe, melankoliker og politisk geni. Folk viker unna ham. Tragedien leder ham fram til Henrik 8s side. Sammen vil de bryte alle lover [&hellip;]\" \/>\n<meta property=\"og:url\" content=\"https:\/\/staging.forenteforlag.no\/forlaget\/produkt\/ulvetid-4\/\" \/>\n<meta property=\"og:site_name\" content=\"Forlaget Press\" \/>\n<meta property=\"article:publisher\" content=\"https:\/\/www.facebook.com\/Forlagetpress\" \/>\n<meta property=\"article:modified_time\" content=\"2026-03-03T22:29:37+00:00\" \/>\n<meta property=\"og:image\" content=\"https:\/\/staging.forenteforlag.no\/forlaget\/wp-content\/uploads\/sites\/3\/2025\/08\/jpg-7987.jpg\" \/>\n\t<meta property=\"og:image:width\" content=\"306\" \/>\n\t<meta property=\"og:image:height\" content=\"449\" \/>\n\t<meta property=\"og:image:type\" content=\"image\/jpeg\" \/>\n<meta name=\"twitter:card\" content=\"summary_large_image\" \/>\n<meta name=\"twitter:label1\" content=\"Ansl. lesetid\" \/>\n\t<meta name=\"twitter:data1\" content=\"1 minutt\" \/>\n<script type=\"application\/ld+json\" class=\"yoast-schema-graph\">{\"@context\":\"https:\/\/schema.org\",\"@graph\":[{\"@type\":\"WebPage\",\"@id\":\"https:\/\/staging.forenteforlag.no\/forlaget\/produkt\/ulvetid-4\/\",\"url\":\"https:\/\/staging.forenteforlag.no\/forlaget\/produkt\/ulvetid-4\/\",\"name\":\"Ulvetid - Forlaget Press\",\"isPartOf\":{\"@id\":\"https:\/\/staging.forenteforlag.no\/forlaget\/#website\"},\"primaryImageOfPage\":{\"@id\":\"https:\/\/staging.forenteforlag.no\/forlaget\/produkt\/ulvetid-4\/#primaryimage\"},\"image\":{\"@id\":\"https:\/\/staging.forenteforlag.no\/forlaget\/produkt\/ulvetid-4\/#primaryimage\"},\"thumbnailUrl\":\"https:\/\/staging.forenteforlag.no\/forlaget\/wp-content\/uploads\/sites\/3\/2025\/08\/jpg-7987.jpg\",\"datePublished\":\"2011-06-06T00:00:00+00:00\",\"dateModified\":\"2026-03-03T22:29:37+00:00\",\"breadcrumb\":{\"@id\":\"https:\/\/staging.forenteforlag.no\/forlaget\/produkt\/ulvetid-4\/#breadcrumb\"},\"inLanguage\":\"nb-NO\",\"potentialAction\":[{\"@type\":\"ReadAction\",\"target\":[\"https:\/\/staging.forenteforlag.no\/forlaget\/produkt\/ulvetid-4\/\"]}]},{\"@type\":\"ImageObject\",\"inLanguage\":\"nb-NO\",\"@id\":\"https:\/\/staging.forenteforlag.no\/forlaget\/produkt\/ulvetid-4\/#primaryimage\",\"url\":\"https:\/\/staging.forenteforlag.no\/forlaget\/wp-content\/uploads\/sites\/3\/2025\/08\/jpg-7987.jpg\",\"contentUrl\":\"https:\/\/staging.forenteforlag.no\/forlaget\/wp-content\/uploads\/sites\/3\/2025\/08\/jpg-7987.jpg\",\"width\":306,\"height\":449},{\"@type\":\"BreadcrumbList\",\"@id\":\"https:\/\/staging.forenteforlag.no\/forlaget\/produkt\/ulvetid-4\/#breadcrumb\",\"itemListElement\":[{\"@type\":\"ListItem\",\"position\":1,\"name\":\"Hjem\",\"item\":\"https:\/\/staging.forenteforlag.no\/forlaget\/\"},{\"@type\":\"ListItem\",\"position\":2,\"name\":\"Alle b\u00f8ker\",\"item\":\"https:\/\/staging.forenteforlag.no\/forlaget\/butikk\/\"},{\"@type\":\"ListItem\",\"position\":3,\"name\":\"Ulvetid\"}]},{\"@type\":\"WebSite\",\"@id\":\"https:\/\/staging.forenteforlag.no\/forlaget\/#website\",\"url\":\"https:\/\/staging.forenteforlag.no\/forlaget\/\",\"name\":\"Forlaget Press\",\"description\":\"\",\"publisher\":{\"@id\":\"https:\/\/staging.forenteforlag.no\/forlaget\/#organization\"},\"potentialAction\":[{\"@type\":\"SearchAction\",\"target\":{\"@type\":\"EntryPoint\",\"urlTemplate\":\"https:\/\/staging.forenteforlag.no\/forlaget\/?s={search_term_string}\"},\"query-input\":{\"@type\":\"PropertyValueSpecification\",\"valueRequired\":true,\"valueName\":\"search_term_string\"}}],\"inLanguage\":\"nb-NO\"},{\"@type\":\"Organization\",\"@id\":\"https:\/\/staging.forenteforlag.no\/forlaget\/#organization\",\"name\":\"Forlaget Press\",\"url\":\"https:\/\/staging.forenteforlag.no\/forlaget\/\",\"logo\":{\"@type\":\"ImageObject\",\"inLanguage\":\"nb-NO\",\"@id\":\"https:\/\/staging.forenteforlag.no\/forlaget\/#\/schema\/logo\/image\/\",\"url\":\"https:\/\/staging.forenteforlag.no\/forlaget\/wp-content\/uploads\/sites\/3\/2024\/09\/Press_logo.svg\",\"contentUrl\":\"https:\/\/staging.forenteforlag.no\/forlaget\/wp-content\/uploads\/sites\/3\/2024\/09\/Press_logo.svg\",\"width\":100,\"height\":100,\"caption\":\"Forlaget Press\"},\"image\":{\"@id\":\"https:\/\/staging.forenteforlag.no\/forlaget\/#\/schema\/logo\/image\/\"},\"sameAs\":[\"https:\/\/www.facebook.com\/Forlagetpress\"]}]}<\/script>\n<!-- \/ Yoast SEO plugin. -->","yoast_head_json":{"title":"Ulvetid - Forlaget Press","robots":{"index":"noindex","follow":"follow","max-snippet":"max-snippet:-1","max-image-preview":"max-image-preview:large","max-video-preview":"max-video-preview:-1"},"og_locale":"nb_NO","og_type":"article","og_title":"Ulvetid - Forlaget Press","og_description":"Vinner av Booker-prisen 2009 Vinner av National Book Critics Circle Award 2009 Han er s\u00f8nn av en smed, han er Englands nest mektigste mann. Thomas Cromwell er b\u00f8lle og sjarm\u00f8r, humanist og sl\u00e5sskjempe, melankoliker og politisk geni. Folk viker unna ham. Tragedien leder ham fram til Henrik 8s side. Sammen vil de bryte alle lover [&hellip;]","og_url":"https:\/\/staging.forenteforlag.no\/forlaget\/produkt\/ulvetid-4\/","og_site_name":"Forlaget Press","article_publisher":"https:\/\/www.facebook.com\/Forlagetpress","article_modified_time":"2026-03-03T22:29:37+00:00","og_image":[{"width":306,"height":449,"url":"https:\/\/staging.forenteforlag.no\/forlaget\/wp-content\/uploads\/sites\/3\/2025\/08\/jpg-7987.jpg","type":"image\/jpeg"}],"twitter_card":"summary_large_image","twitter_misc":{"Ansl. lesetid":"1 minutt"},"schema":{"@context":"https:\/\/schema.org","@graph":[{"@type":"WebPage","@id":"https:\/\/staging.forenteforlag.no\/forlaget\/produkt\/ulvetid-4\/","url":"https:\/\/staging.forenteforlag.no\/forlaget\/produkt\/ulvetid-4\/","name":"Ulvetid - Forlaget Press","isPartOf":{"@id":"https:\/\/staging.forenteforlag.no\/forlaget\/#website"},"primaryImageOfPage":{"@id":"https:\/\/staging.forenteforlag.no\/forlaget\/produkt\/ulvetid-4\/#primaryimage"},"image":{"@id":"https:\/\/staging.forenteforlag.no\/forlaget\/produkt\/ulvetid-4\/#primaryimage"},"thumbnailUrl":"https:\/\/staging.forenteforlag.no\/forlaget\/wp-content\/uploads\/sites\/3\/2025\/08\/jpg-7987.jpg","datePublished":"2011-06-06T00:00:00+00:00","dateModified":"2026-03-03T22:29:37+00:00","breadcrumb":{"@id":"https:\/\/staging.forenteforlag.no\/forlaget\/produkt\/ulvetid-4\/#breadcrumb"},"inLanguage":"nb-NO","potentialAction":[{"@type":"ReadAction","target":["https:\/\/staging.forenteforlag.no\/forlaget\/produkt\/ulvetid-4\/"]}]},{"@type":"ImageObject","inLanguage":"nb-NO","@id":"https:\/\/staging.forenteforlag.no\/forlaget\/produkt\/ulvetid-4\/#primaryimage","url":"https:\/\/staging.forenteforlag.no\/forlaget\/wp-content\/uploads\/sites\/3\/2025\/08\/jpg-7987.jpg","contentUrl":"https:\/\/staging.forenteforlag.no\/forlaget\/wp-content\/uploads\/sites\/3\/2025\/08\/jpg-7987.jpg","width":306,"height":449},{"@type":"BreadcrumbList","@id":"https:\/\/staging.forenteforlag.no\/forlaget\/produkt\/ulvetid-4\/#breadcrumb","itemListElement":[{"@type":"ListItem","position":1,"name":"Hjem","item":"https:\/\/staging.forenteforlag.no\/forlaget\/"},{"@type":"ListItem","position":2,"name":"Alle b\u00f8ker","item":"https:\/\/staging.forenteforlag.no\/forlaget\/butikk\/"},{"@type":"ListItem","position":3,"name":"Ulvetid"}]},{"@type":"WebSite","@id":"https:\/\/staging.forenteforlag.no\/forlaget\/#website","url":"https:\/\/staging.forenteforlag.no\/forlaget\/","name":"Forlaget Press","description":"","publisher":{"@id":"https:\/\/staging.forenteforlag.no\/forlaget\/#organization"},"potentialAction":[{"@type":"SearchAction","target":{"@type":"EntryPoint","urlTemplate":"https:\/\/staging.forenteforlag.no\/forlaget\/?s={search_term_string}"},"query-input":{"@type":"PropertyValueSpecification","valueRequired":true,"valueName":"search_term_string"}}],"inLanguage":"nb-NO"},{"@type":"Organization","@id":"https:\/\/staging.forenteforlag.no\/forlaget\/#organization","name":"Forlaget Press","url":"https:\/\/staging.forenteforlag.no\/forlaget\/","logo":{"@type":"ImageObject","inLanguage":"nb-NO","@id":"https:\/\/staging.forenteforlag.no\/forlaget\/#\/schema\/logo\/image\/","url":"https:\/\/staging.forenteforlag.no\/forlaget\/wp-content\/uploads\/sites\/3\/2024\/09\/Press_logo.svg","contentUrl":"https:\/\/staging.forenteforlag.no\/forlaget\/wp-content\/uploads\/sites\/3\/2024\/09\/Press_logo.svg","width":100,"height":100,"caption":"Forlaget Press"},"image":{"@id":"https:\/\/staging.forenteforlag.no\/forlaget\/#\/schema\/logo\/image\/"},"sameAs":["https:\/\/www.facebook.com\/Forlagetpress"]}]}},"_links":{"self":[{"href":"https:\/\/staging.forenteforlag.no\/forlaget\/wp-json\/wp\/v2\/product\/22436","targetHints":{"allow":["GET"]}}],"collection":[{"href":"https:\/\/staging.forenteforlag.no\/forlaget\/wp-json\/wp\/v2\/product"}],"about":[{"href":"https:\/\/staging.forenteforlag.no\/forlaget\/wp-json\/wp\/v2\/types\/product"}],"wp:featuredmedia":[{"embeddable":true,"href":"https:\/\/staging.forenteforlag.no\/forlaget\/wp-json\/wp\/v2\/media\/25223"}],"wp:attachment":[{"href":"https:\/\/staging.forenteforlag.no\/forlaget\/wp-json\/wp\/v2\/media?parent=22436"}],"wp:term":[{"taxonomy":"product_brand","embeddable":true,"href":"https:\/\/staging.forenteforlag.no\/forlaget\/wp-json\/wp\/v2\/product_brand?post=22436"},{"taxonomy":"product_cat","embeddable":true,"href":"https:\/\/staging.forenteforlag.no\/forlaget\/wp-json\/wp\/v2\/product_cat?post=22436"},{"taxonomy":"product_tag","embeddable":true,"href":"https:\/\/staging.forenteforlag.no\/forlaget\/wp-json\/wp\/v2\/product_tag?post=22436"}],"curies":[{"name":"wp","href":"https:\/\/api.w.org\/{rel}","templated":true}]}}