{"id":22414,"date":"2013-01-10T01:00:00","date_gmt":"2013-01-10T00:00:00","guid":{"rendered":"https:\/\/forlagetpress.forenteforlag.no\/produkt\/stjerneskudd-3\/"},"modified":"2026-03-03T23:31:36","modified_gmt":"2026-03-03T22:31:36","slug":"stjerneskudd-3","status":"publish","type":"product","link":"https:\/\/staging.forenteforlag.no\/forlaget\/produkt\/stjerneskudd-3\/","title":{"rendered":"Stjerneskudd"},"content":{"rendered":"<p>Med Stjerneskudd er en av verdens aller beste krimforfattere, kritiker- og publikumsfavoritten Peter Temple, tilbake med enda en m\u00f8rk og mesterlig fortelling fra Australias nattsider. Anne Carson er femten \u00e5r. Hun er vakker og vilter &#8211; og kidnappet. Hennes velst\u00e5ende familie har samlet seg og besluttet \u00e5 tilkalle Frank Calder, en tidligere soldat og gisselforhandler som n\u00e5 har falt i un\u00e5de. Familien \u00f8nsker at han skal overlevere l\u00f8sepengene til kidnapperne. Frank vil at de skal tilkalle politiet, men familien nekter, siden rot i politiets rekker nesten kostet et annet barn i Carson-familien livet flere \u00e5r tidligere. Er det noen sammenheng mellom de to hendelsene? Er det gr\u00e5dighet som er motivet? Eller hevn? Eller kan det v\u00e6re noe helt annet? For \u00e5 finne ut av det, m\u00e5 Frank g\u00e5 langt ut over sine fullmakter. Mens Frank leter febrilsk etter mistenkte i nettet av Carson-familiens forretninger og avtaler, ekteskap og sidesprang, rivalisering og intriger, vet han at hvis instinktet hans er galt, vil jenta han leter etter, helt sikkert d\u00f8.<\/p>\n","protected":false},"excerpt":{"rendered":"<p>Med Stjerneskudd er en av verdens aller beste krimforfattere, kritiker- og publikumsfavoritten Peter Temple, tilbake med enda en m\u00f8rk og mesterlig fortelling fra Australias nattsider. Anne Carson er femten \u00e5r. Hun er vakker og vilter &#8211; og kidnappet. Hennes velst\u00e5ende familie har samlet seg og besluttet \u00e5 tilkalle Frank Calder, en tidligere soldat og gisselforhandler [&hellip;]<\/p>\n","protected":false},"featured_media":24741,"template":"","meta":{"_acf_changed":false,"inline_featured_image":false},"product_brand":[],"product_cat":[1781],"product_tag":[370],"class_list":{"0":"post-22414","1":"product","2":"type-product","3":"status-publish","4":"has-post-thumbnail","6":"product_cat-rabattkodekampanje","7":"product_tag-skjonnlitteratur","9":"first","10":"instock","11":"shipping-taxable","12":"purchasable","13":"product-type-simple"},"acf":{"anmeldelse":[{"tekst_anmeldelser":"\u00abAustralske Peter Temple har vorte krim-kritikarfavoritt siste ti-\u00e5r med M\u00f8rk kyst og Sannhet. Stjerneskudd han tilbake til 1999, men alt her viser han uanstrengt meisterskap i dialogar og personskildring og javisst, det er m\u00f8rkt p\u00e5 grensa til heilsvart, men ikkje utan von.\u00bb","av_anmeldelser":"Jarle Natlund","terningkast":false,"kilde":"Stavanger Aftenblad"},{"tekst_anmeldelser":"\u00abTil alle vordende krimforfattere som lurer p\u00e5 hvordan det kan gj\u00f8res: Les Peter Temple. Han skriver oppsiktsvekkende gode, realistiske kriminalromaner fra skyggenes Australia.\u00bb","av_anmeldelser":"Torbj\u00f8rn Ekelund","terningkast":false,"kilde":"Dagbladet"},{"tekst_anmeldelser":"\u00abSpenning av f\u00f8rste klasse.\u00bb","av_anmeldelser":"P\u00e5l Andreassen","terningkast":false,"kilde":"Moss Avis"},{"tekst_anmeldelser":"\u00abStjerneskudd er en meget god krimroman. Dette er absolutt en krim jeg kan anbefale.\u00bb","av_anmeldelser":"Thorstein Buer","terningkast":false,"kilde":"Telemarksavisa"},{"tekst_anmeldelser":"\u00abDette er stilrent og stramt fortalt, det har pulserende n\u00e6rv\u00e6r, det har treffsikre milj\u00f8 \u2013 og personskildringer, det besitter action og overraskelser. Les!\u00bb","av_anmeldelser":"Knut Holt","terningkast":"<i class=\"fa-solid fa-dice-five\"><\/i>","kilde":"F\u00e6drelandsvennen"},{"tekst_anmeldelser":"\u00abDet er en forn\u00f8yelse \u00e5 kunne anbefale kvalitetsforfatteren Peter Temple fra Australia.\u00bb","av_anmeldelser":"Fredrik Wandrup","terningkast":false,"kilde":"Dagbladet"},{"tekst_anmeldelser":"\u00abPeter Temple er uten tvil en av de aller dyktigste forfatterne p\u00e5 den internasjonale krimscenen.\u00bb","av_anmeldelser":"Knut Faldbakken","terningkast":"<i class=\"fa-solid fa-dice-five\"><\/i>","kilde":"VG"}]},"yoast_head":"<!-- This site is optimized with the Yoast SEO plugin v26.6 - https:\/\/yoast.com\/wordpress\/plugins\/seo\/ -->\n<title>Stjerneskudd - Forlaget Press<\/title>\n<meta name=\"robots\" content=\"noindex, follow, max-snippet:-1, max-image-preview:large, max-video-preview:-1\" \/>\n<meta property=\"og:locale\" content=\"nb_NO\" \/>\n<meta property=\"og:type\" content=\"article\" \/>\n<meta property=\"og:title\" content=\"Stjerneskudd - Forlaget Press\" \/>\n<meta property=\"og:description\" content=\"Med Stjerneskudd er en av verdens aller beste krimforfattere, kritiker- og publikumsfavoritten Peter Temple, tilbake med enda en m\u00f8rk og mesterlig fortelling fra Australias nattsider. Anne Carson er femten \u00e5r. Hun er vakker og vilter &#8211; og kidnappet. Hennes velst\u00e5ende familie har samlet seg og besluttet \u00e5 tilkalle Frank Calder, en tidligere soldat og gisselforhandler [&hellip;]\" \/>\n<meta property=\"og:url\" content=\"https:\/\/staging.forenteforlag.no\/forlaget\/produkt\/stjerneskudd-3\/\" \/>\n<meta property=\"og:site_name\" content=\"Forlaget Press\" \/>\n<meta property=\"article:publisher\" content=\"https:\/\/www.facebook.com\/Forlagetpress\" \/>\n<meta property=\"article:modified_time\" content=\"2026-03-03T22:31:36+00:00\" \/>\n<meta property=\"og:image\" content=\"https:\/\/staging.forenteforlag.no\/forlaget\/wp-content\/uploads\/sites\/3\/2025\/08\/jpg-5781.jpg\" \/>\n\t<meta property=\"og:image:width\" content=\"305\" \/>\n\t<meta property=\"og:image:height\" content=\"449\" \/>\n\t<meta property=\"og:image:type\" content=\"image\/jpeg\" \/>\n<meta name=\"twitter:card\" content=\"summary_large_image\" \/>\n<meta name=\"twitter:label1\" content=\"Ansl. lesetid\" \/>\n\t<meta name=\"twitter:data1\" content=\"1 minutt\" \/>\n<script type=\"application\/ld+json\" class=\"yoast-schema-graph\">{\"@context\":\"https:\/\/schema.org\",\"@graph\":[{\"@type\":\"WebPage\",\"@id\":\"https:\/\/staging.forenteforlag.no\/forlaget\/produkt\/stjerneskudd-3\/\",\"url\":\"https:\/\/staging.forenteforlag.no\/forlaget\/produkt\/stjerneskudd-3\/\",\"name\":\"Stjerneskudd - Forlaget Press\",\"isPartOf\":{\"@id\":\"https:\/\/staging.forenteforlag.no\/forlaget\/#website\"},\"primaryImageOfPage\":{\"@id\":\"https:\/\/staging.forenteforlag.no\/forlaget\/produkt\/stjerneskudd-3\/#primaryimage\"},\"image\":{\"@id\":\"https:\/\/staging.forenteforlag.no\/forlaget\/produkt\/stjerneskudd-3\/#primaryimage\"},\"thumbnailUrl\":\"https:\/\/staging.forenteforlag.no\/forlaget\/wp-content\/uploads\/sites\/3\/2025\/08\/jpg-5781.jpg\",\"datePublished\":\"2013-01-10T00:00:00+00:00\",\"dateModified\":\"2026-03-03T22:31:36+00:00\",\"breadcrumb\":{\"@id\":\"https:\/\/staging.forenteforlag.no\/forlaget\/produkt\/stjerneskudd-3\/#breadcrumb\"},\"inLanguage\":\"nb-NO\",\"potentialAction\":[{\"@type\":\"ReadAction\",\"target\":[\"https:\/\/staging.forenteforlag.no\/forlaget\/produkt\/stjerneskudd-3\/\"]}]},{\"@type\":\"ImageObject\",\"inLanguage\":\"nb-NO\",\"@id\":\"https:\/\/staging.forenteforlag.no\/forlaget\/produkt\/stjerneskudd-3\/#primaryimage\",\"url\":\"https:\/\/staging.forenteforlag.no\/forlaget\/wp-content\/uploads\/sites\/3\/2025\/08\/jpg-5781.jpg\",\"contentUrl\":\"https:\/\/staging.forenteforlag.no\/forlaget\/wp-content\/uploads\/sites\/3\/2025\/08\/jpg-5781.jpg\",\"width\":305,\"height\":449},{\"@type\":\"BreadcrumbList\",\"@id\":\"https:\/\/staging.forenteforlag.no\/forlaget\/produkt\/stjerneskudd-3\/#breadcrumb\",\"itemListElement\":[{\"@type\":\"ListItem\",\"position\":1,\"name\":\"Hjem\",\"item\":\"https:\/\/staging.forenteforlag.no\/forlaget\/\"},{\"@type\":\"ListItem\",\"position\":2,\"name\":\"Alle b\u00f8ker\",\"item\":\"https:\/\/staging.forenteforlag.no\/forlaget\/butikk\/\"},{\"@type\":\"ListItem\",\"position\":3,\"name\":\"Stjerneskudd\"}]},{\"@type\":\"WebSite\",\"@id\":\"https:\/\/staging.forenteforlag.no\/forlaget\/#website\",\"url\":\"https:\/\/staging.forenteforlag.no\/forlaget\/\",\"name\":\"Forlaget Press\",\"description\":\"\",\"publisher\":{\"@id\":\"https:\/\/staging.forenteforlag.no\/forlaget\/#organization\"},\"potentialAction\":[{\"@type\":\"SearchAction\",\"target\":{\"@type\":\"EntryPoint\",\"urlTemplate\":\"https:\/\/staging.forenteforlag.no\/forlaget\/?s={search_term_string}\"},\"query-input\":{\"@type\":\"PropertyValueSpecification\",\"valueRequired\":true,\"valueName\":\"search_term_string\"}}],\"inLanguage\":\"nb-NO\"},{\"@type\":\"Organization\",\"@id\":\"https:\/\/staging.forenteforlag.no\/forlaget\/#organization\",\"name\":\"Forlaget Press\",\"url\":\"https:\/\/staging.forenteforlag.no\/forlaget\/\",\"logo\":{\"@type\":\"ImageObject\",\"inLanguage\":\"nb-NO\",\"@id\":\"https:\/\/staging.forenteforlag.no\/forlaget\/#\/schema\/logo\/image\/\",\"url\":\"https:\/\/staging.forenteforlag.no\/forlaget\/wp-content\/uploads\/sites\/3\/2024\/09\/Press_logo.svg\",\"contentUrl\":\"https:\/\/staging.forenteforlag.no\/forlaget\/wp-content\/uploads\/sites\/3\/2024\/09\/Press_logo.svg\",\"width\":100,\"height\":100,\"caption\":\"Forlaget Press\"},\"image\":{\"@id\":\"https:\/\/staging.forenteforlag.no\/forlaget\/#\/schema\/logo\/image\/\"},\"sameAs\":[\"https:\/\/www.facebook.com\/Forlagetpress\"]}]}<\/script>\n<!-- \/ Yoast SEO plugin. -->","yoast_head_json":{"title":"Stjerneskudd - Forlaget Press","robots":{"index":"noindex","follow":"follow","max-snippet":"max-snippet:-1","max-image-preview":"max-image-preview:large","max-video-preview":"max-video-preview:-1"},"og_locale":"nb_NO","og_type":"article","og_title":"Stjerneskudd - Forlaget Press","og_description":"Med Stjerneskudd er en av verdens aller beste krimforfattere, kritiker- og publikumsfavoritten Peter Temple, tilbake med enda en m\u00f8rk og mesterlig fortelling fra Australias nattsider. Anne Carson er femten \u00e5r. Hun er vakker og vilter &#8211; og kidnappet. Hennes velst\u00e5ende familie har samlet seg og besluttet \u00e5 tilkalle Frank Calder, en tidligere soldat og gisselforhandler [&hellip;]","og_url":"https:\/\/staging.forenteforlag.no\/forlaget\/produkt\/stjerneskudd-3\/","og_site_name":"Forlaget Press","article_publisher":"https:\/\/www.facebook.com\/Forlagetpress","article_modified_time":"2026-03-03T22:31:36+00:00","og_image":[{"width":305,"height":449,"url":"https:\/\/staging.forenteforlag.no\/forlaget\/wp-content\/uploads\/sites\/3\/2025\/08\/jpg-5781.jpg","type":"image\/jpeg"}],"twitter_card":"summary_large_image","twitter_misc":{"Ansl. lesetid":"1 minutt"},"schema":{"@context":"https:\/\/schema.org","@graph":[{"@type":"WebPage","@id":"https:\/\/staging.forenteforlag.no\/forlaget\/produkt\/stjerneskudd-3\/","url":"https:\/\/staging.forenteforlag.no\/forlaget\/produkt\/stjerneskudd-3\/","name":"Stjerneskudd - Forlaget Press","isPartOf":{"@id":"https:\/\/staging.forenteforlag.no\/forlaget\/#website"},"primaryImageOfPage":{"@id":"https:\/\/staging.forenteforlag.no\/forlaget\/produkt\/stjerneskudd-3\/#primaryimage"},"image":{"@id":"https:\/\/staging.forenteforlag.no\/forlaget\/produkt\/stjerneskudd-3\/#primaryimage"},"thumbnailUrl":"https:\/\/staging.forenteforlag.no\/forlaget\/wp-content\/uploads\/sites\/3\/2025\/08\/jpg-5781.jpg","datePublished":"2013-01-10T00:00:00+00:00","dateModified":"2026-03-03T22:31:36+00:00","breadcrumb":{"@id":"https:\/\/staging.forenteforlag.no\/forlaget\/produkt\/stjerneskudd-3\/#breadcrumb"},"inLanguage":"nb-NO","potentialAction":[{"@type":"ReadAction","target":["https:\/\/staging.forenteforlag.no\/forlaget\/produkt\/stjerneskudd-3\/"]}]},{"@type":"ImageObject","inLanguage":"nb-NO","@id":"https:\/\/staging.forenteforlag.no\/forlaget\/produkt\/stjerneskudd-3\/#primaryimage","url":"https:\/\/staging.forenteforlag.no\/forlaget\/wp-content\/uploads\/sites\/3\/2025\/08\/jpg-5781.jpg","contentUrl":"https:\/\/staging.forenteforlag.no\/forlaget\/wp-content\/uploads\/sites\/3\/2025\/08\/jpg-5781.jpg","width":305,"height":449},{"@type":"BreadcrumbList","@id":"https:\/\/staging.forenteforlag.no\/forlaget\/produkt\/stjerneskudd-3\/#breadcrumb","itemListElement":[{"@type":"ListItem","position":1,"name":"Hjem","item":"https:\/\/staging.forenteforlag.no\/forlaget\/"},{"@type":"ListItem","position":2,"name":"Alle b\u00f8ker","item":"https:\/\/staging.forenteforlag.no\/forlaget\/butikk\/"},{"@type":"ListItem","position":3,"name":"Stjerneskudd"}]},{"@type":"WebSite","@id":"https:\/\/staging.forenteforlag.no\/forlaget\/#website","url":"https:\/\/staging.forenteforlag.no\/forlaget\/","name":"Forlaget Press","description":"","publisher":{"@id":"https:\/\/staging.forenteforlag.no\/forlaget\/#organization"},"potentialAction":[{"@type":"SearchAction","target":{"@type":"EntryPoint","urlTemplate":"https:\/\/staging.forenteforlag.no\/forlaget\/?s={search_term_string}"},"query-input":{"@type":"PropertyValueSpecification","valueRequired":true,"valueName":"search_term_string"}}],"inLanguage":"nb-NO"},{"@type":"Organization","@id":"https:\/\/staging.forenteforlag.no\/forlaget\/#organization","name":"Forlaget Press","url":"https:\/\/staging.forenteforlag.no\/forlaget\/","logo":{"@type":"ImageObject","inLanguage":"nb-NO","@id":"https:\/\/staging.forenteforlag.no\/forlaget\/#\/schema\/logo\/image\/","url":"https:\/\/staging.forenteforlag.no\/forlaget\/wp-content\/uploads\/sites\/3\/2024\/09\/Press_logo.svg","contentUrl":"https:\/\/staging.forenteforlag.no\/forlaget\/wp-content\/uploads\/sites\/3\/2024\/09\/Press_logo.svg","width":100,"height":100,"caption":"Forlaget Press"},"image":{"@id":"https:\/\/staging.forenteforlag.no\/forlaget\/#\/schema\/logo\/image\/"},"sameAs":["https:\/\/www.facebook.com\/Forlagetpress"]}]}},"_links":{"self":[{"href":"https:\/\/staging.forenteforlag.no\/forlaget\/wp-json\/wp\/v2\/product\/22414","targetHints":{"allow":["GET"]}}],"collection":[{"href":"https:\/\/staging.forenteforlag.no\/forlaget\/wp-json\/wp\/v2\/product"}],"about":[{"href":"https:\/\/staging.forenteforlag.no\/forlaget\/wp-json\/wp\/v2\/types\/product"}],"wp:featuredmedia":[{"embeddable":true,"href":"https:\/\/staging.forenteforlag.no\/forlaget\/wp-json\/wp\/v2\/media\/24741"}],"wp:attachment":[{"href":"https:\/\/staging.forenteforlag.no\/forlaget\/wp-json\/wp\/v2\/media?parent=22414"}],"wp:term":[{"taxonomy":"product_brand","embeddable":true,"href":"https:\/\/staging.forenteforlag.no\/forlaget\/wp-json\/wp\/v2\/product_brand?post=22414"},{"taxonomy":"product_cat","embeddable":true,"href":"https:\/\/staging.forenteforlag.no\/forlaget\/wp-json\/wp\/v2\/product_cat?post=22414"},{"taxonomy":"product_tag","embeddable":true,"href":"https:\/\/staging.forenteforlag.no\/forlaget\/wp-json\/wp\/v2\/product_tag?post=22414"}],"curies":[{"name":"wp","href":"https:\/\/api.w.org\/{rel}","templated":true}]}}