{"id":22405,"date":"2025-03-15T15:37:07","date_gmt":"2025-03-15T14:37:07","guid":{"rendered":"https:\/\/forlagetpress.forenteforlag.no\/produkt\/fortell-meg-alt\/"},"modified":"2026-03-02T17:06:34","modified_gmt":"2026-03-02T16:06:34","slug":"fortell-meg-alt","status":"publish","type":"product","link":"https:\/\/staging.forenteforlag.no\/forlaget\/produkt\/fortell-meg-alt\/","title":{"rendered":"Fortell meg alt"},"content":{"rendered":"<p>Det er h\u00f8st i Maine og sm\u00e5byadvokaten Bob Burgess er opptatt med en drapsetterforskning. Han forsvarer en ensom, isolert mann som er mistenkt for \u00e5 ha drept sin egen mor. Samtidig er Bob oppslukt av \u00e5 dyrke vennskapet med den anerkjente forfatteren Lucy Barton. Lucy og Bob snakker om livet, om det de h\u00e5per p\u00e5 og det de angrer p\u00e5, og om det som kunne ha v\u00e6rt. Lucy blir ogs\u00e5 kjent med en av Crosbys lengstlevende innbyggere, nitti \u00e5r gamle Olive Kitteridge, som bor i et aldersboligkompleks i utkanten av byen. De tilbringer ettermiddager med \u00e5 fortelle hverandre historier i Olives leilighet.Fortell meg alt er en roman full av h\u00e5p, en roman om nye vennskap, gammel kj\u00e6rlighet, og det veldig menneskelige \u00f8nsket om \u00e5 sette spor etter seg i verden. Med stor f\u00f8lsomhet viser Strout oss hvordan v\u00e5re relasjoner kan holde oss flytende. Som Lucy sier: \u00abKj\u00e6rlighet kommer i s\u00e5 mange varianter, men det er alltid kj\u00e6rlighet.\u00bb<\/p>\n","protected":false},"excerpt":{"rendered":"<p>Det er h\u00f8st i Maine og sm\u00e5byadvokaten Bob Burgess er opptatt med en drapsetterforskning. Han forsvarer en ensom, isolert mann som er mistenkt for \u00e5 ha drept sin egen mor. Samtidig er Bob oppslukt av \u00e5 dyrke vennskapet med den anerkjente forfatteren Lucy Barton. Lucy og Bob snakker om livet, om det de h\u00e5per p\u00e5 [&hellip;]<\/p>\n","protected":false},"featured_media":26573,"template":"","meta":{"_acf_changed":false,"inline_featured_image":false},"product_brand":[],"product_cat":[1781],"product_tag":[370],"class_list":{"0":"post-22405","1":"product","2":"type-product","3":"status-publish","4":"has-post-thumbnail","6":"product_cat-rabattkodekampanje","7":"product_tag-skjonnlitteratur","9":"first","10":"instock","11":"shipping-taxable","12":"purchasable","13":"product-type-simple"},"acf":{"anmeldelse":[{"tekst_anmeldelser":"Selv om boken teknisk sett kan leses alene, vil jeg ikke anbefale det. Les hele Amgash-serien, i det minste! Det er de verdt. Boken er fint oversatt av Hilde R\u00f8d-Larsen, som har klart \u00e5 finne den riktige underfundige tonen i teksten","av_anmeldelser":"Mari Grydeland","terningkast":false,"kilde":"Aftenposten"},{"tekst_anmeldelser":"En dypt menneskelig roman, om det ekstraordin\u00e6re i helt vanlige menneskers liv. ... Strout selv har stor \u00f8mhet for sine karakterer. Og det er dette som gj\u00f8r at jeg ikke kan annet enn \u00e5 ber\u00f8res og betages av portrettene hun skaper.\u00bb","av_anmeldelser":"\u00c5ste Dokka","terningkast":false,"kilde":"V\u00e5rt Land"},{"tekst_anmeldelser":"\u00abStrout-fansen vil elske \u00e5 se den r\u00f8ffe hovedpersonen i forfatterens pulizerprisvinnende Olive Kitteridge endelig m\u00f8te den skj\u00f8re heltinnen i Lucy Barton-b\u00f8kene. Men v\u00e6r ikke redd selv om du aldri tidligere har \u00e5pnet en Strout-roman, allerede p\u00e5 slutten av f\u00f8rste kapittel vil du f\u00f8le deg som en innbygger i Crosby i Maine.\u00bb","av_anmeldelser":"Tor Hammer\u00f8","terningkast":"<i class=\"fa-solid fa-dice-six\"><\/i>","kilde":"Oprah Daily"},{"tekst_anmeldelser":"Amerikanske Elizabeth Strout har de seineste \u00e5ra inntatt en pallplass hos meg som en av de aller st\u00f8rste n\u00e5levende historiefortellerne. Med \"Fortell meg alt\" kommer det nok en bekreftelse p\u00e5 det. [...] Elizabeth Strout er enkelt og greit en av v\u00e5r tids store forfattere.","av_anmeldelser":"Tor Hammer\u00f8","terningkast":"<i class=\"fa-solid fa-dice-six\"><\/i>","kilde":"Nettavisen"},{"tekst_anmeldelser":"Fortell meg alt tar opp i seg hele hennes tidligere forfatterskap p\u00e5 mesterlig vis ... Med f\u00f8lsomhet og et ofte undervurdert skarpsinn samler hun et etter hvert sv\u00e6rt intrikat sett personer og skjebner. Hele orkesteret er samlet; ingen spiller feil.","av_anmeldelser":"Erik Bjerck Hagen","terningkast":"<i class=\"fa-solid fa-dice-five\"><\/i>","kilde":"Morgenbladet"},{"tekst_anmeldelser":"\u00abStrout er en magiker.\u00bb","av_anmeldelser":"Hilde Vesaas","terningkast":false,"kilde":"The Observer"},{"tekst_anmeldelser":"Det er trygt \u00e5 v\u00e6re i Strouts univers, b\u00e5de for innvidde og nye lesere. Det kan skyldes at hun lar mennesker som har erfart et og annet i et langt liv, komme til orde. ... Det er vakkert, trist, raust og smart.","av_anmeldelser":"Anne Cathrine Straume","terningkast":"<i class=\"fa-solid fa-dice-five\"><\/i>","kilde":"NRK"},{"tekst_anmeldelser":"Evna til \u00e5 kome p\u00e5 innsida av menneske [er] Elizabeth Strouts superkraft. [...]Det er m\u00e5ten ho skriv fram karakterar p\u00e5, s\u00e5 levande at ein synest ein kjenner dei og nesten blir overraska over at dei ikkje vandrar rundt som verkelege folk \u2013 i Maine, i New York \u2013 som er heilt spesiell.","av_anmeldelser":"Hilde Vesaas","terningkast":false,"kilde":"Dag og Tid"}]},"yoast_head":"<!-- This site is optimized with the Yoast SEO plugin v26.6 - https:\/\/yoast.com\/wordpress\/plugins\/seo\/ -->\n<title>Fortell meg alt - Forlaget Press<\/title>\n<meta name=\"robots\" content=\"noindex, follow, max-snippet:-1, max-image-preview:large, max-video-preview:-1\" \/>\n<meta property=\"og:locale\" content=\"nb_NO\" \/>\n<meta property=\"og:type\" content=\"article\" \/>\n<meta property=\"og:title\" content=\"Fortell meg alt - Forlaget Press\" \/>\n<meta property=\"og:description\" content=\"Det er h\u00f8st i Maine og sm\u00e5byadvokaten Bob Burgess er opptatt med en drapsetterforskning. Han forsvarer en ensom, isolert mann som er mistenkt for \u00e5 ha drept sin egen mor. Samtidig er Bob oppslukt av \u00e5 dyrke vennskapet med den anerkjente forfatteren Lucy Barton. Lucy og Bob snakker om livet, om det de h\u00e5per p\u00e5 [&hellip;]\" \/>\n<meta property=\"og:url\" content=\"https:\/\/staging.forenteforlag.no\/forlaget\/produkt\/fortell-meg-alt\/\" \/>\n<meta property=\"og:site_name\" content=\"Forlaget Press\" \/>\n<meta property=\"article:publisher\" content=\"https:\/\/www.facebook.com\/Forlagetpress\" \/>\n<meta property=\"article:modified_time\" content=\"2026-03-02T16:06:34+00:00\" \/>\n<meta property=\"og:image\" content=\"https:\/\/staging.forenteforlag.no\/forlaget\/wp-content\/uploads\/sites\/3\/2025\/02\/forlagetpress-scaled.jpg\" \/>\n\t<meta property=\"og:image:width\" content=\"1920\" \/>\n\t<meta property=\"og:image:height\" content=\"1280\" \/>\n\t<meta property=\"og:image:type\" content=\"image\/jpeg\" \/>\n<meta name=\"twitter:card\" content=\"summary_large_image\" \/>\n<meta name=\"twitter:label1\" content=\"Ansl. lesetid\" \/>\n\t<meta name=\"twitter:data1\" content=\"2 minutter\" \/>\n<script type=\"application\/ld+json\" class=\"yoast-schema-graph\">{\"@context\":\"https:\/\/schema.org\",\"@graph\":[{\"@type\":\"WebPage\",\"@id\":\"https:\/\/staging.forenteforlag.no\/forlaget\/produkt\/fortell-meg-alt\/\",\"url\":\"https:\/\/staging.forenteforlag.no\/forlaget\/produkt\/fortell-meg-alt\/\",\"name\":\"Fortell meg alt - Forlaget Press\",\"isPartOf\":{\"@id\":\"https:\/\/staging.forenteforlag.no\/forlaget\/#website\"},\"primaryImageOfPage\":{\"@id\":\"https:\/\/staging.forenteforlag.no\/forlaget\/produkt\/fortell-meg-alt\/#primaryimage\"},\"image\":{\"@id\":\"https:\/\/staging.forenteforlag.no\/forlaget\/produkt\/fortell-meg-alt\/#primaryimage\"},\"thumbnailUrl\":\"https:\/\/staging.forenteforlag.no\/forlaget\/wp-content\/uploads\/sites\/3\/2026\/02\/9788232806515.jpg\",\"datePublished\":\"2025-03-15T14:37:07+00:00\",\"dateModified\":\"2026-03-02T16:06:34+00:00\",\"breadcrumb\":{\"@id\":\"https:\/\/staging.forenteforlag.no\/forlaget\/produkt\/fortell-meg-alt\/#breadcrumb\"},\"inLanguage\":\"nb-NO\",\"potentialAction\":[{\"@type\":\"ReadAction\",\"target\":[\"https:\/\/staging.forenteforlag.no\/forlaget\/produkt\/fortell-meg-alt\/\"]}]},{\"@type\":\"ImageObject\",\"inLanguage\":\"nb-NO\",\"@id\":\"https:\/\/staging.forenteforlag.no\/forlaget\/produkt\/fortell-meg-alt\/#primaryimage\",\"url\":\"https:\/\/staging.forenteforlag.no\/forlaget\/wp-content\/uploads\/sites\/3\/2026\/02\/9788232806515.jpg\",\"contentUrl\":\"https:\/\/staging.forenteforlag.no\/forlaget\/wp-content\/uploads\/sites\/3\/2026\/02\/9788232806515.jpg\",\"width\":720,\"height\":1062},{\"@type\":\"BreadcrumbList\",\"@id\":\"https:\/\/staging.forenteforlag.no\/forlaget\/produkt\/fortell-meg-alt\/#breadcrumb\",\"itemListElement\":[{\"@type\":\"ListItem\",\"position\":1,\"name\":\"Hjem\",\"item\":\"https:\/\/staging.forenteforlag.no\/forlaget\/\"},{\"@type\":\"ListItem\",\"position\":2,\"name\":\"Alle b\u00f8ker\",\"item\":\"https:\/\/staging.forenteforlag.no\/forlaget\/butikk\/\"},{\"@type\":\"ListItem\",\"position\":3,\"name\":\"Fortell meg alt\"}]},{\"@type\":\"WebSite\",\"@id\":\"https:\/\/staging.forenteforlag.no\/forlaget\/#website\",\"url\":\"https:\/\/staging.forenteforlag.no\/forlaget\/\",\"name\":\"Forlaget Press\",\"description\":\"\",\"publisher\":{\"@id\":\"https:\/\/staging.forenteforlag.no\/forlaget\/#organization\"},\"potentialAction\":[{\"@type\":\"SearchAction\",\"target\":{\"@type\":\"EntryPoint\",\"urlTemplate\":\"https:\/\/staging.forenteforlag.no\/forlaget\/?s={search_term_string}\"},\"query-input\":{\"@type\":\"PropertyValueSpecification\",\"valueRequired\":true,\"valueName\":\"search_term_string\"}}],\"inLanguage\":\"nb-NO\"},{\"@type\":\"Organization\",\"@id\":\"https:\/\/staging.forenteforlag.no\/forlaget\/#organization\",\"name\":\"Forlaget Press\",\"url\":\"https:\/\/staging.forenteforlag.no\/forlaget\/\",\"logo\":{\"@type\":\"ImageObject\",\"inLanguage\":\"nb-NO\",\"@id\":\"https:\/\/staging.forenteforlag.no\/forlaget\/#\/schema\/logo\/image\/\",\"url\":\"https:\/\/staging.forenteforlag.no\/forlaget\/wp-content\/uploads\/sites\/3\/2024\/09\/Press_logo.svg\",\"contentUrl\":\"https:\/\/staging.forenteforlag.no\/forlaget\/wp-content\/uploads\/sites\/3\/2024\/09\/Press_logo.svg\",\"width\":100,\"height\":100,\"caption\":\"Forlaget Press\"},\"image\":{\"@id\":\"https:\/\/staging.forenteforlag.no\/forlaget\/#\/schema\/logo\/image\/\"},\"sameAs\":[\"https:\/\/www.facebook.com\/Forlagetpress\"]}]}<\/script>\n<!-- \/ Yoast SEO plugin. -->","yoast_head_json":{"title":"Fortell meg alt - Forlaget Press","robots":{"index":"noindex","follow":"follow","max-snippet":"max-snippet:-1","max-image-preview":"max-image-preview:large","max-video-preview":"max-video-preview:-1"},"og_locale":"nb_NO","og_type":"article","og_title":"Fortell meg alt - Forlaget Press","og_description":"Det er h\u00f8st i Maine og sm\u00e5byadvokaten Bob Burgess er opptatt med en drapsetterforskning. Han forsvarer en ensom, isolert mann som er mistenkt for \u00e5 ha drept sin egen mor. Samtidig er Bob oppslukt av \u00e5 dyrke vennskapet med den anerkjente forfatteren Lucy Barton. Lucy og Bob snakker om livet, om det de h\u00e5per p\u00e5 [&hellip;]","og_url":"https:\/\/staging.forenteforlag.no\/forlaget\/produkt\/fortell-meg-alt\/","og_site_name":"Forlaget Press","article_publisher":"https:\/\/www.facebook.com\/Forlagetpress","article_modified_time":"2026-03-02T16:06:34+00:00","og_image":[{"width":1920,"height":1280,"url":"https:\/\/staging.forenteforlag.no\/forlaget\/wp-content\/uploads\/sites\/3\/2025\/02\/forlagetpress-scaled.jpg","type":"image\/jpeg"}],"twitter_card":"summary_large_image","twitter_misc":{"Ansl. lesetid":"2 minutter"},"schema":{"@context":"https:\/\/schema.org","@graph":[{"@type":"WebPage","@id":"https:\/\/staging.forenteforlag.no\/forlaget\/produkt\/fortell-meg-alt\/","url":"https:\/\/staging.forenteforlag.no\/forlaget\/produkt\/fortell-meg-alt\/","name":"Fortell meg alt - Forlaget Press","isPartOf":{"@id":"https:\/\/staging.forenteforlag.no\/forlaget\/#website"},"primaryImageOfPage":{"@id":"https:\/\/staging.forenteforlag.no\/forlaget\/produkt\/fortell-meg-alt\/#primaryimage"},"image":{"@id":"https:\/\/staging.forenteforlag.no\/forlaget\/produkt\/fortell-meg-alt\/#primaryimage"},"thumbnailUrl":"https:\/\/staging.forenteforlag.no\/forlaget\/wp-content\/uploads\/sites\/3\/2026\/02\/9788232806515.jpg","datePublished":"2025-03-15T14:37:07+00:00","dateModified":"2026-03-02T16:06:34+00:00","breadcrumb":{"@id":"https:\/\/staging.forenteforlag.no\/forlaget\/produkt\/fortell-meg-alt\/#breadcrumb"},"inLanguage":"nb-NO","potentialAction":[{"@type":"ReadAction","target":["https:\/\/staging.forenteforlag.no\/forlaget\/produkt\/fortell-meg-alt\/"]}]},{"@type":"ImageObject","inLanguage":"nb-NO","@id":"https:\/\/staging.forenteforlag.no\/forlaget\/produkt\/fortell-meg-alt\/#primaryimage","url":"https:\/\/staging.forenteforlag.no\/forlaget\/wp-content\/uploads\/sites\/3\/2026\/02\/9788232806515.jpg","contentUrl":"https:\/\/staging.forenteforlag.no\/forlaget\/wp-content\/uploads\/sites\/3\/2026\/02\/9788232806515.jpg","width":720,"height":1062},{"@type":"BreadcrumbList","@id":"https:\/\/staging.forenteforlag.no\/forlaget\/produkt\/fortell-meg-alt\/#breadcrumb","itemListElement":[{"@type":"ListItem","position":1,"name":"Hjem","item":"https:\/\/staging.forenteforlag.no\/forlaget\/"},{"@type":"ListItem","position":2,"name":"Alle b\u00f8ker","item":"https:\/\/staging.forenteforlag.no\/forlaget\/butikk\/"},{"@type":"ListItem","position":3,"name":"Fortell meg alt"}]},{"@type":"WebSite","@id":"https:\/\/staging.forenteforlag.no\/forlaget\/#website","url":"https:\/\/staging.forenteforlag.no\/forlaget\/","name":"Forlaget Press","description":"","publisher":{"@id":"https:\/\/staging.forenteforlag.no\/forlaget\/#organization"},"potentialAction":[{"@type":"SearchAction","target":{"@type":"EntryPoint","urlTemplate":"https:\/\/staging.forenteforlag.no\/forlaget\/?s={search_term_string}"},"query-input":{"@type":"PropertyValueSpecification","valueRequired":true,"valueName":"search_term_string"}}],"inLanguage":"nb-NO"},{"@type":"Organization","@id":"https:\/\/staging.forenteforlag.no\/forlaget\/#organization","name":"Forlaget Press","url":"https:\/\/staging.forenteforlag.no\/forlaget\/","logo":{"@type":"ImageObject","inLanguage":"nb-NO","@id":"https:\/\/staging.forenteforlag.no\/forlaget\/#\/schema\/logo\/image\/","url":"https:\/\/staging.forenteforlag.no\/forlaget\/wp-content\/uploads\/sites\/3\/2024\/09\/Press_logo.svg","contentUrl":"https:\/\/staging.forenteforlag.no\/forlaget\/wp-content\/uploads\/sites\/3\/2024\/09\/Press_logo.svg","width":100,"height":100,"caption":"Forlaget Press"},"image":{"@id":"https:\/\/staging.forenteforlag.no\/forlaget\/#\/schema\/logo\/image\/"},"sameAs":["https:\/\/www.facebook.com\/Forlagetpress"]}]}},"_links":{"self":[{"href":"https:\/\/staging.forenteforlag.no\/forlaget\/wp-json\/wp\/v2\/product\/22405","targetHints":{"allow":["GET"]}}],"collection":[{"href":"https:\/\/staging.forenteforlag.no\/forlaget\/wp-json\/wp\/v2\/product"}],"about":[{"href":"https:\/\/staging.forenteforlag.no\/forlaget\/wp-json\/wp\/v2\/types\/product"}],"wp:featuredmedia":[{"embeddable":true,"href":"https:\/\/staging.forenteforlag.no\/forlaget\/wp-json\/wp\/v2\/media\/26573"}],"wp:attachment":[{"href":"https:\/\/staging.forenteforlag.no\/forlaget\/wp-json\/wp\/v2\/media?parent=22405"}],"wp:term":[{"taxonomy":"product_brand","embeddable":true,"href":"https:\/\/staging.forenteforlag.no\/forlaget\/wp-json\/wp\/v2\/product_brand?post=22405"},{"taxonomy":"product_cat","embeddable":true,"href":"https:\/\/staging.forenteforlag.no\/forlaget\/wp-json\/wp\/v2\/product_cat?post=22405"},{"taxonomy":"product_tag","embeddable":true,"href":"https:\/\/staging.forenteforlag.no\/forlaget\/wp-json\/wp\/v2\/product_tag?post=22405"}],"curies":[{"name":"wp","href":"https:\/\/api.w.org\/{rel}","templated":true}]}}