{"id":22377,"date":"2018-05-09T02:00:00","date_gmt":"2018-05-09T00:00:00","guid":{"rendered":"https:\/\/forlagetpress.forenteforlag.no\/produkt\/sommerlys-og-sa-kommer-natten-2\/"},"modified":"2026-03-04T09:39:17","modified_gmt":"2026-03-04T08:39:17","slug":"sommerlys-og-sa-kommer-natten-2","status":"publish","type":"product","link":"https:\/\/staging.forenteforlag.no\/forlaget\/produkt\/sommerlys-og-sa-kommer-natten-2\/","title":{"rendered":"Sommerlys, og s\u00e5 kommer natten"},"content":{"rendered":"<p>F\u00e5 forfattere har en like hengiven leserskare som J\u00f3n Kalman Stef\u00e1nsson. Med den fantastiske trilogien om Gutten og de to prisbel\u00f8nte Keflavik-romanene har islendingen vunnet over kritikere og lesere b\u00e5de her i Norge og internasjonalt. N\u00e5 kommer endelig Stefanssons store gjennombruddsroman p\u00e5 norsk: den vakre, vittige og vemodige Sommerlys og s\u00e5 kommer natten. Boka er et utrolig litter\u00e6rt portrett av en landsby p\u00e5 den islandske vestkysten og menneskene, dr\u00f8mmene og lengslene som lever der: En skildring av vanlige menneskers uvanlige liv &#8211; utf\u00f8rt med Kalman Stef\u00e1nssons uforlignelige blanding av \u00f8mhet, humor, skj\u00f8nnhet og fantasi. <\/p>\n<p>\u00abVi skal ikke fortelle om hele byen, vi skal ikke g\u00e5 fra hus til hus, det vil du ikke orke, men her kommer det helt sikkert til \u00e5 fortelles om lidelsene som knytter dagene og nettene sammen, om en lykkelig lastebilsj\u00e5f\u00f8r, om Elisabeths svarte silkekjole og han som kom med bussen, om Turid som er s\u00e5 lang, og s\u00e5 full av hemmelig lengsel &#8211; og om en enslig bonde og en fire tusen \u00e5r gammel mumie.\u00bb<\/p>\n","protected":false},"excerpt":{"rendered":"<p>F\u00e5 forfattere har en like hengiven leserskare som J\u00f3n Kalman Stef\u00e1nsson. Med den fantastiske trilogien om Gutten og de to prisbel\u00f8nte Keflavik-romanene har islendingen vunnet over kritikere og lesere b\u00e5de her i Norge og internasjonalt. N\u00e5 kommer endelig Stefanssons store gjennombruddsroman p\u00e5 norsk: den vakre, vittige og vemodige Sommerlys og s\u00e5 kommer natten. Boka er [&hellip;]<\/p>\n","protected":false},"featured_media":26299,"template":"","meta":{"_acf_changed":false,"inline_featured_image":false},"product_brand":[],"product_cat":[1781],"product_tag":[370],"class_list":{"0":"post-22377","1":"product","2":"type-product","3":"status-publish","4":"has-post-thumbnail","6":"product_cat-rabattkodekampanje","7":"product_tag-skjonnlitteratur","9":"first","10":"instock","11":"shipping-taxable","12":"purchasable","13":"product-type-simple"},"acf":{"anmeldelse":[{"tekst_anmeldelser":"\u00abStore dr\u00f8mmer og sm\u00e5 menneskeliv smelter sammen til en helst\u00f8pt litter\u00e6r enhet i denne vakre romanen. [\u2026] str\u00e5lende oversatt av Tone Myklebost. [...] Den er noe silkemykt og n\u00e6rmest florlett over spr\u00e5ket til Stef\u00e1nsson i denne boken, noe som kler den dr\u00f8mmeaktige atmosf\u00e6ren som hviler over historiene vi blir fortalt.\u00bb","av_anmeldelser":"Sindre Hovdenakk","terningkast":"<i class=\"fa-solid fa-dice-five\"><\/i>","kilde":"VG"},{"tekst_anmeldelser":"\u00abDen vakreste romanen jeg har lest (...) N\u00e5r du g\u00e5r tom for store ord allerede i overskriften, hva da? N\u00e5r alt du vil si er: Kj\u00f8p denne boka. Les langsomt. Nyt hvert ord. Finere har du ikke sett et lite samfunn skildret f\u00f8r. Helt sikkert!\u00bb","av_anmeldelser":"Fartein Horgar","terningkast":"<i class=\"fa-solid fa-dice-six\"><\/i>","kilde":"Adresseavisen"},{"tekst_anmeldelser":"\u00abAt han aldri har f\u00e5tt prisen han har v\u00e6rt nominert til fire ganger, n\u00e6rmer seg en skandale. Endelig er J\u00f3n Kalman Stef\u00e1nssons \u00abSommerlys \u2013 og s\u00e5 kommer natten\u00bb oversatt til norsk. [\u2026] S\u00f8dmefylt, humoristisk, vakkert og sorgtungt. [\u2026] Tone Myklebost har oversatt boka, slik hun har gjort med samtlige av Stef\u00e1nssons etter hvert mange norske titler. Min begeistring skyldes ogs\u00e5 hennes gjendiktning av Stef\u00e1nssons unike litter\u00e6re univers.\u00bb","av_anmeldelser":"Cathrine Kr\u00f8ger","terningkast":"<i class=\"fa-solid fa-dice-six\"><\/i>","kilde":"Dagbladet"},{"tekst_anmeldelser":"\u00abHeite kjelder, kald himmel, J\u00f3n Kalman Stef\u00e1nsson har skrive ein fabelaktig roman og lengt og lagnad.\u00bb","av_anmeldelser":"Odd W. Sur\u00e9n","terningkast":false,"kilde":"Dag og Tid"},{"tekst_anmeldelser":"\u00abInvitasjon til lesefest\u00bb","av_anmeldelser":"Jan Askelund","terningkast":false,"kilde":"Stavanger Aftenblad"},{"tekst_anmeldelser":"\u00abEn slik fryd \u00e5 lese at man nesten vil holde den hemmelig. J\u00f3n Kalman Stef\u00e1nssons gjennombruddsroman er en slags 'Fl\u00e5klypa Tidende' fra den islandske landsbygda, men vakrere.\u00bb","av_anmeldelser":"Bj\u00f8rn Gabrielsen","terningkast":false,"kilde":"Dagens N\u00e6ringsliv"}]},"yoast_head":"<!-- This site is optimized with the Yoast SEO plugin v26.6 - https:\/\/yoast.com\/wordpress\/plugins\/seo\/ -->\n<title>Sommerlys, og s\u00e5 kommer natten - Forlaget Press<\/title>\n<meta name=\"robots\" content=\"noindex, follow, max-snippet:-1, max-image-preview:large, max-video-preview:-1\" \/>\n<meta property=\"og:locale\" content=\"nb_NO\" \/>\n<meta property=\"og:type\" content=\"article\" \/>\n<meta property=\"og:title\" content=\"Sommerlys, og s\u00e5 kommer natten - Forlaget Press\" \/>\n<meta property=\"og:description\" content=\"F\u00e5 forfattere har en like hengiven leserskare som J\u00f3n Kalman Stef\u00e1nsson. Med den fantastiske trilogien om Gutten og de to prisbel\u00f8nte Keflavik-romanene har islendingen vunnet over kritikere og lesere b\u00e5de her i Norge og internasjonalt. N\u00e5 kommer endelig Stefanssons store gjennombruddsroman p\u00e5 norsk: den vakre, vittige og vemodige Sommerlys og s\u00e5 kommer natten. Boka er [&hellip;]\" \/>\n<meta property=\"og:url\" content=\"https:\/\/staging.forenteforlag.no\/forlaget\/produkt\/sommerlys-og-sa-kommer-natten-2\/\" \/>\n<meta property=\"og:site_name\" content=\"Forlaget Press\" \/>\n<meta property=\"article:publisher\" content=\"https:\/\/www.facebook.com\/Forlagetpress\" \/>\n<meta property=\"article:modified_time\" content=\"2026-03-04T08:39:17+00:00\" \/>\n<meta property=\"og:image\" content=\"https:\/\/staging.forenteforlag.no\/forlaget\/wp-content\/uploads\/sites\/3\/2026\/02\/9788232801688.jpg\" \/>\n\t<meta property=\"og:image:width\" content=\"720\" \/>\n\t<meta property=\"og:image:height\" content=\"1062\" \/>\n\t<meta property=\"og:image:type\" content=\"image\/jpeg\" \/>\n<meta name=\"twitter:card\" content=\"summary_large_image\" \/>\n<meta name=\"twitter:label1\" content=\"Ansl. lesetid\" \/>\n\t<meta name=\"twitter:data1\" content=\"1 minutt\" \/>\n<script type=\"application\/ld+json\" class=\"yoast-schema-graph\">{\"@context\":\"https:\/\/schema.org\",\"@graph\":[{\"@type\":\"WebPage\",\"@id\":\"https:\/\/staging.forenteforlag.no\/forlaget\/produkt\/sommerlys-og-sa-kommer-natten-2\/\",\"url\":\"https:\/\/staging.forenteforlag.no\/forlaget\/produkt\/sommerlys-og-sa-kommer-natten-2\/\",\"name\":\"Sommerlys, og s\u00e5 kommer natten - Forlaget Press\",\"isPartOf\":{\"@id\":\"https:\/\/staging.forenteforlag.no\/forlaget\/#website\"},\"primaryImageOfPage\":{\"@id\":\"https:\/\/staging.forenteforlag.no\/forlaget\/produkt\/sommerlys-og-sa-kommer-natten-2\/#primaryimage\"},\"image\":{\"@id\":\"https:\/\/staging.forenteforlag.no\/forlaget\/produkt\/sommerlys-og-sa-kommer-natten-2\/#primaryimage\"},\"thumbnailUrl\":\"https:\/\/staging.forenteforlag.no\/forlaget\/wp-content\/uploads\/sites\/3\/2026\/02\/9788232801688.jpg\",\"datePublished\":\"2018-05-09T00:00:00+00:00\",\"dateModified\":\"2026-03-04T08:39:17+00:00\",\"breadcrumb\":{\"@id\":\"https:\/\/staging.forenteforlag.no\/forlaget\/produkt\/sommerlys-og-sa-kommer-natten-2\/#breadcrumb\"},\"inLanguage\":\"nb-NO\",\"potentialAction\":[{\"@type\":\"ReadAction\",\"target\":[\"https:\/\/staging.forenteforlag.no\/forlaget\/produkt\/sommerlys-og-sa-kommer-natten-2\/\"]}]},{\"@type\":\"ImageObject\",\"inLanguage\":\"nb-NO\",\"@id\":\"https:\/\/staging.forenteforlag.no\/forlaget\/produkt\/sommerlys-og-sa-kommer-natten-2\/#primaryimage\",\"url\":\"https:\/\/staging.forenteforlag.no\/forlaget\/wp-content\/uploads\/sites\/3\/2026\/02\/9788232801688.jpg\",\"contentUrl\":\"https:\/\/staging.forenteforlag.no\/forlaget\/wp-content\/uploads\/sites\/3\/2026\/02\/9788232801688.jpg\",\"width\":720,\"height\":1062},{\"@type\":\"BreadcrumbList\",\"@id\":\"https:\/\/staging.forenteforlag.no\/forlaget\/produkt\/sommerlys-og-sa-kommer-natten-2\/#breadcrumb\",\"itemListElement\":[{\"@type\":\"ListItem\",\"position\":1,\"name\":\"Hjem\",\"item\":\"https:\/\/staging.forenteforlag.no\/forlaget\/\"},{\"@type\":\"ListItem\",\"position\":2,\"name\":\"Alle b\u00f8ker\",\"item\":\"https:\/\/staging.forenteforlag.no\/forlaget\/butikk\/\"},{\"@type\":\"ListItem\",\"position\":3,\"name\":\"Sommerlys, og s\u00e5 kommer natten\"}]},{\"@type\":\"WebSite\",\"@id\":\"https:\/\/staging.forenteforlag.no\/forlaget\/#website\",\"url\":\"https:\/\/staging.forenteforlag.no\/forlaget\/\",\"name\":\"Forlaget Press\",\"description\":\"\",\"publisher\":{\"@id\":\"https:\/\/staging.forenteforlag.no\/forlaget\/#organization\"},\"potentialAction\":[{\"@type\":\"SearchAction\",\"target\":{\"@type\":\"EntryPoint\",\"urlTemplate\":\"https:\/\/staging.forenteforlag.no\/forlaget\/?s={search_term_string}\"},\"query-input\":{\"@type\":\"PropertyValueSpecification\",\"valueRequired\":true,\"valueName\":\"search_term_string\"}}],\"inLanguage\":\"nb-NO\"},{\"@type\":\"Organization\",\"@id\":\"https:\/\/staging.forenteforlag.no\/forlaget\/#organization\",\"name\":\"Forlaget Press\",\"url\":\"https:\/\/staging.forenteforlag.no\/forlaget\/\",\"logo\":{\"@type\":\"ImageObject\",\"inLanguage\":\"nb-NO\",\"@id\":\"https:\/\/staging.forenteforlag.no\/forlaget\/#\/schema\/logo\/image\/\",\"url\":\"https:\/\/staging.forenteforlag.no\/forlaget\/wp-content\/uploads\/sites\/3\/2024\/09\/Press_logo.svg\",\"contentUrl\":\"https:\/\/staging.forenteforlag.no\/forlaget\/wp-content\/uploads\/sites\/3\/2024\/09\/Press_logo.svg\",\"width\":100,\"height\":100,\"caption\":\"Forlaget Press\"},\"image\":{\"@id\":\"https:\/\/staging.forenteforlag.no\/forlaget\/#\/schema\/logo\/image\/\"},\"sameAs\":[\"https:\/\/www.facebook.com\/Forlagetpress\"]}]}<\/script>\n<!-- \/ Yoast SEO plugin. -->","yoast_head_json":{"title":"Sommerlys, og s\u00e5 kommer natten - Forlaget Press","robots":{"index":"noindex","follow":"follow","max-snippet":"max-snippet:-1","max-image-preview":"max-image-preview:large","max-video-preview":"max-video-preview:-1"},"og_locale":"nb_NO","og_type":"article","og_title":"Sommerlys, og s\u00e5 kommer natten - Forlaget Press","og_description":"F\u00e5 forfattere har en like hengiven leserskare som J\u00f3n Kalman Stef\u00e1nsson. Med den fantastiske trilogien om Gutten og de to prisbel\u00f8nte Keflavik-romanene har islendingen vunnet over kritikere og lesere b\u00e5de her i Norge og internasjonalt. N\u00e5 kommer endelig Stefanssons store gjennombruddsroman p\u00e5 norsk: den vakre, vittige og vemodige Sommerlys og s\u00e5 kommer natten. Boka er [&hellip;]","og_url":"https:\/\/staging.forenteforlag.no\/forlaget\/produkt\/sommerlys-og-sa-kommer-natten-2\/","og_site_name":"Forlaget Press","article_publisher":"https:\/\/www.facebook.com\/Forlagetpress","article_modified_time":"2026-03-04T08:39:17+00:00","og_image":[{"width":720,"height":1062,"url":"https:\/\/staging.forenteforlag.no\/forlaget\/wp-content\/uploads\/sites\/3\/2026\/02\/9788232801688.jpg","type":"image\/jpeg"}],"twitter_card":"summary_large_image","twitter_misc":{"Ansl. lesetid":"1 minutt"},"schema":{"@context":"https:\/\/schema.org","@graph":[{"@type":"WebPage","@id":"https:\/\/staging.forenteforlag.no\/forlaget\/produkt\/sommerlys-og-sa-kommer-natten-2\/","url":"https:\/\/staging.forenteforlag.no\/forlaget\/produkt\/sommerlys-og-sa-kommer-natten-2\/","name":"Sommerlys, og s\u00e5 kommer natten - Forlaget Press","isPartOf":{"@id":"https:\/\/staging.forenteforlag.no\/forlaget\/#website"},"primaryImageOfPage":{"@id":"https:\/\/staging.forenteforlag.no\/forlaget\/produkt\/sommerlys-og-sa-kommer-natten-2\/#primaryimage"},"image":{"@id":"https:\/\/staging.forenteforlag.no\/forlaget\/produkt\/sommerlys-og-sa-kommer-natten-2\/#primaryimage"},"thumbnailUrl":"https:\/\/staging.forenteforlag.no\/forlaget\/wp-content\/uploads\/sites\/3\/2026\/02\/9788232801688.jpg","datePublished":"2018-05-09T00:00:00+00:00","dateModified":"2026-03-04T08:39:17+00:00","breadcrumb":{"@id":"https:\/\/staging.forenteforlag.no\/forlaget\/produkt\/sommerlys-og-sa-kommer-natten-2\/#breadcrumb"},"inLanguage":"nb-NO","potentialAction":[{"@type":"ReadAction","target":["https:\/\/staging.forenteforlag.no\/forlaget\/produkt\/sommerlys-og-sa-kommer-natten-2\/"]}]},{"@type":"ImageObject","inLanguage":"nb-NO","@id":"https:\/\/staging.forenteforlag.no\/forlaget\/produkt\/sommerlys-og-sa-kommer-natten-2\/#primaryimage","url":"https:\/\/staging.forenteforlag.no\/forlaget\/wp-content\/uploads\/sites\/3\/2026\/02\/9788232801688.jpg","contentUrl":"https:\/\/staging.forenteforlag.no\/forlaget\/wp-content\/uploads\/sites\/3\/2026\/02\/9788232801688.jpg","width":720,"height":1062},{"@type":"BreadcrumbList","@id":"https:\/\/staging.forenteforlag.no\/forlaget\/produkt\/sommerlys-og-sa-kommer-natten-2\/#breadcrumb","itemListElement":[{"@type":"ListItem","position":1,"name":"Hjem","item":"https:\/\/staging.forenteforlag.no\/forlaget\/"},{"@type":"ListItem","position":2,"name":"Alle b\u00f8ker","item":"https:\/\/staging.forenteforlag.no\/forlaget\/butikk\/"},{"@type":"ListItem","position":3,"name":"Sommerlys, og s\u00e5 kommer natten"}]},{"@type":"WebSite","@id":"https:\/\/staging.forenteforlag.no\/forlaget\/#website","url":"https:\/\/staging.forenteforlag.no\/forlaget\/","name":"Forlaget Press","description":"","publisher":{"@id":"https:\/\/staging.forenteforlag.no\/forlaget\/#organization"},"potentialAction":[{"@type":"SearchAction","target":{"@type":"EntryPoint","urlTemplate":"https:\/\/staging.forenteforlag.no\/forlaget\/?s={search_term_string}"},"query-input":{"@type":"PropertyValueSpecification","valueRequired":true,"valueName":"search_term_string"}}],"inLanguage":"nb-NO"},{"@type":"Organization","@id":"https:\/\/staging.forenteforlag.no\/forlaget\/#organization","name":"Forlaget Press","url":"https:\/\/staging.forenteforlag.no\/forlaget\/","logo":{"@type":"ImageObject","inLanguage":"nb-NO","@id":"https:\/\/staging.forenteforlag.no\/forlaget\/#\/schema\/logo\/image\/","url":"https:\/\/staging.forenteforlag.no\/forlaget\/wp-content\/uploads\/sites\/3\/2024\/09\/Press_logo.svg","contentUrl":"https:\/\/staging.forenteforlag.no\/forlaget\/wp-content\/uploads\/sites\/3\/2024\/09\/Press_logo.svg","width":100,"height":100,"caption":"Forlaget Press"},"image":{"@id":"https:\/\/staging.forenteforlag.no\/forlaget\/#\/schema\/logo\/image\/"},"sameAs":["https:\/\/www.facebook.com\/Forlagetpress"]}]}},"_links":{"self":[{"href":"https:\/\/staging.forenteforlag.no\/forlaget\/wp-json\/wp\/v2\/product\/22377","targetHints":{"allow":["GET"]}}],"collection":[{"href":"https:\/\/staging.forenteforlag.no\/forlaget\/wp-json\/wp\/v2\/product"}],"about":[{"href":"https:\/\/staging.forenteforlag.no\/forlaget\/wp-json\/wp\/v2\/types\/product"}],"wp:featuredmedia":[{"embeddable":true,"href":"https:\/\/staging.forenteforlag.no\/forlaget\/wp-json\/wp\/v2\/media\/26299"}],"wp:attachment":[{"href":"https:\/\/staging.forenteforlag.no\/forlaget\/wp-json\/wp\/v2\/media?parent=22377"}],"wp:term":[{"taxonomy":"product_brand","embeddable":true,"href":"https:\/\/staging.forenteforlag.no\/forlaget\/wp-json\/wp\/v2\/product_brand?post=22377"},{"taxonomy":"product_cat","embeddable":true,"href":"https:\/\/staging.forenteforlag.no\/forlaget\/wp-json\/wp\/v2\/product_cat?post=22377"},{"taxonomy":"product_tag","embeddable":true,"href":"https:\/\/staging.forenteforlag.no\/forlaget\/wp-json\/wp\/v2\/product_tag?post=22377"}],"curies":[{"name":"wp","href":"https:\/\/api.w.org\/{rel}","templated":true}]}}