{"id":22344,"date":"2021-05-25T02:00:00","date_gmt":"2021-05-25T00:00:00","guid":{"rendered":"https:\/\/forlagetpress.forenteforlag.no\/produkt\/stjernenes-knitring-2\/"},"modified":"2026-03-03T18:46:27","modified_gmt":"2026-03-03T17:46:27","slug":"stjernenes-knitring-2","status":"publish","type":"product","link":"https:\/\/staging.forenteforlag.no\/forlaget\/produkt\/stjernenes-knitring-2\/","title":{"rendered":"Stjernenes knitring"},"content":{"rendered":"<p>\u00c5 v\u00e6re sju \u00e5r gammel og miste moren sin. \u00c5 v\u00e6re sju \u00e5r gammel p\u00e5 gulvet sammen med lekesoldatene, en hel verden alene, ingenting annet finnes. \u00c5 v\u00e6re sju \u00e5r gammel og bo i en liten leilighet i Reykjavik sammen faren sin, han sier ikke mye, men han er der. \u00c5 v\u00e6re sju \u00e5r gammel og se en dame du ikke kjenner komme ut av soverommet hans en morgen. Etterp\u00e5 blir alt annerledes: Etterp\u00e5 er dere tre. Hun koker havregr\u00f8t til frokost hver morgen, du kjenner henne ikke. \u00c5 v\u00e6re sju \u00e5r gammel, \u00e5 falle til ro i bestemorens stemme, fortellingene hennes, om mennesker du ikke kjenner, mennesker du likevel er bundet til &#8211; fortellinger som l\u00f8fter deg vekk, b\u00e6rer deg fram, fortellinger om dr\u00f8mmene de bar p\u00e5 lenge f\u00f8r du fantes, om hva det vil si \u00e5 h\u00f8re sammen. <\/p>\n<p>Stjernenes knitring er umiskjennelig Stef\u00e1nsson: Flommen av fortellinger, spr\u00e5kets skj\u00f8nnhet, varmen og inderligheten &#8211; kombinert med den burleske humoren og den overrumplende ironien. Som ofte ellers i forfatterskapet flettes fortid og n\u00e5tid sammen i et flertydig bilde av det islandske samfunnet. Men ingen andre steder i Stefanssons romaner finnes en barndomsskildring akkurat som i Stjernenes knitring: melankolsk, nysgjerrig, tilbakeholden og medf\u00f8lende.<\/p>\n","protected":false},"excerpt":{"rendered":"<p>\u00c5 v\u00e6re sju \u00e5r gammel og miste moren sin. \u00c5 v\u00e6re sju \u00e5r gammel p\u00e5 gulvet sammen med lekesoldatene, en hel verden alene, ingenting annet finnes. \u00c5 v\u00e6re sju \u00e5r gammel og bo i en liten leilighet i Reykjavik sammen faren sin, han sier ikke mye, men han er der. \u00c5 v\u00e6re sju \u00e5r gammel [&hellip;]<\/p>\n","protected":false},"featured_media":26437,"template":"","meta":{"_acf_changed":false,"inline_featured_image":false},"product_brand":[],"product_cat":[1781],"product_tag":[370],"class_list":{"0":"post-22344","1":"product","2":"type-product","3":"status-publish","4":"has-post-thumbnail","6":"product_cat-rabattkodekampanje","7":"product_tag-skjonnlitteratur","9":"first","10":"instock","11":"shipping-taxable","12":"purchasable","13":"product-type-simple"},"acf":{"anmeldelse":[{"tekst_anmeldelser":"\u00abHan skriver prosa som om det skulle v\u00e6re poesi, og p\u00e5 det beste kan man klippe ut setninger og sm\u00e5 avsnitt og henge dem p\u00e5 kj\u00f8leskapet som dikt.\u00bb","av_anmeldelser":"Mim\u00edr Kristj\u00e1nsson","terningkast":false,"kilde":"Klassekampen"},{"tekst_anmeldelser":"\u00abOldefaren borar seg inn i meg, smyg seg forf\u00f8rande inn som om det var ein Hamsun eller ein Laxness som fabulerte fram sine mest farge\u00adrike figurar med storslegne draumar og veldige menneskelege svikt. Som nemnt: Det er ei overgangsbok vi har f\u00e5tt, ei bru mot det store som sidan er kome fr\u00e5 ein av Nordens fremste forfattarar: J\u00f3n Kalman Stef\u00e1nsson.\u00bb","av_anmeldelser":"Knut \u00d8deg\u00e5rd","terningkast":false,"kilde":"V\u00e5rt Land"},{"tekst_anmeldelser":"\u00abMed fare for \u00e5 gjenta meg selv, islenderen J\u00f3n Kalman Stef\u00e1nsson er av v\u00e5re desidert beste samtidsforfattere, og min absolutte yndling. [....] Mest av alt er dette en nydelig skildring av barndommen, av sorg og savn. Formulert i et vidunderlig spr\u00e5k og de mest fantastiske bilder.\u00bb","av_anmeldelser":"Cathrine Kr\u00f8ger","terningkast":"<i class=\"fa-solid fa-dice-five\"><\/i>","kilde":"Dagbladet"},{"tekst_anmeldelser":"\u00abHer er fire generasjoners isolasjon, ensomhet, eksplosivt begj\u00e6r helt umulig \u00e5 t\u00f8yle, og sorg s\u00e5 bunnl\u00f8s at man kunne smadre hele byen om man hadde anlegg for den slags. Ingen forfatter jeg har lest de siste tretti \u00e5ra er s\u00e5 i takt med de betingelser menneskene faktisk lever under, som J\u00f3n Kalman Stefanss\u00f3n.\u00bb","av_anmeldelser":"Fartein Horgar","terningkast":"<i class=\"fa-solid fa-dice-six\"><\/i>","kilde":"Adresseavisen"}]},"yoast_head":"<!-- This site is optimized with the Yoast SEO plugin v26.6 - https:\/\/yoast.com\/wordpress\/plugins\/seo\/ -->\n<title>Stjernenes knitring - Forlaget Press<\/title>\n<meta name=\"robots\" content=\"noindex, follow, max-snippet:-1, max-image-preview:large, max-video-preview:-1\" \/>\n<meta property=\"og:locale\" content=\"nb_NO\" \/>\n<meta property=\"og:type\" content=\"article\" \/>\n<meta property=\"og:title\" content=\"Stjernenes knitring - Forlaget Press\" \/>\n<meta property=\"og:description\" content=\"\u00c5 v\u00e6re sju \u00e5r gammel og miste moren sin. \u00c5 v\u00e6re sju \u00e5r gammel p\u00e5 gulvet sammen med lekesoldatene, en hel verden alene, ingenting annet finnes. \u00c5 v\u00e6re sju \u00e5r gammel og bo i en liten leilighet i Reykjavik sammen faren sin, han sier ikke mye, men han er der. \u00c5 v\u00e6re sju \u00e5r gammel [&hellip;]\" \/>\n<meta property=\"og:url\" content=\"https:\/\/staging.forenteforlag.no\/forlaget\/produkt\/stjernenes-knitring-2\/\" \/>\n<meta property=\"og:site_name\" content=\"Forlaget Press\" \/>\n<meta property=\"article:publisher\" content=\"https:\/\/www.facebook.com\/Forlagetpress\" \/>\n<meta property=\"article:modified_time\" content=\"2026-03-03T17:46:27+00:00\" \/>\n<meta property=\"og:image\" content=\"https:\/\/staging.forenteforlag.no\/forlaget\/wp-content\/uploads\/sites\/3\/2026\/02\/9788232804030.jpg\" \/>\n\t<meta property=\"og:image:width\" content=\"720\" \/>\n\t<meta property=\"og:image:height\" content=\"1052\" \/>\n\t<meta property=\"og:image:type\" content=\"image\/jpeg\" \/>\n<meta name=\"twitter:card\" content=\"summary_large_image\" \/>\n<meta name=\"twitter:label1\" content=\"Ansl. lesetid\" \/>\n\t<meta name=\"twitter:data1\" content=\"1 minutt\" \/>\n<script type=\"application\/ld+json\" class=\"yoast-schema-graph\">{\"@context\":\"https:\/\/schema.org\",\"@graph\":[{\"@type\":\"WebPage\",\"@id\":\"https:\/\/staging.forenteforlag.no\/forlaget\/produkt\/stjernenes-knitring-2\/\",\"url\":\"https:\/\/staging.forenteforlag.no\/forlaget\/produkt\/stjernenes-knitring-2\/\",\"name\":\"Stjernenes knitring - Forlaget Press\",\"isPartOf\":{\"@id\":\"https:\/\/staging.forenteforlag.no\/forlaget\/#website\"},\"primaryImageOfPage\":{\"@id\":\"https:\/\/staging.forenteforlag.no\/forlaget\/produkt\/stjernenes-knitring-2\/#primaryimage\"},\"image\":{\"@id\":\"https:\/\/staging.forenteforlag.no\/forlaget\/produkt\/stjernenes-knitring-2\/#primaryimage\"},\"thumbnailUrl\":\"https:\/\/staging.forenteforlag.no\/forlaget\/wp-content\/uploads\/sites\/3\/2026\/02\/9788232804030.jpg\",\"datePublished\":\"2021-05-25T00:00:00+00:00\",\"dateModified\":\"2026-03-03T17:46:27+00:00\",\"breadcrumb\":{\"@id\":\"https:\/\/staging.forenteforlag.no\/forlaget\/produkt\/stjernenes-knitring-2\/#breadcrumb\"},\"inLanguage\":\"nb-NO\",\"potentialAction\":[{\"@type\":\"ReadAction\",\"target\":[\"https:\/\/staging.forenteforlag.no\/forlaget\/produkt\/stjernenes-knitring-2\/\"]}]},{\"@type\":\"ImageObject\",\"inLanguage\":\"nb-NO\",\"@id\":\"https:\/\/staging.forenteforlag.no\/forlaget\/produkt\/stjernenes-knitring-2\/#primaryimage\",\"url\":\"https:\/\/staging.forenteforlag.no\/forlaget\/wp-content\/uploads\/sites\/3\/2026\/02\/9788232804030.jpg\",\"contentUrl\":\"https:\/\/staging.forenteforlag.no\/forlaget\/wp-content\/uploads\/sites\/3\/2026\/02\/9788232804030.jpg\",\"width\":720,\"height\":1052},{\"@type\":\"BreadcrumbList\",\"@id\":\"https:\/\/staging.forenteforlag.no\/forlaget\/produkt\/stjernenes-knitring-2\/#breadcrumb\",\"itemListElement\":[{\"@type\":\"ListItem\",\"position\":1,\"name\":\"Hjem\",\"item\":\"https:\/\/staging.forenteforlag.no\/forlaget\/\"},{\"@type\":\"ListItem\",\"position\":2,\"name\":\"Alle b\u00f8ker\",\"item\":\"https:\/\/staging.forenteforlag.no\/forlaget\/butikk\/\"},{\"@type\":\"ListItem\",\"position\":3,\"name\":\"Stjernenes knitring\"}]},{\"@type\":\"WebSite\",\"@id\":\"https:\/\/staging.forenteforlag.no\/forlaget\/#website\",\"url\":\"https:\/\/staging.forenteforlag.no\/forlaget\/\",\"name\":\"Forlaget Press\",\"description\":\"\",\"publisher\":{\"@id\":\"https:\/\/staging.forenteforlag.no\/forlaget\/#organization\"},\"potentialAction\":[{\"@type\":\"SearchAction\",\"target\":{\"@type\":\"EntryPoint\",\"urlTemplate\":\"https:\/\/staging.forenteforlag.no\/forlaget\/?s={search_term_string}\"},\"query-input\":{\"@type\":\"PropertyValueSpecification\",\"valueRequired\":true,\"valueName\":\"search_term_string\"}}],\"inLanguage\":\"nb-NO\"},{\"@type\":\"Organization\",\"@id\":\"https:\/\/staging.forenteforlag.no\/forlaget\/#organization\",\"name\":\"Forlaget Press\",\"url\":\"https:\/\/staging.forenteforlag.no\/forlaget\/\",\"logo\":{\"@type\":\"ImageObject\",\"inLanguage\":\"nb-NO\",\"@id\":\"https:\/\/staging.forenteforlag.no\/forlaget\/#\/schema\/logo\/image\/\",\"url\":\"https:\/\/staging.forenteforlag.no\/forlaget\/wp-content\/uploads\/sites\/3\/2024\/09\/Press_logo.svg\",\"contentUrl\":\"https:\/\/staging.forenteforlag.no\/forlaget\/wp-content\/uploads\/sites\/3\/2024\/09\/Press_logo.svg\",\"width\":100,\"height\":100,\"caption\":\"Forlaget Press\"},\"image\":{\"@id\":\"https:\/\/staging.forenteforlag.no\/forlaget\/#\/schema\/logo\/image\/\"},\"sameAs\":[\"https:\/\/www.facebook.com\/Forlagetpress\"]}]}<\/script>\n<!-- \/ Yoast SEO plugin. -->","yoast_head_json":{"title":"Stjernenes knitring - Forlaget Press","robots":{"index":"noindex","follow":"follow","max-snippet":"max-snippet:-1","max-image-preview":"max-image-preview:large","max-video-preview":"max-video-preview:-1"},"og_locale":"nb_NO","og_type":"article","og_title":"Stjernenes knitring - Forlaget Press","og_description":"\u00c5 v\u00e6re sju \u00e5r gammel og miste moren sin. \u00c5 v\u00e6re sju \u00e5r gammel p\u00e5 gulvet sammen med lekesoldatene, en hel verden alene, ingenting annet finnes. \u00c5 v\u00e6re sju \u00e5r gammel og bo i en liten leilighet i Reykjavik sammen faren sin, han sier ikke mye, men han er der. \u00c5 v\u00e6re sju \u00e5r gammel [&hellip;]","og_url":"https:\/\/staging.forenteforlag.no\/forlaget\/produkt\/stjernenes-knitring-2\/","og_site_name":"Forlaget Press","article_publisher":"https:\/\/www.facebook.com\/Forlagetpress","article_modified_time":"2026-03-03T17:46:27+00:00","og_image":[{"width":720,"height":1052,"url":"https:\/\/staging.forenteforlag.no\/forlaget\/wp-content\/uploads\/sites\/3\/2026\/02\/9788232804030.jpg","type":"image\/jpeg"}],"twitter_card":"summary_large_image","twitter_misc":{"Ansl. lesetid":"1 minutt"},"schema":{"@context":"https:\/\/schema.org","@graph":[{"@type":"WebPage","@id":"https:\/\/staging.forenteforlag.no\/forlaget\/produkt\/stjernenes-knitring-2\/","url":"https:\/\/staging.forenteforlag.no\/forlaget\/produkt\/stjernenes-knitring-2\/","name":"Stjernenes knitring - Forlaget Press","isPartOf":{"@id":"https:\/\/staging.forenteforlag.no\/forlaget\/#website"},"primaryImageOfPage":{"@id":"https:\/\/staging.forenteforlag.no\/forlaget\/produkt\/stjernenes-knitring-2\/#primaryimage"},"image":{"@id":"https:\/\/staging.forenteforlag.no\/forlaget\/produkt\/stjernenes-knitring-2\/#primaryimage"},"thumbnailUrl":"https:\/\/staging.forenteforlag.no\/forlaget\/wp-content\/uploads\/sites\/3\/2026\/02\/9788232804030.jpg","datePublished":"2021-05-25T00:00:00+00:00","dateModified":"2026-03-03T17:46:27+00:00","breadcrumb":{"@id":"https:\/\/staging.forenteforlag.no\/forlaget\/produkt\/stjernenes-knitring-2\/#breadcrumb"},"inLanguage":"nb-NO","potentialAction":[{"@type":"ReadAction","target":["https:\/\/staging.forenteforlag.no\/forlaget\/produkt\/stjernenes-knitring-2\/"]}]},{"@type":"ImageObject","inLanguage":"nb-NO","@id":"https:\/\/staging.forenteforlag.no\/forlaget\/produkt\/stjernenes-knitring-2\/#primaryimage","url":"https:\/\/staging.forenteforlag.no\/forlaget\/wp-content\/uploads\/sites\/3\/2026\/02\/9788232804030.jpg","contentUrl":"https:\/\/staging.forenteforlag.no\/forlaget\/wp-content\/uploads\/sites\/3\/2026\/02\/9788232804030.jpg","width":720,"height":1052},{"@type":"BreadcrumbList","@id":"https:\/\/staging.forenteforlag.no\/forlaget\/produkt\/stjernenes-knitring-2\/#breadcrumb","itemListElement":[{"@type":"ListItem","position":1,"name":"Hjem","item":"https:\/\/staging.forenteforlag.no\/forlaget\/"},{"@type":"ListItem","position":2,"name":"Alle b\u00f8ker","item":"https:\/\/staging.forenteforlag.no\/forlaget\/butikk\/"},{"@type":"ListItem","position":3,"name":"Stjernenes knitring"}]},{"@type":"WebSite","@id":"https:\/\/staging.forenteforlag.no\/forlaget\/#website","url":"https:\/\/staging.forenteforlag.no\/forlaget\/","name":"Forlaget Press","description":"","publisher":{"@id":"https:\/\/staging.forenteforlag.no\/forlaget\/#organization"},"potentialAction":[{"@type":"SearchAction","target":{"@type":"EntryPoint","urlTemplate":"https:\/\/staging.forenteforlag.no\/forlaget\/?s={search_term_string}"},"query-input":{"@type":"PropertyValueSpecification","valueRequired":true,"valueName":"search_term_string"}}],"inLanguage":"nb-NO"},{"@type":"Organization","@id":"https:\/\/staging.forenteforlag.no\/forlaget\/#organization","name":"Forlaget Press","url":"https:\/\/staging.forenteforlag.no\/forlaget\/","logo":{"@type":"ImageObject","inLanguage":"nb-NO","@id":"https:\/\/staging.forenteforlag.no\/forlaget\/#\/schema\/logo\/image\/","url":"https:\/\/staging.forenteforlag.no\/forlaget\/wp-content\/uploads\/sites\/3\/2024\/09\/Press_logo.svg","contentUrl":"https:\/\/staging.forenteforlag.no\/forlaget\/wp-content\/uploads\/sites\/3\/2024\/09\/Press_logo.svg","width":100,"height":100,"caption":"Forlaget Press"},"image":{"@id":"https:\/\/staging.forenteforlag.no\/forlaget\/#\/schema\/logo\/image\/"},"sameAs":["https:\/\/www.facebook.com\/Forlagetpress"]}]}},"_links":{"self":[{"href":"https:\/\/staging.forenteforlag.no\/forlaget\/wp-json\/wp\/v2\/product\/22344","targetHints":{"allow":["GET"]}}],"collection":[{"href":"https:\/\/staging.forenteforlag.no\/forlaget\/wp-json\/wp\/v2\/product"}],"about":[{"href":"https:\/\/staging.forenteforlag.no\/forlaget\/wp-json\/wp\/v2\/types\/product"}],"wp:featuredmedia":[{"embeddable":true,"href":"https:\/\/staging.forenteforlag.no\/forlaget\/wp-json\/wp\/v2\/media\/26437"}],"wp:attachment":[{"href":"https:\/\/staging.forenteforlag.no\/forlaget\/wp-json\/wp\/v2\/media?parent=22344"}],"wp:term":[{"taxonomy":"product_brand","embeddable":true,"href":"https:\/\/staging.forenteforlag.no\/forlaget\/wp-json\/wp\/v2\/product_brand?post=22344"},{"taxonomy":"product_cat","embeddable":true,"href":"https:\/\/staging.forenteforlag.no\/forlaget\/wp-json\/wp\/v2\/product_cat?post=22344"},{"taxonomy":"product_tag","embeddable":true,"href":"https:\/\/staging.forenteforlag.no\/forlaget\/wp-json\/wp\/v2\/product_tag?post=22344"}],"curies":[{"name":"wp","href":"https:\/\/api.w.org\/{rel}","templated":true}]}}